{"text_format":"1","workbook":"xlsx","n_sheets":16,"sheets":["Instructions","DataEntryPaste","DataEntryValues","MonthDist","Summary","OptimizationTrend","Turb LogProfile","LRV PD Trend","MaxSed","SedSum(1-4)","MaxFilter","TurbSum(1-12)","LRVSum(1-12)","PDSum(1-12)","LT-Trend","AllDataSort"],"not_rendered":{"charts":55,"images":0,"macros":1,"external_links":0,"defined_names":147,"comments":5,"pivot_tables":0},"unopened":[{"sheet":"Turb LogProfile","index":6,"reason":"not_a_worksheet"},{"sheet":"MaxSed","index":8,"reason":"not_a_worksheet"},{"sheet":"MaxFilter","index":10,"reason":"not_a_worksheet"}],"bounds":{"document_bytes":16777216,"sheet_cells":100000,"rows_first":2000,"rows_last":500,"rows_between":2000,"halvings":0,"cell_chars":16384,"cell_head_chars":4096},"cells_cut":0,"cells_raw":0,"read":"whole","date_system":"1900"}

{"sheet":"Instructions","index":0,"n_rows":88,"n_cols":6,"rows_kept":88,"cut":false,"hidden":false,"merged":[]}
[null,"Membrane Optimization Assessment Software"]
[null,"Instructions"]
["Entering data from another spreadsheet (copy/pasting):"]
["1.","When entering data sets from another spreadsheet, use the DataEntryPaste worksheet.  This will"]
[null,"reduce problems that could occur due to formatting differences.  "]
["2.","Before entering new data, you should clear the data entry area of any pre-existing data.  This can be"]
[null,"performed by clicking on the CLEAR button."]
["3.","After the data is entered, click the TRANSFER button to transfer the data to the database"]
[null,"i.e., Data Entry Values worksheet."]
[null,"Warning! The transfer button replaces all values in the Data Entry Values worksheet."]
["4.","Go to the DataEntryValues worksheet and enter the plant name and performance goals."]
["5.","Click the UPDATE button to develop the Summary and Optimization Trend Reports."]
[]
["Entering individual data from plant records:"]
["1.","When entering daily data from plant records, use the DataEntryValues worksheet."]
["2.","Before entering new data, you should clear the database of any pre-existing data.  This can be "]
[null,"performed by clicking on the CLEAR button."]
["3.","After data is entered, click on the UPDATE button to develop the Summary and Optimization Trend"]
[null,"Reports."]
[]
[]
[]
[]
[]
["Hiding columns in DataEntryValues worksheet:"]
["1.","If sedimentation columns are not needed, these columns can be hidden."]
["2.","To hide columns, the worksheet must first be unprotected by going to the Review and Unprotect Sheet."]
[null,"After this is done, select the columns to be hidden, right-click the mouse and select Hide."]
[null,"The width of the system name column may need to be adjusted to see the system information."]
[null,{"$f":"B1","v":"Membrane Optimization Assessment Software"}]
[null,"FILE:","Turb-opt10Membrane.xlsm"]
[null,"AUTHOR:","L. DeMers, K. Rakness, B. Hegg"]
[null,"COMPANY:","Process Applications, Inc."]
[null,"PURPOSE:","To assess particulate removal in surface water treatment plants"]
[]
[null,"DATE MODIFIED:",null,"MODIFICATIONS & BY WHOM:"]
[null,"1999-04-15","LDD initiated program development."]
[null,"1999-05-26","LDD modified program to include individual sedimentation and filter graphs."]
[null,"1999-05-27","LDD modified program to indicate \"out of range\" warning for filter turbidity data entry."]
[null,"1999-07-23","LDD initiated program modifications to use percentile calculation."]
[null,"1999-09-23","LDD added column for combined filter effluent turbidity."]
[null,null,"Modifications also made to use percentile calculations."]
[null,"1999-09-25","LDD modified program to include optimization goal tracking features.",null,null,"s"]
[null,"1999-11-24","LDD added worst filter cell conditions and screen hide during macro."]
[null,"1999-11-28","LDD added worst sed basin cell conditions."]
[null,"1999-12-16","LDD corrected 95% calc. error in max. sed. and filter columns."]
[null,null,"LDD modified to data input to allow up to 12 filters."]
[null,"1999-12-17","LDD modified annual statistics to exclude STDEV and include % time meeting reg."]
[null,null,"requirement."]
[null,"2000-03-03","LDD fixed y-axis on individual sed and filter graphs"]
[null,"2000-05-13","LDD corrected Leap Year problem (temporary fix until modifications to account for both"]
[null,null,"Leap Year and non-Leap year data input is completed)."]
[null,"2000-06-08","LDD/KLR corrected Leap Year problem to allow data input for both Leap Year and non "]
[null,null,"Leap Year data."]
[null,"2000-11-28","LDD corrected error in max filter turbidity calc on DataEntryValues worksheet.  Saved"]
[null,null,"as turb-opt23p.xls."]
[null,"2001-03-27","LDD corrected error in max settled water graph to plot the max value from four sed"]
[null,null,"basins (versus the value from sed basin 1).  Also corrected date range in same graph."]
[null,null,"Saved as turb-opt24a.xls."]
[null,"2001-04-18","LDD added \"Yes/No\" step to clear macros.  Changed color of macro buttons."]
[null,"2002-08-23","LDD added LT-Trend worksheet to support LT Trend companion spreadsheet."]
[null,null,"Corrected y-axis lable on MaxFilter chart.  Saved as turb-opt26a.xls."]
[null,"2003-04-20","LDD added data entry cell for public water system number."]
[null,"2003-04-20","LDD added annual calculations for individual basin/filter 95th % and % values meeting"]
[null,null,"goal calculations.  Saved as turb-opt27.xls."]
[null,"2007-01-04","LDD completed program modifications to include turbidity data for up to 36 filters."]
[null,"2007-01-31","LDD corrected chart error on optimization trend worksheet.  Modified sed basin input"]
[null,null,"to include up to 8 basins.  Added input for system name."]
[null,null,"Changed combined filter turbidity RSQ datasets to include max. filter turbidity and"]
[null,null,"combined turbidity."]
[null,"2007-02-05","LDD modified settled water optimization trend chart to include all available settled"]
[null,null,"water data instead of maximum settled water data.  Updated long-term trend table and"]
[null,null,"corrected error in copying filter data."]
[null,"2007-04-11","LDD corrected error in monthly summary table range name that caused incorrect"]
[null,null,"combined turbidity data."]
[null,"2011-06-22","LDD updated spreadsheet to Excel 2010 version (.xlsm file format)."]
[null,null,"Changed name to Turb-opt36filtersV5.xlsm."]
[null,"2014-06-29","LDD & WHD modified spreadsheet for membrane plants and included LRV and pressure"]
[null,null,"decay parameters for 12 membrane units."]
[null,"4/45/15","Membrane OAS v4 is current version."]
[null,"Model developed by: Process Applications, Inc. Fort Collins, CO 970-223-5787"]
[]
[]
[]
["Development Notes:"]
[]
["Change formulas in optimzation trend for % goal using frequency function."]
["Consider adding column for RSD, particles"]

{"sheet":"DataEntryPaste","index":1,"n_rows":380,"n_cols":43,"rows_kept":380,"cut":false,"hidden":false,"merged":[]}
[]
[]
[null,"Instruction to users:  Paste plant turbidity data sets into the data entry area below.  The "]
[null,"data entry area will hold 366 days of data.  Following data input, transfer data to the"]
[null,"database by clicking on the data TRANSFER button.  Go to the DataEntryValues "]
[null,"worksheet to enter the plant name and performance goals."]
[]
[]
[]
[]
[]
[]
["Data Entry Area for Posting Data Sets"]
["Date","Raw","Sed 1","Sed 2","Sed 3","Sed 4","T1 Turb","T2 Turb","T3 Turb","T4 Turb","T5 Turb","T6 Turb","T7 Turb","T8 Turb","T9 Turb","T10 Turb","T11 Turb","T12 Turb","CFE","T1 LRV","T2 LRV","T3 LRV","T4 LRV","T5 LRV","T6 LRV","T7 LRV","T8 LRV","T9 LRV","T10 LRV","T11 LRV","T12 LRV","T1 PD","T2 PD","T3 PD","T4 PD","T5 PD","T6 PD","T7 PD","T8 PD","T9 PD","T10 PD","T11 PD","T12 PD"]
["2010-06-01"]
[{"$f":"A15+1","v":"2010-06-02"}]
[{"$f":"A16+1","v":"2010-06-03"}]
["2010-06-04"]
["2010-06-05"]
["2010-06-06"]
["2010-06-07"]
["2010-06-08"]
["2010-06-09"]
["2010-06-10"]
["2010-06-11"]
["2010-06-12"]
["2010-06-13"]
["2010-06-14"]
["2010-06-15"]
["2010-06-16"]
["2010-06-17"]
["2010-06-18"]
["2010-06-19"]
["2010-06-20"]
["2010-06-21"]
["2010-06-22"]
["2010-06-23"]
["2010-06-24"]
["2010-06-25"]
["2010-06-26"]
["2010-06-27"]
["2010-06-28"]
["2010-06-29"]
["2010-06-30"]
["2010-07-01"]
["2010-07-02"]
["2010-07-03"]
["2010-07-04"]
["2010-07-05"]
["2010-07-06"]
["2010-07-07"]
["2010-07-08"]
["2010-07-09"]
["2010-07-10"]
["2010-07-11"]
["2010-07-12"]
["2010-07-13"]
["2010-07-14"]
["2010-07-15"]
["2010-07-16"]
["2010-07-17"]
["2010-07-18"]
["2010-07-19"]
["2010-07-20"]
["2010-07-21"]
["2010-07-22"]
["2010-07-23"]
["2010-07-24"]
["2010-07-25"]
["2010-07-26"]
["2010-07-27"]
["2010-07-28"]
["2010-07-29"]
["2010-07-30"]
["2010-07-31"]
["2010-08-01"]
["2010-08-02"]
["2010-08-03"]
["2010-08-04"]
["2010-08-05"]
[{"$f":"A80+1","v":"2010-08-06"}]
["2010-08-07"]
["2010-08-08"]
["2010-08-09"]
["2010-08-10"]
["2010-08-11"]
["2010-08-12"]
["2010-08-13"]
["2010-08-14"]
["2010-08-15"]
["2010-08-16"]
["2010-08-17"]
["2010-08-18"]
["2010-08-19"]
["2010-08-20"]
["2010-08-21"]
["2010-08-22"]
["2010-08-23"]
["2010-08-24"]
["2010-08-25"]
["2010-08-26"]
["2010-08-27"]
["2010-08-28"]
["2010-08-29"]
["2010-08-30"]
["2010-08-31"]
["2010-09-01"]
["2010-09-02"]
["2010-09-03"]
["2010-09-04"]
["2010-09-05"]
["2010-09-06"]
["2010-09-07"]
["2010-09-08"]
["2010-09-09"]
["2010-09-10"]
["2010-09-11"]
["2010-09-12"]
["2010-09-13"]
["2010-09-14"]
["2010-09-15"]
["2010-09-16"]
["2010-09-17"]
["2010-09-18"]
["2010-09-19"]
["2010-09-20"]
["2010-09-21"]
["2010-09-22"]
["2010-09-23"]
["2010-09-24"]
["2010-09-25"]
["2010-09-26"]
["2010-09-27"]
["2010-09-28"]
["2010-09-29"]
["2010-09-30"]
["2010-10-01"]
["2010-10-02"]
["2010-10-03"]
["2010-10-04"]
["2010-10-05"]
["2010-10-06"]
["2010-10-07"]
["2010-10-08"]
[{"$f":"A144+1","v":"2010-10-09"}]
["2010-10-10"]
["2010-10-11"]
["2010-10-12"]
["2010-10-13"]
["2010-10-14"]
["2010-10-15"]
["2010-10-16"]
["2010-10-17"]
["2010-10-18"]
["2010-10-19"]
["2010-10-20"]
["2010-10-21"]
["2010-10-22"]
["2010-10-23"]
["2010-10-24"]
["2010-10-25"]
["2010-10-26"]
["2010-10-27"]
["2010-10-28"]
["2010-10-29"]
["2010-10-30"]
["2010-10-31"]
["2010-11-01"]
["2010-11-02"]
["2010-11-03"]
["2010-11-04"]
["2010-11-05"]
["2010-11-06"]
["2010-11-07"]
["2010-11-08"]
["2010-11-09"]
["2010-11-10"]
["2010-11-11"]
["2010-11-12"]
["2010-11-13"]
["2010-11-14"]
["2010-11-15"]
["2010-11-16"]
["2010-11-17"]
["2010-11-18"]
["2010-11-19"]
["2010-11-20"]
["2010-11-21"]
["2010-11-22"]
["2010-11-23"]
["2010-11-24"]
["2010-11-25"]
["2010-11-26"]
["2010-11-27"]
["2010-11-28"]
["2010-11-29"]
["2010-11-30"]
["2010-12-01"]
["2010-12-02"]
["2010-12-03"]
["2010-12-04"]
["2010-12-05"]
["2010-12-06"]
["2010-12-07"]
["2010-12-08"]
["2010-12-09"]
["2010-12-10"]
["2010-12-11"]
[{"$f":"A208+1","v":"2010-12-12"}]
["2010-12-13"]
["2010-12-14"]
["2010-12-15"]
["2010-12-16"]
["2010-12-17"]
["2010-12-18"]
["2010-12-19"]
["2010-12-20"]
["2010-12-21"]
["2010-12-22"]
["2010-12-23"]
["2010-12-24"]
["2010-12-25"]
["2010-12-26"]
["2010-12-27"]
["2010-12-28"]
["2010-12-29"]
["2010-12-30"]
["2010-12-31"]
["2011-01-01"]
["2011-01-02"]
["2011-01-03"]
["2011-01-04"]
["2011-01-05"]
["2011-01-06"]
["2011-01-07"]
["2011-01-08"]
["2011-01-09"]
["2011-01-10"]
["2011-01-11"]
["2011-01-12"]
["2011-01-13"]
["2011-01-14"]
["2011-01-15"]
["2011-01-16"]
["2011-01-17"]
["2011-01-18"]
["2011-01-19"]
["2011-01-20"]
["2011-01-21"]
["2011-01-22"]
["2011-01-23"]
["2011-01-24"]
["2011-01-25"]
["2011-01-26"]
["2011-01-27"]
["2011-01-28"]
["2011-01-29"]
["2011-01-30"]
["2011-01-31"]
["2011-02-01"]
["2011-02-02"]
["2011-02-03"]
["2011-02-04"]
["2011-02-05"]
["2011-02-06"]
["2011-02-07"]
["2011-02-08"]
["2011-02-09"]
["2011-02-10"]
["2011-02-11"]
["2011-02-12"]
["2011-02-13"]
[{"$f":"A272+1","v":"2011-02-14"}]
["2011-02-15"]
["2011-02-16"]
["2011-02-17"]
["2011-02-18"]
["2011-02-19"]
["2011-02-20"]
["2011-02-21"]
["2011-02-22"]
["2011-02-23"]
["2011-02-24"]
["2011-02-25"]
["2011-02-26"]
["2011-02-27"]
["2011-02-28"]
["2011-03-01"]
["2011-03-02"]
["2011-03-03"]
["2011-03-04"]
["2011-03-05"]
["2011-03-06"]
["2011-03-07"]
["2011-03-08"]
["2011-03-09"]
["2011-03-10"]
["2011-03-11"]
["2011-03-12"]
["2011-03-13"]
["2011-03-14"]
["2011-03-15"]
["2011-03-16"]
["2011-03-17"]
["2011-03-18"]
["2011-03-19"]
["2011-03-20"]
["2011-03-21"]
["2011-03-22"]
["2011-03-23"]
["2011-03-24"]
["2011-03-25"]
["2011-03-26"]
["2011-03-27"]
["2011-03-28"]
["2011-03-29"]
["2011-03-30"]
["2011-03-31"]
["2011-04-01"]
["2011-04-02"]
["2011-04-03"]
["2011-04-04"]
["2011-04-05"]
["2011-04-06"]
["2011-04-07"]
["2011-04-08"]
["2011-04-09"]
["2011-04-10"]
["2011-04-11"]
["2011-04-12"]
["2011-04-13"]
["2011-04-14"]
["2011-04-15"]
["2011-04-16"]
["2011-04-17"]
["2011-04-18"]
[{"$f":"A336+1","v":"2011-04-19"}]
["2011-04-20"]
["2011-04-21"]
["2011-04-22"]
["2011-04-23"]
["2011-04-24"]
["2011-04-25"]
["2011-04-26"]
["2011-04-27"]
["2011-04-28"]
["2011-04-29"]
["2011-04-30"]
["2011-05-01"]
["2011-05-02"]
["2011-05-03"]
["2011-05-04"]
["2011-05-05"]
["2011-05-06"]
["2011-05-07"]
["2011-05-08"]
["2011-05-09"]
["2011-05-10"]
["2011-05-11"]
["2011-05-12"]
["2011-05-13"]
["2011-05-14"]
["2011-05-15"]
["2011-05-16"]
["2011-05-17"]
["2011-05-18"]
["2011-05-19"]
["2011-05-20"]
["2011-05-21"]
["2011-05-22"]
["2011-05-23"]
["2011-05-24"]
["2011-05-25"]
["2011-05-26"]
["2011-05-27"]
["2011-05-28"]
["2011-05-29"]
["2011-05-30"]
["2011-05-31"]
["2011-06-01"]

{"sheet":"DataEntryValues","index":2,"n_rows":383,"n_cols":62,"rows_kept":383,"cut":false,"hidden":false,"merged":[[8,6,8,9],[7,1,7,5],[8,1,8,5],[6,1,6,5],[5,1,5,5],[5,6,5,9],[6,6,6,9],[4,1,4,5],[3,1,3,5],[2,1,2,5],[1,1,1,5],[7,6,7,9],[1,6,1,9],[2,6,2,9],[3,6,3,9],[4,6,4,9]]}
[]
[null,"System Name",null,null,null,null,"Ontario Membrane WTP"]
[null,"Plant Name"]
[null,"PWS #"]
[null,"Max. settled water turbidity goal"]
[null,"Membrane turbidity optimization goal",null,null,null,null,0.05]
[null,"Plant turbidity regulaltion",null,null,null,null,0.15]
[null,"Membrane LRV goal",null,null,null,null,4]
[null,"Membrane pressure decay goal",null,null,null,null,2.5]
[null,"Instruction to users:  Input plant name and turbidity goals above.  Input start date"]
[null,"and turbidity data below.  The database will hold 366 days of data.  The turbidity data"]
[null,"entry cells will turn yellow if the value exceeds the process goal.  Following data"]
[null,"input, develop the reports by clicking the UPDATE button."]
[]
[]
["Data Entry Area"]
[null,"Raw","Sed 1","Sed 2","Sed 3","Sed 4","T1 Turb","T2 Turb","T3 Turb","T4 Turb","T5 Turb","T6 Turb","T7 Turb","T8 Turb","T9 Turb","T10 Turb","T11 Turb","T12 Turb","CFE","T1 LRV","T2 LRV","T3 LRV","T4 LRV","T5 LRV","T6 LRV","T7 LRV","T8 LRV","T9 LRV","T10 LRV","T11 LRV","T12 LRV","T1 PD","T2 PD","T3 PD","T4 PD","T5 PD","T6 PD","T7 PD","T8 PD","T9 PD","T10 PD","T11 PD","T12 PD",null,null,null,null,null,null,null,"Max Sed","MaxSedPlot","Sed Goal","Max Filter","MaxFilterPlot","Filter Goal","Min LRV","MinLRVplot","LRV Goal","Max PD","MaxPDplot","PD Goal"]
["2018-01-01",3.2136392593383789,null,null,null,null,1.701870933175087E-2,1.4866224490106106E-2,1.4524240046739578E-2,1.2411989271640778E-2,null,null,null,null,null,null,null,null,null,4.2208957672119141,4.2632665634155273,4.2208151817321777,4.9436783790588379,null,null,null,null,null,null,null,null,1.6234944661458333,1.8105255611359128,1.6182325090680802,0.62345733642578127,null,null,null,null,null,null,null,null,null,null,null,null,null,null,1,{"$f":"MAX(C18:F18)","v":0},null,{"$f":"$G$5","v":0},{"$f":"MAX(G18:R18)","v":1.701870933175087E-2},1.701870933175087E-2,{"$f":"$G$6","v":0.05},{"$f":"MIN(T18:AE18)","v":4.2208151817321777},4.2208151817321777,{"$f":"$G$8","v":4},{"$f":"MAX(AF18:AQ18)","v":1.8105255611359128},1.8105255611359128,{"$f":"$G$9","v":2.5}]
[{"$f":"A18+1","v":"2018-01-02"},0.35405349731445313,null,null,null,null,1.645544171333313E-2,1.5047274529933929E-2,2.7499496936798096E-2,1.8768860027194023E-2,null,null,null,null,null,null,null,null,null,4.2328948974609375,4.2597455978393555,4.2293195724487305,4.9436783790588379,null,null,null,null,null,null,null,null,1.55654609494093,1.8105255611359128,1.5835831191513563,0.62094573974609379,null,null,null,null,null,null,null,null,null,null,null,null,null,null,{"$f":"AX18+1","v":2},{"$f":"MAX(C19:F19)","v":0},null,0,{"$f":"MAX(G19:R19)","v":2.7499496936798096E-2},2.7499496936798096E-2,0.05,{"$f":"MIN(T19:AE19)","v":4.2293195724487305},4.2293195724487305,{"$f":"$G$8","v":4},{"$f":"MAX(AF19:AQ19)","v":1.8105255611359128},1.8105255611359128,{"$f":"$G$9","v":2.5}]
["2018-01-03",2.7006638050079346,null,null,null,null,1.8487226217985153E-2,1.9855160266160965E-2,1.687789149582386E-2,1.249245647341013E-2,null,null,null,null,null,null,null,null,null,4.2291116714477539,4.2597455978393555,4.2322173118591309,4.9440131187438965,null,null,null,null,null,null,null,null,1.5351033210754395,1.7794657277536916,1.5527408834882257,0.61006774902343752,null,null,null,null,null,null,null,null,null,null,null,null,null,null,3,0,null,0,1.9855160266160965E-2,1.9855160266160965E-2,0.05,4.2291116714477539,4.2291116714477539,4,1.7794657277536916,1.7794657277536916,2.5]
["2018-01-04",1.9814927577972412,null,null,null,null,1.8366524949669838E-2,1.48863410577178E-2,4.2043853551149368E-2,1.2432105839252472E-2,null,null,null,null,null,null,null,null,null,4.2291116714477539,4.2750048637390137,4.2000389099121094,4.9440131187438965,null,null,null,null,null,null,null,null,1.3996904086222692,1.7529885810718202,1.5527408834882257,0.57491912841796877,null,null,null,null,null,null,null,null,null,null,null,null,null,null,4,0,null,0,4.2043853551149368E-2,4.2043853551149368E-2,0.05,4.2000389099121094,4.2000389099121094,4,1.7529885810718202,1.7529885810718202,2.5]
["2018-01-05",1.4413598775863647,null,null,null,null,1.7903842031955719E-2,1.6193924471735954E-2,1.5630658715963364E-2,1.2291289865970612E-2,null,null,null,null,null,null,null,null,null,4.2580647468566895,4.2705855369567871,4.2000389099121094,4.9782500267028809,null,null,null,null,null,null,null,null,1.3996904086222692,1.741943359375,1.5642723670372598,0.57491912841796877,null,null,null,null,null,null,null,null,null,null,null,null,null,null,5,0,null,0,1.7903842031955719E-2,1.7903842031955719E-2,0.05,4.2000389099121094,4.2000389099121094,4,1.741943359375,1.741943359375,2.5]
["2018-01-06",1.2411988973617554,null,null,null,null,1.5570308081805706E-2,1.390062365680933E-2,2.3596860468387604E-2,1.2432105839252472E-2,null,null,null,null,null,null,null,null,null,4.2330808639526367,4.2667326927185059,4.2053232192993164,4.9576444625854492,null,null,null,null,null,null,null,null,1.5183433864427649,1.741943359375,1.5642723670372598,0.57826538085937496,null,null,null,null,null,null,null,null,null,null,null,null,null,null,6,0,null,0,2.3596860468387604E-2,2.3596860468387604E-2,0.05,4.2053232192993164,4.2053232192993164,4,1.741943359375,1.741943359375,2.5]
["2018-01-07",2.1746127605438232,null,null,null,null,2.0700059831142426E-2,2.1062159910798073E-2,1.8567692488431931E-2,1.4584589749574661E-2,null,null,null,null,null,null,null,null,null,4.2275934219360352,4.2637395858764648,4.1853747367858887,4.9576444625854492,null,null,null,null,null,null,null,null,1.5139797044836956,1.7523181799686316,1.621990418166257,0.58244934082031252,null,null,null,null,null,null,null,null,null,null,null,null,null,null,7,0,null,0,2.1062159910798073E-2,2.1062159910798073E-2,0.05,4.1853747367858887,4.1853747367858887,4,1.7523181799686316,1.7523181799686316,2.5]
["2018-01-08",4.6660633087158203,null,null,null,null,1.6133574768900871E-2,1.4363307505846024E-2,1.9593643024563789E-2,1.2814324349164963E-2,null,null,null,null,null,null,null,null,null,4.2275934219360352,4.2637395858764648,4.1853747367858887,4.959019660949707,null,null,null,null,null,null,null,null,1.5139797044836956,1.697089251349954,1.6110639299665179,0.58663482666015621,null,null,null,null,null,null,null,null,null,null,null,null,null,null,8,0,null,0,1.9593643024563789E-2,1.9593643024563789E-2,0.05,4.1853747367858887,4.1853747367858887,4,1.697089251349954,1.697089251349954,2.5]
["2018-01-09",0.51398110389709473,null,null,null,null,1.4846106991171837E-2,1.3437939807772636E-2,1.5248442068696022E-2,1.2371756136417389E-2,null,null,null,null,null,null,null,null,null,4.174921989440918,4.2477588653564453,4.170285701751709,4.890296459197998,null,null,null,null,null,null,null,null,1.5144354297268774,1.697089251349954,1.6110639299665179,0.58663482666015621,null,null,null,null,null,null,null,null,null,null,null,null,null,null,9,0,null,0,1.5248442068696022E-2,1.5248442068696022E-2,0.05,4.170285701751709,4.170285701751709,4,1.697089251349954,1.697089251349954,2.5]
["2018-01-10",2.0227317810058594,null,null,null,null,1.60329919308424E-2,1.1768256314098835E-2,1.8185475841164589E-2,1.2411989271640778E-2,null,null,null,null,null,null,null,null,null,4.1471304893493652,4.2373061180114746,4.1489520072937012,4.890296459197998,null,null,null,null,null,null,null,null,1.5876312255859375,1.7041385535037878,1.6281091381689745,0.62178344726562496,null,null,null,null,null,null,null,null,null,null,null,null,null,null,10,0,null,0,1.8185475841164589E-2,1.8185475841164589E-2,0.05,4.1471304893493652,4.1471304893493652,4,1.7041385535037878,1.7041385535037878,2.5]
["2018-01-11",0.15590424835681915,null,null,null,null,1.5670891851186752E-2,1.1506739072501659E-2,1.5570308081805706E-2,1.2230938300490379E-2,null,null,null,null,null,null,null,null,null,4.1471304893493652,4.2373061180114746,4.1452374458312988,4.8790292739868164,null,null,null,null,null,null,null,null,1.5871350518588363,1.7105632248320111,1.6204515752945354,0.62010803222656252,null,null,null,null,null,null,null,null,null,null,null,null,null,null,11,0,null,0,1.5670891851186752E-2,1.5670891851186752E-2,0.05,4.1452374458312988,4.1452374458312988,4,1.7105632248320111,1.7105632248320111,2.5]
["2018-01-12",1.8396701812744141,null,null,null,null,1.6837658360600471E-2,1.1526855640113354E-2,1.7179641872644424E-2,1.2512573041021824E-2,null,null,null,null,null,null,null,null,null,4.1315093040466309,4.2237486839294434,4.1452374458312988,4.8778200149536133,null,null,null,null,null,null,null,null,1.5871350518588363,1.7093163348258809,1.559777590307859,0.60588226318359373,null,null,null,null,null,null,null,null,null,null,null,null,null,null,12,0,null,0,1.7179641872644424E-2,1.7179641872644424E-2,0.05,4.1315093040466309,4.1315093040466309,4,1.7093163348258809,1.7093163348258809,2.5]
["2018-01-13",0.27358680963516235,null,null,null,null,1.6576141119003296E-2,1.3297122903168201E-2,1.462482288479805E-2,1.2210821732878685E-2,null,null,null,null,null,null,null,null,null,4.1260566711425781,4.221381664276123,4.1411266326904297,4.8423480987548828,null,null,null,null,null,null,null,null,1.6263450371040094,1.6783812082358422,1.559777590307859,0.60588226318359373,null,null,null,null,null,null,null,null,null,null,null,null,null,null,13,0,null,0,1.6576141119003296E-2,1.6576141119003296E-2,0.05,4.1260566711425781,4.1260566711425781,4,1.6783812082358422,1.6783812082358422,2.5]
["2018-01-14",0.18507342040538788,null,null,null,null,1.5610541217029095E-2,1.2090122327208519E-2,1.4926574192941189E-2,1.2331523001194E-2,null,null,null,null,null,null,null,null,null,4.1260566711425781,4.1823000907897949,4.0880951881408691,4.8415374755859375,null,null,null,null,null,null,null,null,1.5938617111346043,1.6783812082358422,1.5970672003113398,0.6544189453125,null,null,null,null,null,null,null,null,null,null,null,null,null,null,14,0,null,0,1.5610541217029095E-2,1.5610541217029095E-2,0.05,4.0880951881408691,4.0880951881408691,4,1.6783812082358422,1.6783812082358422,2.5]
["2018-01-15",0.4566485583782196,null,null,null,null,2.2591028362512589E-2,1.2251054868102074E-2,1.476564072072506E-2,1.2351639568805695E-2,null,null,null,null,null,null,null,null,null,4.0753049850463867,4.1767082214355469,4.0774021148681641,4.8318581581115723,null,null,null,null,null,null,null,null,1.4016464171621963,1.7761031441066577,1.6892044632523147,0.65860443115234379,null,null,null,null,null,null,null,null,null,null,null,null,null,null,15,0,null,0,2.2591028362512589E-2,2.2591028362512589E-2,0.05,4.0753049850463867,4.0753049850463867,4,1.7761031441066577,1.7761031441066577,2.5]
["2018-01-16",0.96258294582366943,null,null,null,null,1.5127740800380707E-2,1.1848722584545612E-2,4.1882921010255814E-2,1.3015490025281906E-2,null,null,null,null,null,null,null,null,null,4.1767172813415527,4.1767082214355469,4.0774021148681641,4.8316106796264648,null,null,null,null,null,null,null,null,1.4016464171621963,1.7268767804730663,1.4680604122144758,0.63349609375000004,null,null,null,null,null,null,null,null,null,null,null,null,null,null,16,0,null,0,4.1882921010255814E-2,4.1882921010255814E-2,0.05,4.0774021148681641,4.0774021148681641,4,1.7268767804730663,1.7268767804730663,2.5]
["2018-01-17",0.80768454074859619,null,null,null,null,2.2711727768182755E-2,1.7622208222746849E-2,1.4665056020021439E-2,1.319654006510973E-2,null,null,null,null,null,null,null,null,null,null,4.1805710792541504,4.1312389373779297,4.8120193481445313,null,null,null,null,null,null,null,null,-0.25104522705078125,1.7255343519491593,1.4680604122144758,0.63349609375000004,null,null,null,null,null,null,null,null,null,null,null,null,null,null,17,0,null,0,2.2711727768182755E-2,2.2711727768182755E-2,0.05,4.1312389373779297,4.1312389373779297,4,1.7255343519491593,1.7255343519491593,2.5]
["2018-01-18",1.6193923950195313,null,null,null,null,2.4763628840446472E-2,null,4.1963387280702591E-2,1.2572922743856907E-2,null,null,null,null,null,null,null,null,null,4.1351103782653809,4.1805710792541504,4.1579875946044922,4.7878713607788086,null,null,null,null,null,null,null,null,1.3925927609813455,1.7255343519491593,1.6816287068925666,0.66362457275390629,null,null,null,null,null,null,null,null,null,null,null,null,null,null,18,0,null,0,4.1963387280702591E-2,4.1963387280702591E-2,0.05,4.1351103782653809,4.1351103782653809,4,1.7255343519491593,1.7255343519491593,2.5]
["2018-01-19",0.63065779209136963,null,null,null,null,1.5167973935604095E-2,6.3266947865486145E-2,4.1359886527061462E-2,1.2774089351296425E-2,null,null,null,null,null,null,null,null,null,4.109349250793457,4.1484613418579102,4.220360279083252,4.7878713607788086,null,null,null,null,null,null,null,null,1.3925927609813455,1.7255343519491593,1.6830514704139488,0.65776824951171875,null,null,null,null,null,null,null,null,null,null,null,null,null,null,19,0,null,0,6.3266947865486145E-2,6.3266947865486145E-2,0.05,4.109349250793457,4.109349250793457,4,1.7255343519491593,1.7255343519491593,2.5]
["2018-01-20",0.85797625780105591,null,null,null,null,null,1.5952523797750473E-2,3.0919332057237625E-2,1.3297122903168201E-2,null,null,null,null,null,null,null,null,null,4.1004958152770996,4.1484613418579102,4.220360279083252,4.7911453247070313,null,null,null,null,null,null,null,null,1.5446938408745661,1.7127890030139594,1.5106654989308324,0.63349609375000004,null,null,null,null,null,null,null,null,null,null,null,null,null,null,20,0,null,0,3.0919332057237625E-2,3.0919332057237625E-2,0.05,4.1004958152770996,4.1004958152770996,4,1.7127890030139594,1.7127890030139594,2.5]
["2018-01-21",0.23134177923202515,null,null,null,null,3.8221687078475952E-2,1.6133574768900871E-2,2.7962179854512215E-2,null,null,null,null,null,null,null,null,null,null,4.1153669357299805,4.2593121528625488,4.2282423973083496,4.7911453247070313,null,null,null,null,null,null,null,null,1.5122030382958529,1.8530314309256417,1.5106654989308324,0.63349609375000004,null,null,null,null,null,null,null,null,null,null,null,null,null,null,21,0,null,0,3.8221687078475952E-2,3.8221687078475952E-2,0.05,4.1153669357299805,4.1153669357299805,4,1.8530314309256417,1.8530314309256417,2.5]
["2018-01-22",0.1247233971953392,null,null,null,null,2.4703279137611389E-2,1.5670891851186752E-2,3.5204183310270309E-2,1.3981089927256107E-2,null,null,null,null,null,null,null,null,null,4.2616338729858398,4.2451457977294922,4.1705093383789063,4.7262935638427734,null,null,null,null,null,null,null,null,1.5122030382958529,1.879203841531065,1.5123992035354394,0.63349609375000004,null,null,null,null,null,null,null,null,null,null,null,null,null,null,22,0,null,0,3.5204183310270309E-2,3.5204183310270309E-2,0.05,4.1705093383789063,4.1705093383789063,4,1.879203841531065,1.879203841531065,2.5]
["2018-01-23",18.265941619873047,null,null,null,null,2.737879753112793E-2,1.5691008418798447E-2,3.0718164518475533E-2,1.2995373457670212E-2,null,null,null,null,null,null,null,null,null,4.2616338729858398,4.2451457977294922,4.1705093383789063,4.8938088417053223,null,null,null,null,null,null,null,null,1.6042465209960939,1.8628651997041419,1.6753152700570912,0.713836669921875,null,null,null,null,null,null,null,null,null,null,null,null,null,null,23,0,null,0,3.0718164518475533E-2,3.0718164518475533E-2,0.05,4.1705093383789063,4.1705093383789063,4,1.8628651997041419,1.8628651997041419,2.5]
["2018-01-24",0.83383631706237793,null,null,null,null,3.2850533723831177E-2,2.0800644531846046E-2,2.4562463164329529E-2,1.3820157386362553E-2,null,null,null,null,null,null,null,null,null,4.228914737701416,4.2213034629821777,4.1303696632385254,4.881415843963623,null,null,null,null,null,null,null,null,1.5978545390913639,1.8574750745618667,1.6753152700570912,0.68873138427734371,null,null,null,null,null,null,null,null,null,null,null,null,null,null,24,0,null,0,3.2850533723831177E-2,3.2850533723831177E-2,0.05,4.1303696632385254,4.1303696632385254,4,1.8574750745618667,1.8574750745618667,2.5]
["2018-01-25",23.603902816772461,null,null,null,null,2.4280829355120659E-2,1.4805873855948448E-2,1.6918124631047249E-2,1.2814324349164963E-2,null,null,null,null,null,null,null,null,null,4.2115082740783691,4.2213034629821777,4.1303696632385254,4.8536233901977539,null,null,null,null,null,null,null,null,1.5880205072284317,1.8521603211661837,1.6876559787326388,0.68873138427734371,null,null,null,null,null,null,null,null,null,null,null,null,null,null,25,0,null,0,2.4280829355120659E-2,2.4280829355120659E-2,0.05,4.1303696632385254,4.1303696632385254,4,1.8521603211661837,1.8521603211661837,2.5]
["2018-01-26",1.7340574264526367,null,null,null,null,3.0175015330314636E-2,1.4242607168853283E-2,2.9692213982343674E-2,1.3277006335556507E-2,null,null,null,null,null,null,null,null,null,4.1915640830993652,4.234616756439209,4.1336216926574707,4.8529267311096191,null,null,null,null,null,null,null,null,1.5880205072284317,1.8322926726789106,1.6876559787326388,0.70630340576171879,null,null,null,null,null,null,null,null,null,null,null,null,null,null,26,0,null,0,3.0175015330314636E-2,3.0175015330314636E-2,0.05,4.1336216926574707,4.1336216926574707,4,1.8322926726789106,1.8322926726789106,2.5]
["2018-01-27",0.34097766876220703,null,null,null,null,2.8022533282637596E-2,2.1927177906036377E-2,3.6230135709047318E-2,1.2411989271640778E-2,null,null,null,null,null,null,null,null,null,4.1915640830993652,4.213904857635498,4.1336216926574707,4.8371396064758301,null,null,null,null,null,null,null,null,1.5624939767937911,1.8322926726789106,1.6946252187093098,0.71467437744140627,null,null,null,null,null,null,null,null,null,null,null,null,null,null,27,0,null,0,3.6230135709047318E-2,3.6230135709047318E-2,0.05,4.1336216926574707,4.1336216926574707,4,1.8322926726789106,1.8322926726789106,2.5]
["2018-01-28",0.30677929520606995,null,null,null,null,3.914705291390419E-2,1.5570308081805706E-2,2.723797969520092E-2,1.3075839728116989E-2,null,null,null,null,null,null,null,null,null,4.210425853729248,4.2130985260009766,4.1415691375732422,4.8228282928466797,null,null,null,null,null,null,null,null,1.5624939767937911,1.8617621432529408,1.6946274893624442,0.71467437744140627,null,null,null,null,null,null,null,null,null,null,null,null,null,null,28,0,null,0,3.914705291390419E-2,3.914705291390419E-2,0.05,4.1415691375732422,4.1415691375732422,4,1.8617621432529408,1.8617621432529408,2.5]
["2018-01-29",0.39931604266166687,null,null,null,null,3.1402133405208588E-2,1.9231542944908142E-2,2.3938845843076706E-2,1.2593039311468601E-2,null,null,null,null,null,null,null,null,null,4.210425853729248,4.2130985260009766,4.1415691375732422,4.8228282928466797,null,null,null,null,null,null,null,null,1.6237458186363107,1.844358257218903,1.6516836065995066,0.68036193847656246,null,null,null,null,null,null,null,null,null,null,null,null,null,null,29,0,null,0,3.1402133405208588E-2,3.1402133405208588E-2,0.05,4.1415691375732422,4.1415691375732422,4,1.844358257218903,1.844358257218903,2.5]
["2018-01-30",0.99476969242095947,null,null,null,null,2.9028365388512611E-2,1.4282840304076672E-2,2.6051096618175507E-2,1.2995373457670212E-2,null,null,null,null,null,null,null,null,null,4.2042026519775391,4.2204747200012207,4.1561532020568848,4.8514261245727539,null,null,null,null,null,null,null,null,1.6237458186363107,1.8362941196986606,1.6516836065995066,0.68036193847656246,null,null,null,null,null,null,null,null,null,null,null,null,null,null,30,0,null,0,2.9028365388512611E-2,2.9028365388512611E-2,0.05,4.1561532020568848,4.1561532020568848,4,1.8362941196986606,1.8362941196986606,2.5]
["2018-01-31",11.077248573303223,null,null,null,null,3.48823182284832E-2,1.7199758440256119E-2,4.0032185614109039E-2,1.2613155879080296E-2,null,null,null,null,null,null,null,null,null,4.2034749984741211,4.2378749847412109,4.145841121673584,4.8483700752258301,null,null,null,null,null,null,null,null,1.5948028564453125,1.8279604525179476,1.6921873216505174,0.69207916259765623,null,null,null,null,null,null,null,null,null,null,null,null,null,null,31,0,null,0,4.0032185614109039E-2,4.0032185614109039E-2,0.05,4.145841121673584,4.145841121673584,4,1.8279604525179476,1.8279604525179476,2.5]
["2018-02-01",1.0249446630477905,null,null,null,null,3.1382016837596893E-2,2.4260710924863815E-2,3.0114665627479553E-2,1.3337356969714165E-2,null,null,null,null,null,null,null,null,null,4.1758689880371094,4.2378749847412109,4.1413249969482422,4.8268399238586426,null,null,null,null,null,null,null,null,1.5948028564453125,1.8017780451484806,1.6783565945095487,0.70546722412109375,null,null,null,null,null,null,null,null,null,null,null,null,null,null,32,0,null,0,3.1382016837596893E-2,3.1382016837596893E-2,0.05,4.1413249969482422,4.1413249969482422,4,1.8017780451484806,1.8017780451484806,2.5]
["2018-02-02",3.6089320182800293,null,null,null,null,5.9806879609823227E-2,1.3216656632721424E-2,3.4661032259464264E-2,1.2613155879080296E-2,null,null,null,null,null,null,null,null,null,4.1758689880371094,4.2411112785339355,4.1413249969482422,4.8214383125305176,null,null,null,null,null,null,null,null,1.5506402615508343,1.7387407575334821,1.6783565945095487,0.70546722412109375,null,null,null,null,null,null,null,null,null,null,null,null,null,null,33,0,null,0,5.9806879609823227E-2,5.9806879609823227E-2,0.05,4.1413249969482422,4.1413249969482422,4,1.7387407575334821,1.7387407575334821,2.5]
["2018-02-03",6.0128746032714844,null,null,null,null,3.0657816678285599E-2,1.973445899784565E-2,3.0939448624849319E-2,1.2834440916776657E-2,null,null,null,null,null,null,null,null,null,4.2021217346191406,4.2161660194396973,4.1283988952636719,4.8178868293762207,null,null,null,null,null,null,null,null,1.5506402615508343,1.7387407575334821,1.6856633400430485,0.70881500244140627,null,null,null,null,null,null,null,null,null,null,null,null,null,null,34,0,null,0,3.0939448624849319E-2,3.0939448624849319E-2,0.05,4.1283988952636719,4.1283988952636719,4,1.7387407575334821,1.7387407575334821,2.5]
["2018-02-04",3.0406358242034912,null,null,null,null,3.55864018201828E-2,1.6495674848556519E-2,2.6232145726680756E-2,1.2472339905798435E-2,null,null,null,null,null,null,null,null,null,4.1826372146606445,4.2161660194396973,4.1283988952636719,4.8178868293762207,null,null,null,null,null,null,null,null,1.6012134108432503,1.7976685386290525,1.669300815515351,0.69626007080078123,null,null,null,null,null,null,null,null,null,null,null,null,null,null,35,0,null,0,3.55864018201828E-2,3.55864018201828E-2,0.05,4.1283988952636719,4.1283988952636719,4,1.7976685386290525,1.7976685386290525,2.5]
["2018-02-05",15.145845413208008,null,null,null,null,3.1764231622219086E-2,3.9428684860467911E-2,3.3594850450754166E-2,2.0800644531846046E-2,null,null,null,null,null,null,null,null,null,4.173316478729248,4.2145037651062012,4.1307787895202637,4.8620138168334961,null,null,null,null,null,null,null,null,1.6012134108432503,1.7976685386290525,1.669300815515351,0.69207763671875,null,null,null,null,null,null,null,null,null,null,null,null,null,null,36,0,null,0,3.9428684860467911E-2,3.9428684860467911E-2,0.05,4.1307787895202637,4.1307787895202637,4,1.7976685386290525,1.7976685386290525,2.5]
["2018-02-06",0.51800441741943359,null,null,null,null,3.4801851958036423E-2,1.5670891851186752E-2,2.4381410330533981E-2,1.2432105839252472E-2,null,null,null,null,null,null,null,null,null,4.173316478729248,4.2067856788635254,4.1307787895202637,4.8485217094421387,null,null,null,null,null,null,null,null,1.6043361864591899,1.8209491198575951,1.6747859831779233,0.69207763671875,null,null,null,null,null,null,null,null,null,null,null,null,null,null,37,0,null,0,3.4801851958036423E-2,3.4801851958036423E-2,0.05,4.1307787895202637,4.1307787895202637,4,1.8209491198575951,1.8209491198575951,2.5]
["2018-02-07",0.30879098176956177,null,null,null,null,1.8004424870014191E-2,1.3156306929886341E-2,1.5167973935604095E-2,1.2472339905798435E-2,null,null,null,null,null,null,null,null,null,4.1884779930114746,4.1956253051757813,4.1040554046630859,4.8485217094421387,null,null,null,null,null,null,null,null,1.6009209211482558,1.8558472278071385,1.6747859831779233,0.69793701171875,null,null,null,null,null,null,null,null,null,null,null,null,null,null,38,0,null,0,1.8004424870014191E-2,1.8004424870014191E-2,0.05,4.1040554046630859,4.1040554046630859,4,1.8558472278071385,1.8558472278071385,2.5]
["2018-02-08",0.59545361995697021,null,null,null,null,5.1277410238981247E-2,1.448400691151619E-2,2.5890162214636803E-2,1.2311406433582306E-2,null,null,null,null,null,null,null,null,null,4.1750984191894531,4.1956253051757813,4.1040554046630859,4.8108811378479004,null,null,null,null,null,null,null,null,1.547232925622172,1.7845335264463682,1.716846916246118,0.69793701171875,null,null,null,null,null,null,null,null,null,null,null,null,null,null,39,0,null,0,5.1277410238981247E-2,5.1277410238981247E-2,0.05,4.1040554046630859,4.1040554046630859,4,1.7845335264463682,1.7845335264463682,2.5]
["2018-02-09",0.28867429494857788,null,null,null,null,3.9649970829486847E-2,1.3880507089197636E-2,3.1060148030519485E-2,1.2693623080849648E-2,null,null,null,null,null,null,null,null,null,4.1702117919921875,4.2166390419006348,4.1140222549438477,4.8108811378479004,null,null,null,null,null,null,null,null,1.547232925622172,1.7845335264463682,1.6919002177552407,0.69207916259765623,null,null,null,null,null,null,null,null,null,null,null,null,null,null,40,0,null,0,3.9649970829486847E-2,3.9649970829486847E-2,0.05,4.1140222549438477,4.1140222549438477,4,1.7845335264463682,1.7845335264463682,2.5]
["2018-02-10",0.91229128837585449,null,null,null,null,4.1380003094673157E-2,2.1082276478409767E-2,4.3029569089412689E-2,1.2633273378014565E-2,null,null,null,null,null,null,null,null,null,4.1565966606140137,4.2352719306945801,4.1240029335021973,4.8243842124938965,null,null,null,null,null,null,null,null,1.6265764738384045,1.7332278980928311,1.5904403686523436,0.69207916259765623,null,null,null,null,null,null,null,null,null,null,null,null,null,null,41,0,null,0,4.3029569089412689E-2,4.3029569089412689E-2,0.05,4.1240029335021973,4.1240029335021973,4,1.7332278980928311,1.7332278980928311,2.5]
["2018-02-11",0.3319251537322998,null,null,null,null,3.9609737694263458E-2,1.3498290441930294E-2,3.8463085889816284E-2,1.2411989271640778E-2,null,null,null,null,null,null,null,null,null,4.1565966606140137,4.2035131454467773,4.1162910461425781,4.8243842124938965,null,null,null,null,null,null,null,null,1.545135498046875,1.7332278980928311,1.5904403686523436,0.67952575683593752,null,null,null,null,null,null,null,null,null,null,null,null,null,null,42,0,null,0,3.9609737694263458E-2,3.9609737694263458E-2,0.05,4.1162910461425781,4.1162910461425781,4,1.7332278980928311,1.7332278980928311,2.5]
["2018-02-12",0.2836451530456543,null,null,null,null,5.2464291453361511E-2,1.3920740224421024E-2,2.639308013021946E-2,1.2673506513237953E-2,null,null,null,null,null,null,null,null,null,4.1625819206237793,4.1732816696166992,4.1052341461181641,4.8165245056152344,null,null,null,null,null,null,null,null,1.545135498046875,1.8394690293532152,1.7223954634232954,0.67952575683593752,null,null,null,null,null,null,null,null,null,null,null,null,null,null,43,0,null,0,5.2464291453361511E-2,5.2464291453361511E-2,0.05,4.1052341461181641,4.1052341461181641,4,1.8394690293532152,1.8394690293532152,2.5]
["2018-02-13",0.36210018396377563,null,null,null,null,3.9307985454797745E-2,1.5550191514194012E-2,2.3174410685896873E-2,1.2411989271640778E-2,null,null,null,null,null,null,null,null,null,4.1625819206237793,4.1649308204650879,4.1052341461181641,4.8134098052978516,null,null,null,null,null,null,null,null,1.6125542776925224,1.8957317118742028,1.6361103887143342,0.73559417724609377,null,null,null,null,null,null,null,null,null,null,null,null,null,null,44,0,null,0,3.9307985454797745E-2,3.9307985454797745E-2,0.05,4.1052341461181641,4.1052341461181641,4,1.8957317118742028,1.8957317118742028,2.5]
["2018-02-14",6.155703067779541,null,null,null,null,4.2426072061061859E-2,1.730034127831459E-2,4.0877088904380798E-2,2.0237376913428307E-2,null,null,null,null,null,null,null,null,null,4.1417841911315918,4.1649308204650879,4.0931901931762695,4.8081722259521484,null,null,null,null,null,null,null,null,1.6125542776925224,1.8578160603841147,1.6361103887143342,0.71634674072265625,null,null,null,null,null,null,null,null,null,null,null,null,null,null,45,0,null,0,4.2426072061061859E-2,4.2426072061061859E-2,0.05,4.0931901931762695,4.0931901931762695,4,1.8578160603841147,1.8578160603841147,2.5]
["2018-02-15",2.1444375514984131,null,null,null,null,6.1355862766504288E-2,2.4683162569999695E-2,4.4135991483926773E-2,5.3289078176021576E-2,null,null,null,null,null,null,null,null,null,4.1176900863647461,4.1849026679992676,4.0874919891357422,4.8081722259521484,null,null,null,null,null,null,null,null,1.6472786351254112,1.8564481151347259,1.7129024071029471,0.71383514404296877,null,null,null,null,null,null,null,null,null,null,null,null,null,null,46,0,null,0,6.1355862766504288E-2,6.1355862766504288E-2,0.05,4.0874919891357422,4.0874919891357422,4,1.8564481151347259,1.8564481151347259,2.5]
["2018-02-16",0.73526453971862793,null,null,null,null,2.8706498444080353E-2,2.0901227369904518E-2,1.3458056375384331E-2,2.6232145726680756E-2,null,null,null,null,null,null,null,null,null,4.1176900863647461,4.1809840202331543,4.0874919891357422,4.7984552383422852,null,null,null,null,null,null,null,null,1.6135954521071743,1.8511215209960936,1.7129024071029471,0.71383514404296877,null,null,null,null,null,null,null,null,null,null,null,null,null,null,47,0,null,0,2.8706498444080353E-2,2.8706498444080353E-2,0.05,4.0874919891357422,4.0874919891357422,4,1.8511215209960936,1.8511215209960936,2.5]
["2018-02-17",0.37014684081077576,null,null,null,null,2.3295111954212189E-2,1.9191309809684753E-2,4.4739488512277603E-2,2.4401528760790825E-2,null,null,null,null,null,null,null,null,null,4.1423263549804688,4.1809840202331543,4.0913076400756836,4.7777547836303711,null,null,null,null,null,null,null,null,1.4736880315258898,1.6179171475497161,1.6305822255660078,0.72387847900390623,null,null,null,null,null,null,null,null,null,null,null,null,null,null,48,0,null,0,4.4739488512277603E-2,4.4739488512277603E-2,0.05,4.0913076400756836,4.0913076400756836,4,1.6305822255660078,1.6305822255660078,2.5]
["2018-02-18",3.7577953338623047,null,null,null,null,null,2.3898612707853317E-2,2.6513779535889626E-2,2.5950513780117035E-2,null,null,null,null,null,null,null,null,null,4.1424436569213867,4.2276430130004883,4.126528263092041,4.7777547836303711,null,null,null,null,null,null,null,null,1.4736880315258898,1.6179171475497161,1.6305822255660078,0.73057403564453127,null,null,null,null,null,null,null,null,null,null,null,null,null,null,49,0,null,0,2.6513779535889626E-2,2.6513779535889626E-2,0.05,4.126528263092041,4.126528263092041,4,1.6305822255660078,1.6305822255660078,2.5]
["2018-02-19",1.1003822088241577,null,null,null,null,2.1021926775574684E-2,null,2.442164346575737E-2,2.4039428681135178E-2,null,null,null,null,null,null,null,null,null,4.1424436569213867,4.2124323844909668,4.2222986221313477,4.7807793617248535,null,null,null,null,null,null,null,null,1.5598806950718305,1.6682670593261719,1.6305833933304765,0.72806243896484379,null,null,null,null,null,null,null,null,null,null,null,null,null,null,50,0,null,0,2.442164346575737E-2,2.442164346575737E-2,0.05,4.1424436569213867,4.1424436569213867,4,1.6682670593261719,1.6682670593261719,2.5]
["2018-02-20",2.7439146041870117,null,null,null,null,1.4363307505846024E-2,3.9328102022409439E-2,6.8678334355354309E-2,2.212834358215332E-2,null,null,null,null,null,null,null,null,null,4.2462754249572754,4.1414456367492676,4.2004671096801758,4.7785592079162598,null,null,null,null,null,null,null,null,1.7290878295898438,1.6682670593261719,1.7560650053478424,0.72806243896484379,null,null,null,null,null,null,null,null,null,null,null,null,null,null,51,0,null,0,6.8678334355354309E-2,6.8678334355354309E-2,0.05,4.1414456367492676,4.1414456367492676,4,1.7560650053478424,1.7560650053478424,2.5]
["2018-02-21",0.67189699411392212,null,null,null,null,1.6656609252095222E-2,1.6556024551391602E-2,2.4823978543281555E-2,2.3134177550673485E-2,null,null,null,null,null,null,null,null,null,4.235069751739502,4.1414456367492676,4.1838221549987793,4.7565407752990723,null,null,null,null,null,null,null,null,1.7290878295898438,1.935659103844998,1.7843505040111158,0.73308410644531252,null,null,null,null,null,null,null,null,null,null,null,null,null,null,52,0,null,0,2.4823978543281555E-2,2.4823978543281555E-2,0.05,4.1414456367492676,4.1414456367492676,4,1.935659103844998,1.935659103844998,2.5]
["2018-02-22",1.5308791399002075,null,null,null,null,4.8280023038387299E-2,1.7260108143091202E-2,2.4140011519193649E-2,2.4321062490344048E-2,null,null,null,null,null,null,null,null,null,4.235069751739502,4.2643041610717773,4.1838221549987793,4.7565407752990723,null,null,null,null,null,null,null,null,1.5181775362986438,2.0084483152741841,1.750176528404499,0.75316925048828121,null,null,null,null,null,null,null,null,null,null,null,null,null,null,53,0,null,0,4.8280023038387299E-2,4.8280023038387299E-2,0.05,4.1838221549987793,4.1838221549987793,4,2.0084483152741841,2.0084483152741841,2.5]
["2018-02-23",6.6032991409301758,null,null,null,null,6.9583587348461151E-2,2.1987529471516609E-2,2.3335345089435577E-2,2.3757793009281158E-2,null,null,null,null,null,null,null,null,null,4.2546272277832031,4.2373332977294922,4.1822147369384766,4.8876743316650391,null,null,null,null,null,null,null,null,1.5181775362986438,2.0084483152741841,1.750176528404499,0.74312591552734375,null,null,null,null,null,null,null,null,null,null,null,null,null,null,54,0,null,0,6.9583587348461151E-2,6.9583587348461151E-2,0.05,4.1822147369384766,4.1822147369384766,4,2.0084483152741841,2.0084483152741841,2.5]
["2018-02-24",26.459465026855469,null,null,null,null,5.2383825182914734E-2,1.8125126138329506E-2,1.8326291814446449E-2,2.949104830622673E-2,null,null,null,null,null,null,null,null,null,4.2180690765380859,4.2373332977294922,4.1822147369384766,4.8632469177246094,null,null,null,null,null,null,null,null,1.695594200721154,1.9877923893023142,1.7602280438956568,0.74228973388671871,null,null,null,null,null,null,null,null,null,null,null,null,null,null,55,0,null,0,5.2383825182914734E-2,5.2383825182914734E-2,0.05,4.1822147369384766,4.1822147369384766,4,1.9877923893023142,1.9877923893023142,2.5]
["2018-02-25",3.7487428188323975,null,null,null,null,2.5266546756029129E-2,1.6797425225377083E-2,1.7199758440256119E-2,2.4200361222028732E-2,null,null,null,null,null,null,null,null,null,4.1888642311096191,4.2271547317504883,4.1309947967529297,4.8434057235717773,null,null,null,null,null,null,null,null,1.6603336137594635,1.8939027786254883,1.7602280438956568,0.72806091308593746,null,null,null,null,null,null,null,null,null,null,null,null,null,null,56,0,null,0,2.5266546756029129E-2,2.5266546756029129E-2,0.05,4.1309947967529297,4.1309947967529297,4,1.8939027786254883,1.8939027786254883,2.5]
["2018-02-26",24.991952896118164,null,null,null,null,2.0921343937516212E-2,1.8024541437625885E-2,3.8241803646087646E-2,2.3013478145003319E-2,null,null,null,null,null,null,null,null,null,4.1861529350280762,4.1932544708251953,4.1309947967529297,4.8434057235717773,null,null,null,null,null,null,null,null,1.6603336137594635,1.8939027786254883,1.8013272285461426,0.72806091308593746,null,null,null,null,null,null,null,null,null,null,null,null,null,null,57,0,null,0,3.8241803646087646E-2,3.8241803646087646E-2,0.05,4.1309947967529297,4.1309947967529297,4,1.8939027786254883,1.8939027786254883,2.5]
["2018-02-27",4.2315430641174316,null,null,null,null,4.200362041592598E-2,2.2812312468886375E-2,2.0961577072739601E-2,2.3053711280226707E-2,null,null,null,null,null,null,null,null,null,4.1712021827697754,4.1932544708251953,4.141392707824707,4.841041088104248,null,null,null,null,null,null,null,null,1.6775688758263223,1.960991184885909,1.787518310546875,0.73141021728515621,null,null,null,null,null,null,null,null,null,null,null,null,null,null,58,0,null,0,4.200362041592598E-2,4.200362041592598E-2,0.05,4.141392707824707,4.141392707824707,4,1.960991184885909,1.960991184885909,2.5]
["2018-02-28",1.4463890790939331,null,null,null,null,2.794206328690052E-2,2.9571514576673508E-2,1.9251659512519836E-2,4.5503921806812286E-2,null,null,null,null,null,null,null,null,null,4.1686282157897949,4.2196688652038574,4.141392707824707,4.8325910568237305,null,null,null,null,null,null,null,null,1.7069415954881877,1.6869408743722099,1.7219467163085938,0.73643188476562504,null,null,null,null,null,null,null,null,null,null,null,null,null,null,59,0,null,0,4.5503921806812286E-2,4.5503921806812286E-2,0.05,4.141392707824707,4.141392707824707,4,1.7219467163085938,1.7219467163085938,2.5]
["2018-03-01",1.0571314096450806,null,null,null,null,2.7861597016453743E-2,1.7219875007867813E-2,null,2.2289277985692024E-2,null,null,null,null,null,null,null,null,null,4.1686282157897949,4.2028617858886719,4.1628012657165527,4.8325910568237305,null,null,null,null,null,null,null,null,1.7014645113803373,1.6869408743722099,1.7219467163085938,0.72890014648437496,null,null,null,null,null,null,null,null,null,null,null,null,null,null,60,0,null,0,2.7861597016453743E-2,2.7861597016453743E-2,0.05,4.1628012657165527,4.1628012657165527,4,1.7219467163085938,1.7219467163085938,2.5]
["2018-03-02",5.735264778137207,null,null,null,null,3.8201570510864258E-2,1.5831824392080307E-2,5.204184353351593E-2,2.1907063201069832E-2,null,null,null,null,null,null,null,null,null,4.1762433052062988,4.1993942260742188,4.1628012657165527,4.8371744155883789,null,null,null,null,null,null,null,null,1.6895029496173468,1.9973942018904776,1.5345019828982469,0.72722625732421875,null,null,null,null,null,null,null,null,null,null,null,null,null,null,61,0,null,0,5.204184353351593E-2,5.204184353351593E-2,0.05,4.1628012657165527,4.1628012657165527,4,1.9973942018904776,1.9973942018904776,2.5]
["2018-03-03",3.2287266254425049,null,null,null,null,1.9995976239442825E-2,1.7501508817076683E-2,3.3856365829706192E-2,2.1585194393992424E-2,null,null,null,null,null,null,null,null,null,4.1689295768737793,4.1978268623352051,4.1718263626098633,4.8203983306884766,null,null,null,null,null,null,null,null,1.6895029496173468,1.9973942018904776,1.5345019828982469,0.72722625732421875,null,null,null,null,null,null,null,null,null,null,null,null,null,null,62,0,null,0,3.3856365829706192E-2,3.3856365829706192E-2,0.05,4.1689295768737793,4.1689295768737793,4,1.9973942018904776,1.9973942018904776,2.5]
["2018-03-04",3.2297325134277344,null,null,null,null,3.1844697892665863E-2,1.8970025703310966E-2,2.4099778383970261E-2,2.5065379217267036E-2,null,null,null,null,null,null,null,null,null,4.1534852981567383,4.1921157836914063,4.1528153419494629,4.8203983306884766,null,null,null,null,null,null,null,null,1.7116248607635498,2.0002432430491726,1.7669257634802711,0.73894195556640629,null,null,null,null,null,null,null,null,null,null,null,null,null,null,63,0,null,0,3.1844697892665863E-2,3.1844697892665863E-2,0.05,4.1528153419494629,4.1528153419494629,4,2.0002432430491726,2.0002432430491726,2.5]
["2018-03-05",5.6980485916137695,null,null,null,null,4.8702474683523178E-2,1.88493262976408E-2,2.1927177906036377E-2,2.1907063201069832E-2,null,null,null,null,null,null,null,null,null,4.1399197578430176,4.153226375579834,4.1334872245788574,4.8123302459716797,null,null,null,null,null,null,null,null,1.7377793788909912,2.0115477950484664,1.754291675708912,0.73559265136718754,null,null,null,null,null,null,null,null,null,null,null,null,null,null,64,0,null,0,4.8702474683523178E-2,4.8702474683523178E-2,0.05,4.1334872245788574,4.1334872245788574,4,2.0115477950484664,2.0115477950484664,2.5]
["2018-03-06",3.9277811050415039,null,null,null,null,6.2140412628650665E-2,2.0358076319098473E-2,1.9975859671831131E-2,2.9068598523736E-2,null,null,null,null,null,null,null,null,null,4.1399197578430176,4.153226375579834,4.1334872245788574,4.8123302459716797,null,null,null,null,null,null,null,null,1.7125616268235808,1.9901899857954546,1.7144302123370654,0.70463104248046871,null,null,null,null,null,null,null,null,null,null,null,null,null,null,65,0,null,{"$f":"$G$5","v":0},6.2140412628650665E-2,6.2140412628650665E-2,{"$f":"$G$6","v":0.05},4.1334872245788574,4.1334872245788574,4,1.9901899857954546,1.9901899857954546,2.5]
[{"$f":"A82+1","v":"2018-03-07"},49.988933563232422,null,null,null,null,2.5849929079413414E-2,2.9792796820402145E-2,3.0014080926775932E-2,3.0496884137392044E-2,null,null,null,null,null,null,null,null,null,4.1417598724365234,4.1632723808288574,4.1070461273193359,4.797123908996582,null,null,null,null,null,null,null,null,1.5287318699796435,1.9754158823113692,1.7144302123370654,0.70463104248046871,null,null,null,null,null,null,null,null,null,null,null,null,null,null,{"$f":"AX82+1","v":66},{"$f":"MAX(C83:F83)","v":0},null,0,{"$f":"MAX(G83:R83)","v":3.0496884137392044E-2},3.0496884137392044E-2,0.05,{"$f":"MIN(T83:AE83)","v":4.1070461273193359},4.1070461273193359,{"$f":"$G$8","v":4},{"$f":"MAX(AF83:AQ83)","v":1.9754158823113692},1.9754158823113692,{"$f":"$G$9","v":2.5}]
["2018-03-08",42.737880706787109,null,null,null,null,3.0577350407838821E-2,2.001609280705452E-2,2.9732448980212212E-2,2.6694828644394875E-2,null,null,null,null,null,null,null,null,null,4.1480908393859863,4.130256175994873,4.1070461273193359,4.797123908996582,null,null,null,null,null,null,null,null,1.5287318699796435,1.9754158823113692,1.7519345490828804,0.74228973388671871,null,null,null,null,null,null,null,null,null,null,null,null,null,null,67,0,null,0,3.0577350407838821E-2,3.0577350407838821E-2,0.05,4.1070461273193359,4.1070461273193359,4,1.9754158823113692,1.9754158823113692,2.5]
["2018-03-09",49.988933563232422,null,null,null,null,1.9271776080131531E-2,2.0639710128307343E-2,4.6047072857618332E-2,2.339569479227066E-2,null,null,null,null,null,null,null,null,null,4.1480908393859863,4.130256175994873,4.1237955093383789,null,null,null,null,null,null,null,null,null,1.6823357650914144,1.9946731009134433,1.5491698929483857,0.72220458984375002,null,null,null,null,null,null,null,null,null,null,null,null,null,null,68,0,null,0,4.6047072857618332E-2,4.6047072857618332E-2,0.05,4.1237955093383789,4.1237955093383789,4,1.9946731009134433,1.9946731009134433,2.5]
["2018-03-10",49.989940643310547,null,null,null,null,2.5950513780117035E-2,2.2792194038629532E-2,3.6813519895076752E-2,2.3415811359882355E-2,null,null,null,null,null,null,null,null,null,4.1568145751953125,4.1546111106872559,4.1258745193481445,4.8198332786560059,null,null,null,null,null,null,null,null,1.6385374207427537,1.9946731009134433,1.5491698929483857,0.72220458984375002,null,null,null,null,null,null,null,null,null,null,null,null,null,null,69,0,null,0,3.6813519895076752E-2,3.6813519895076752E-2,0.05,4.1258745193481445,4.1258745193481445,4,1.9946731009134433,1.9946731009134433,2.5]
["2018-03-11",10.619593620300293,null,null,null,null,2.7016697451472282E-2,1.8105009570717812E-2,4.5081473886966705E-2,2.2289277985692024E-2,null,null,null,null,null,null,null,null,null,4.1385741233825684,4.1546111106872559,4.1091098785400391,4.816011905670166,null,null,null,null,null,null,null,null,1.6385374207427537,2.0373576771129263,1.7604530148389863,0.7188568115234375,null,null,null,null,null,null,null,null,null,null,null,null,null,null,70,0,null,0,4.5081473886966705E-2,4.5081473886966705E-2,0.05,4.1091098785400391,4.1091098785400391,4,2.0373576771129263,2.0373576771129263,2.5]
["2018-03-12",0.23637095093727112,null,null,null,null,2.6694828644394875E-2,1.7320457845926285E-2,3.4117884933948517E-2,2.3556627333164215E-2,null,null,null,null,null,null,null,null,null,4.1385741233825684,4.1667976379394531,4.1091098785400391,4.794428825378418,null,null,null,null,null,null,null,null,1.6713169642857144,2.0084464333274146,1.7693468989158163,0.7188568115234375,null,null,null,null,null,null,null,null,null,null,null,null,null,null,71,0,null,0,3.4117884933948517E-2,3.4117884933948517E-2,0.05,4.1091098785400391,4.1091098785400391,4,2.0084464333274146,2.0084464333274146,2.5]
["2018-03-13",0.2283242791891098,null,null,null,null,2.3174410685896873E-2,1.9835043698549271E-2,3.0557231977581978E-2,2.1142628043889999E-2,null,null,null,null,null,null,null,null,null,4.1398229598999023,4.156242847442627,4.0996417999267578,4.794428825378418,null,null,null,null,null,null,null,null,1.6713169642857144,2.0084464333274146,1.7885552768049569,0.74479980468749996,null,null,null,null,null,null,null,null,null,null,null,null,null,null,72,0,null,0,3.0557231977581978E-2,3.0557231977581978E-2,0.05,4.0996417999267578,4.0996417999267578,4,2.0084464333274146,2.0084464333274146,2.5]
["2018-03-14",0.43954938650131226,null,null,null,null,3.1361900269985199E-2,1.9653992727398872E-2,3.8865420967340469E-2,2.4562463164329529E-2,null,null,null,null,null,null,null,null,null,4.136995792388916,4.156242847442627,4.0996417999267578,4.7989816665649414,null,null,null,null,null,null,null,null,1.708800777312248,2.0155173288264745,1.7592242164333372,0.74730987548828121,null,null,null,null,null,null,null,null,null,null,null,null,null,null,73,0,null,0,3.8865420967340469E-2,3.8865420967340469E-2,0.05,4.0996417999267578,4.0996417999267578,4,2.0155173288264745,2.0155173288264745,2.5]
["2018-03-15",1.7763025760650635,null,null,null,null,4.2969223111867905E-2,1.6435325145721436E-2,4.6147655695676804E-2,2.2188695147633553E-2,null,null,null,null,null,null,null,null,null,4.136995792388916,4.1465468406677246,4.1051235198974609,4.7990760803222656,null,null,null,null,null,null,null,null,1.6625206591346848,2.0155173288264745,1.7592242164333372,0.73977813720703123,null,null,null,null,null,null,null,null,null,null,null,null,null,null,74,0,null,0,4.6147655695676804E-2,4.6147655695676804E-2,0.05,4.1051235198974609,4.1051235198974609,4,2.0155173288264745,2.0155173288264745,2.5]
["2018-03-16",0.11164755374193192,null,null,null,null,4.0012069046497345E-2,2.1866826340556145E-2,3.5606518387794495E-2,2.3838259279727936E-2,null,null,null,null,null,null,null,null,null,4.1225605010986328,4.1465468406677246,4.1002378463745117,4.8054351806640625,null,null,null,null,null,null,null,null,1.6625206591346848,1.9857803980509443,1.7658774917190141,0.73977813720703123,null,null,null,null,null,null,null,null,null,null,null,null,null,null,75,0,null,0,4.0012069046497345E-2,4.0012069046497345E-2,0.05,4.1002378463745117,4.1002378463745117,4,1.9857803980509443,1.9857803980509443,2.5]
["2018-03-17",0.11365922540426254,null,null,null,null,2.4803861975669861E-2,2.339569479227066E-2,3.305169939994812E-2,2.25507952272892E-2,null,null,null,null,null,null,null,null,null,4.110806941986084,4.128148078918457,4.0886673927307129,4.8037996292114258,null,null,null,null,null,null,null,null,1.7403454250759549,1.9857803980509443,1.7658774917190141,0.7506561279296875,null,null,null,null,null,null,null,null,null,null,null,null,null,null,76,0,null,0,3.305169939994812E-2,3.305169939994812E-2,0.05,4.0886673927307129,4.0886673927307129,4,1.9857803980509443,1.9857803980509443,2.5]
["2018-03-18",0.1448400616645813,null,null,null,null,5.5964592844247818E-2,1.730034127831459E-2,3.5686984658241272E-2,2.0418427884578705E-2,null,null,null,null,null,null,null,null,null,4.0981540679931641,4.128148078918457,4.0886673927307129,4.7963237762451172,null,null,null,null,null,null,null,null,1.7483180402273155,1.9715713242353019,1.7797054714626734,0.75567932128906246,null,null,null,null,null,null,null,null,null,null,null,null,null,null,77,0,null,0,5.5964592844247818E-2,5.5964592844247818E-2,0.05,4.0886673927307129,4.0886673927307129,4,1.9715713242353019,1.9715713242353019,2.5]
["2018-03-19",0.17702674865722656,null,null,null,null,2.737879753112793E-2,5.1518809050321579E-2,3.3252865076065063E-2,2.5045264512300491E-2,null,null,null,null,null,null,null,null,null,4.0981540679931641,4.1463642120361328,4.0915493965148926,4.7963237762451172,null,null,null,null,null,null,null,null,1.7166114458577886,1.9715713242353019,1.7668301001527256,0.75400543212890625,null,null,null,null,null,null,null,null,null,null,null,null,null,null,78,0,null,0,5.1518809050321579E-2,5.1518809050321579E-2,0.05,4.0915493965148926,4.0915493965148926,4,1.9715713242353019,1.9715713242353019,2.5]
["2018-03-20",0.17400924861431122,null,null,null,null,3.375578299164772E-2,2.226916141808033E-2,1.518809050321579E-2,2.4140011519193649E-2,null,null,null,null,null,null,null,null,null,4.1183195114135742,4.1463642120361328,4.0909733772277832,4.7786493301391602,null,null,null,null,null,null,null,null,1.7166114458577886,2.0014737447102866,1.7668301001527256,0.75400543212890625,null,null,null,null,null,null,null,null,null,null,null,null,null,null,79,0,null,0,3.375578299164772E-2,3.375578299164772E-2,0.05,4.0909733772277832,4.0909733772277832,4,2.0014737447102866,2.0014737447102866,2.5]
["2018-03-21",2.3898613452911377,null,null,null,null,2.2047877311706543E-2,2.0237376913428307E-2,4.8199556767940521E-2,5.4697245359420776E-2,null,null,null,null,null,null,null,null,null,4.1183195114135742,4.1667647361755371,4.0909733772277832,4.7786493301391602,null,null,null,null,null,null,null,null,1.5755541079512267,1.766500522435638,1.7037820816040039,0.73643035888671871,null,null,null,null,null,null,null,null,null,null,null,null,null,null,80,0,null,0,5.4697245359420776E-2,5.4697245359420776E-2,0.05,4.0909733772277832,4.0909733772277832,4,1.766500522435638,1.766500522435638,2.5]
["2018-03-22",0.920337975025177,null,null,null,null,null,3.2850533723831177E-2,2.0881110802292824E-2,3.6089319735765457E-2,null,null,null,null,null,null,null,null,null,4.1199893951416016,4.1778411865234375,4.1162219047546387,4.7796506881713867,null,null,null,null,null,null,null,null,1.5755541079512267,1.766500522435638,1.7037820816040039,0.73057250976562504,null,null,null,null,null,null,null,null,null,null,null,null,null,null,81,0,null,0,3.6089319735765457E-2,3.6089319735765457E-2,0.05,4.1162219047546387,4.1162219047546387,4,1.766500522435638,1.766500522435638,2.5]
["2018-03-23",1.2261114120483398,null,null,null,null,3.1683765351772308E-2,null,3.3413801342248917E-2,2.611144632101059E-2,null,null,null,null,null,null,null,null,null,4.1053862571716309,4.1778411865234375,4.1810264587402344,4.7607159614562988,null,null,null,null,null,null,null,null,1.6300812490743484,1.7778263535610466,1.8343841552734377,0.72555084228515621,null,null,null,null,null,null,null,null,null,null,null,null,null,null,82,0,null,0,3.3413801342248917E-2,3.3413801342248917E-2,0.05,4.1053862571716309,4.1053862571716309,4,1.8343841552734377,1.8343841552734377,2.5]
["2018-03-24",0.99275803565979004,null,null,null,null,2.5709114968776703E-2,2.5709114968776703E-2,5.0854958593845367E-2,2.6775294914841652E-2,null,null,null,null,null,null,null,null,null,4.1053862571716309,4.1009788513183594,4.1436004638671875,4.7587037086486816,null,null,null,null,null,null,null,null,1.6863387485720076,1.7778263535610466,1.8343841552734377,0.72555084228515621,null,null,null,null,null,null,null,null,null,null,null,null,null,null,83,0,null,0,5.0854958593845367E-2,5.0854958593845367E-2,0.05,4.1009788513183594,4.1009788513183594,4,1.8343841552734377,1.8343841552734377,2.5]
["2018-03-25",4.2587003707885742,null,null,null,null,2.2289277985692024E-2,1.6817541792988777E-2,3.319251537322998E-2,5.1337763667106628E-2,null,null,null,null,null,null,null,null,null,4.2078652381896973,4.1009788513183594,4.1436004638671875,4.7364497184753418,null,null,null,null,null,null,null,null,1.6460877216508236,2.1565857881344623,1.8387420483807611,0.72638854980468748,null,null,null,null,null,null,null,null,null,null,null,null,null,null,84,0,null,0,5.1337763667106628E-2,5.1337763667106628E-2,0.05,4.1009788513183594,4.1009788513183594,4,2.1565857881344623,2.1565857881344623,2.5]
["2018-03-26",5.5632667541503906,null,null,null,null,3.3775899559259415E-2,3.2649368047714233E-2,3.6873869597911835E-2,2.4140011519193649E-2,null,null,null,null,null,null,null,null,null,4.1785855293273926,4.1761751174926758,4.1575121879577637,4.7364497184753418,null,null,null,null,null,null,null,null,1.6460877216508236,2.014252767397489,1.6780430294689119,0.75484161376953129,null,null,null,null,null,null,null,null,null,null,null,null,null,null,85,0,null,0,3.6873869597911835E-2,3.6873869597911835E-2,0.05,4.1575121879577637,4.1575121879577637,4,2.014252767397489,2.014252767397489,2.5]
["2018-03-27",0.52705693244934082,null,null,null,null,2.5025146082043648E-2,2.4723395705223083E-2,3.3876482397317886E-2,2.5608530268073082E-2,null,null,null,null,null,null,null,null,null,4.1785855293273926,4.1599268913269043,4.1204047203063965,4.7965087890625,null,null,null,null,null,null,null,null,1.8012937952260504,2.014252767397489,1.6780430294689119,0.80170440673828125,null,null,null,null,null,null,null,null,null,null,null,null,null,null,86,0,null,0,3.3876482397317886E-2,3.3876482397317886E-2,0.05,4.1204047203063965,4.1204047203063965,4,2.014252767397489,2.014252767397489,2.5]
["2018-03-28",9.1681756973266602,null,null,null,null,2.9289878904819489E-2,2.8042647987604141E-2,3.6934219300746918E-2,2.212834358215332E-2,null,null,null,null,null,null,null,null,null,4.1820683479309082,4.1597294807434082,4.1204047203063965,4.7965087890625,null,null,null,null,null,null,null,null,1.7928949991861978,2.2219319246253191,1.8964947880925358,0.78580627441406248,null,null,null,null,null,null,null,null,null,null,null,null,null,null,87,0,null,0,3.6934219300746918E-2,3.6934219300746918E-2,0.05,4.1204047203063965,4.1204047203063965,4,2.2219319246253191,2.2219319246253191,2.5]
["2018-03-29",0.35405349731445313,null,null,null,null,3.3232748508453369E-2,3.0456651002168655E-2,5.274592712521553E-2,2.1223094314336777E-2,null,null,null,null,null,null,null,null,null,4.1820683479309082,4.1583266258239746,4.1435322761535645,4.8034582138061523,null,null,null,null,null,null,null,null,1.7827654899434842,2.2010374722415453,1.8122206063106143,0.77157897949218746,null,null,null,null,null,null,null,null,null,null,null,null,null,null,88,0,null,0,5.274592712521553E-2,5.274592712521553E-2,0.05,4.1435322761535645,4.1435322761535645,4,2.2010374722415453,2.2010374722415453,2.5]
["2018-03-30",0.39931604266166687,null,null,null,null,2.8042647987604141E-2,2.0659826695919037E-2,4.1641522198915482E-2,2.4562463164329529E-2,null,null,null,null,null,null,null,null,null,4.1773624420166016,4.1583266258239746,4.1628656387329102,4.8034582138061523,null,null,null,null,null,null,null,null,1.7827654899434842,2.0839403059099104,1.7666321736903279,0.77157897949218746,null,null,null,null,null,null,null,null,null,null,null,null,null,null,89,0,null,0,4.1641522198915482E-2,4.1641522198915482E-2,0.05,4.1583266258239746,4.1583266258239746,4,2.0839403059099104,2.0839403059099104,2.5]
["2018-03-31",0.77952122688293457,null,null,null,null,2.1826596930623055E-2,2.0639710128307343E-2,4.3995171785354614E-2,2.6473546400666237E-2,null,null,null,null,null,null,null,null,null,4.1773624420166016,4.1703643798828125,4.1215476989746094,4.7950654029846191,null,null,null,null,null,null,null,null,1.7836019495031337,2.0839403059099104,1.7666321736903279,0.78162384033203125,null,null,null,null,null,null,null,null,null,null,null,null,null,null,90,0,null,0,4.3995171785354614E-2,4.3995171785354614E-2,0.05,4.1215476989746094,4.1215476989746094,4,2.0839403059099104,2.0839403059099104,2.5]
["2018-04-01",0.21021927893161774,null,null,null,null,2.639308013021946E-2,2.6232145726680756E-2,3.8282036781311035E-2,2.240997739136219E-2,null,null,null,null,null,null,null,null,null,4.1806492805480957,4.1603584289550781,4.1215476989746094,4.7938551902770996,null,null,null,null,null,null,null,null,1.7573957857878313,2.1382468087332587,1.83625001173753,0.78162384033203125,null,null,null,null,null,null,null,null,null,null,null,null,null,null,91,0,null,0,3.8282036781311035E-2,3.8282036781311035E-2,0.05,4.1215476989746094,4.1215476989746094,4,2.1382468087332587,2.1382468087332587,2.5]
["2018-04-02",8.0004024505615234,null,null,null,null,2.3375578224658966E-2,2.5407362729310989E-2,3.4419633448123932E-2,2.4904446676373482E-2,null,null,null,null,null,null,null,null,null,4.1806492805480957,4.1571860313415527,4.1210141181945801,4.7938551902770996,null,null,null,null,null,null,null,null,1.745686506360306,2.1382468087332587,1.83625001173753,0.7565155029296875,null,null,null,null,null,null,null,null,null,null,null,null,null,null,92,0,null,0,3.4419633448123932E-2,3.4419633448123932E-2,0.05,4.1210141181945801,4.1210141181945801,4,2.1382468087332587,2.1382468087332587,2.5]
["2018-04-03",1.9804868698120117,null,null,null,null,5.3389657288789749E-2,2.0177029073238373E-2,4.4437743723392487E-2,2.5387246161699295E-2,null,null,null,null,null,null,null,null,null,4.1655340194702148,4.1571860313415527,4.1210141181945801,4.8075509071350098,null,null,null,null,null,null,null,null,1.745686506360306,2.1366087373320037,1.8460983276367187,0.7565155029296875,null,null,null,null,null,null,null,null,null,null,null,null,null,null,93,0,null,0,5.3389657288789749E-2,5.3389657288789749E-2,0.05,4.1210141181945801,4.1210141181945801,4,2.1366087373320037,2.1366087373320037,2.5]
["2018-04-04",0.50392276048660278,null,null,null,null,6.4252667129039764E-2,2.2349627688527107E-2,3.5606518387794495E-2,2.8404748067259789E-2,null,null,null,null,null,null,null,null,null,4.1655340194702148,4.1523427963256836,4.1092057228088379,4.8075509071350098,null,null,null,null,null,null,null,null,1.575009812154043,2.0897765898368728,1.8660070541057181,0.76070251464843752,null,null,null,null,null,null,null,null,null,null,null,null,null,null,94,0,null,0,6.4252667129039764E-2,6.4252667129039764E-2,0.05,4.1092057228088379,4.1092057228088379,4,2.0897765898368728,2.0897765898368728,2.5]
["2018-04-05",7.3999195098876953,null,null,null,null,2.0378194749355316E-2,2.0539127290248871E-2,2.5910280644893646E-2,2.0217262208461761E-2,null,null,null,null,null,null,null,null,null,4.1371212005615234,4.1418943405151367,4.1044673919677734,4.806553840637207,null,null,null,null,null,null,null,null,1.575009812154043,2.0716292021290355,1.8760425097321809,0.7506561279296875,null,null,null,null,null,null,null,null,null,null,null,null,null,null,95,0,null,0,2.5910280644893646E-2,2.5910280644893646E-2,0.05,4.1044673919677734,4.1044673919677734,4,2.0716292021290355,2.0716292021290355,2.5]
["2018-04-06",0.55823779106140137,null,null,null,null,4.9728423357009888E-2,2.1544961258769035E-2,3.41782346367836E-2,2.7318449690937996E-2,null,null,null,null,null,null,null,null,null,4.1371212005615234,4.1293292045593262,4.1044673919677734,4.7903203964233398,null,null,null,null,null,null,null,null,1.6281362099222618,2.0716292021290355,1.8504990331384521,0.7506561279296875,null,null,null,null,null,null,null,null,null,null,null,null,null,null,96,0,null,0,4.9728423357009888E-2,4.9728423357009888E-2,0.05,4.1044673919677734,4.1044673919677734,4,2.0716292021290355,2.0716292021290355,2.5]
["2018-04-07",0.27258098125457764,null,null,null,null,2.025749534368515E-2,2.7177629992365837E-2,2.170589379966259E-2,2.2309394553303719E-2,null,null,null,null,null,null,null,null,null,4.1172127723693848,4.1146044731140137,4.1080045700073242,4.7813911437988281,null,null,null,null,null,null,null,null,1.6281362099222618,2.1744678866478702,1.8504990331384521,0.75484161376953129,null,null,null,null,null,null,null,null,null,null,null,null,null,null,97,0,null,0,2.7177629992365837E-2,2.7177629992365837E-2,0.05,4.1080045700073242,4.1080045700073242,4,2.1744678866478702,2.1744678866478702,2.5]
["2018-04-08",0.30074432492256165,null,null,null,null,1.9915509968996048E-2,2.2933011874556541E-2,4.0555220097303391E-2,2.2027758881449699E-2,null,null,null,null,null,null,null,null,null,4.1172127723693848,4.1146044731140137,4.090545654296875,4.7813911437988281,null,null,null,null,null,null,null,null,1.797241937546503,2.1744678866478702,1.8746742192846144,0.77492675781249998,null,null,null,null,null,null,null,null,null,null,null,null,null,null,98,0,null,0,4.0555220097303391E-2,4.0555220097303391E-2,0.05,4.090545654296875,4.090545654296875,4,2.1744678866478702,2.1744678866478702,2.5]
["2018-04-09",0.68497288227081299,null,null,null,null,1.9975859671831131E-2,2.0398309454321861E-2,3.2065983861684799E-2,2.1645544096827507E-2,null,null,null,null,null,null,null,null,null,4.1363382339477539,4.0989456176757813,4.090545654296875,4.774543285369873,null,null,null,null,null,null,null,null,1.740740951226682,2.1935333474709169,1.8475917427839634,0.77994842529296871,null,null,null,null,null,null,null,null,null,null,null,null,null,null,99,0,null,0,3.2065983861684799E-2,3.2065983861684799E-2,0.05,4.090545654296875,4.090545654296875,4,2.1935333474709169,2.1935333474709169,2.5]
["2018-04-10",1.2814323902130127,null,null,null,null,2.2208811715245247E-2,1.8567692488431931E-2,3.6873869597911835E-2,2.1263327449560165E-2,null,null,null,null,null,null,null,null,null,4.1317353248596191,4.0989456176757813,4.0918827056884766,4.774543285369873,null,null,null,null,null,null,null,null,1.740740951226682,2.1987015008926392,1.8475917427839634,0.78245697021484373,null,null,null,null,null,null,null,null,null,null,null,null,null,null,100,0,null,0,3.6873869597911835E-2,3.6873869597911835E-2,0.05,4.0918827056884766,4.0918827056884766,4,2.1987015008926392,2.1987015008926392,2.5]
["2018-04-11",0.89217460155487061,null,null,null,null,2.9571514576673508E-2,2.4300944060087204E-2,5.3691409528255463E-2,2.4582579731941223E-2,null,null,null,null,null,null,null,null,null,4.1317353248596191,4.1185002326965332,4.0901503562927246,4.7898426055908203,null,null,null,null,null,null,null,null,1.7682482745196368,2.1250703873172885,1.8689712823606004,0.76153564453125,null,null,null,null,null,null,null,null,null,null,null,null,null,null,101,0,null,0,5.3691409528255463E-2,5.3691409528255463E-2,0.05,4.0901503562927246,4.0901503562927246,4,2.1250703873172885,2.1250703873172885,2.5]
["2018-04-12",0.22228927910327911,null,null,null,null,1.9573526456952095E-2,2.2228928282856941E-2,2.5387246161699295E-2,2.3476161062717438E-2,null,null,null,null,null,null,null,null,null,4.1414146423339844,4.134615421295166,4.0901503562927246,4.7925939559936523,null,null,null,null,null,null,null,null,1.601098004509421,2.1250703873172885,1.6567087173461914,0.7565155029296875,null,null,null,null,null,null,null,null,null,null,null,null,null,null,102,0,null,0,2.5387246161699295E-2,2.5387246161699295E-2,0.05,4.0901503562927246,4.0901503562927246,4,2.1250703873172885,2.1250703873172885,2.5]
["2018-04-13",1.3095955848693848,null,null,null,null,2.0519010722637177E-2,2.8324279934167862E-2,3.1522832810878754E-2,2.4622812867164612E-2,null,null,null,null,null,null,null,null,null,4.1381464004516602,4.124976634979248,4.099785327911377,4.7924246788024902,null,null,null,null,null,null,null,null,1.601098004509421,2.1088668823242189,1.6567087173461914,0.7565155029296875,null,null,null,null,null,null,null,null,null,null,null,null,null,null,103,0,null,0,3.1522832810878754E-2,3.1522832810878754E-2,0.05,4.099785327911377,4.099785327911377,4,2.1088668823242189,2.1088668823242189,2.5]
["2018-04-14",0.5542144775390625,null,null,null,null,2.7982296422123909E-2,1.7763026058673859E-2,2.9712330549955368E-2,2.4059545248746872E-2,null,null,null,null,null,null,null,null,null,4.1381464004516602,4.1213984489440918,4.0970520973205566,4.7924246788024902,null,null,null,null,null,null,null,null,1.7547213777582698,2.0810204744338989,1.8795312417520058,0.72304077148437496,null,null,null,null,null,null,null,null,null,null,null,null,null,null,104,0,null,0,2.9712330549955368E-2,2.9712330549955368E-2,0.05,4.0970520973205566,4.0970520973205566,4,2.0810204744338989,2.0810204744338989,2.5]
["2018-04-15",1.320659875869751,null,null,null,null,2.4401528760790825E-2,2.0800644531846046E-2,4.3492253869771957E-2,2.0881110802292824E-2,null,null,null,null,null,null,null,null,null,4.1068830490112305,4.1053614616394043,4.0770092010498047,4.7810544967651367,null,null,null,null,null,null,null,null,1.7547213777582698,2.0810204744338989,1.894829186209797,0.72304077148437496,null,null,null,null,null,null,null,null,null,null,null,null,null,null,105,0,null,0,4.3492253869771957E-2,4.3492253869771957E-2,0.05,4.0770092010498047,4.0770092010498047,4,2.0810204744338989,2.0810204744338989,2.5]
["2018-04-16",21.654596328735352,null,null,null,null,2.5005031377077103E-2,3.4218467772006989E-2,4.7052908688783646E-2,4.4417623430490494E-2,null,null,null,null,null,null,null,null,null,4.1049056053161621,4.1053614616394043,4.0562338829040527,4.7810544967651367,null,null,null,null,null,null,null,null,1.7855867600058488,2.0897765898368728,1.894829186209797,0.76321105957031254,null,null,null,null,null,null,null,null,null,null,null,null,null,null,106,0,null,0,4.7052908688783646E-2,4.7052908688783646E-2,0.05,4.0562338829040527,4.0562338829040527,4,2.0897765898368728,2.0897765898368728,2.5]
["2018-04-17",26.606315612792969,null,null,null,null,2.9571514576673508E-2,3.5727217793464661E-2,3.3212631940841675E-2,2.4823978543281555E-2,null,null,null,null,null,null,null,null,null,4.0866222381591797,4.1185240745544434,4.0562338829040527,4.7754464149475098,null,null,null,null,null,null,null,null,1.7506804440748245,2.0117758441445051,1.8305550711495537,0.76321105957031254,null,null,null,null,null,null,null,null,null,null,null,null,null,null,107,0,null,0,3.5727217793464661E-2,3.5727217793464661E-2,0.05,4.0562338829040527,4.0562338829040527,4,2.0117758441445051,2.0117758441445051,2.5]
["2018-04-18",49.984912872314453,null,null,null,null,2.6332730427384377E-2,2.8525447472929955E-2,4.1299536824226379E-2,2.6594245806336403E-2,null,null,null,null,null,null,null,null,null,4.0653104782104492,4.0716085433959961,4.0101923942565918,4.7312159538269043,null,null,null,null,null,null,null,null,1.7506804440748245,2.0117758441445051,1.8305550711495537,0.77743682861328123,null,null,null,null,null,null,null,null,null,null,null,null,null,null,108,0,null,0,4.1299536824226379E-2,4.1299536824226379E-2,0.05,4.0101923942565918,4.0101923942565918,4,2.0117758441445051,2.0117758441445051,2.5]
["2018-04-19",7.6976461410522461,null,null,null,null,3.0114665627479553E-2,1.7642324790358543E-2,2.3677326738834381E-2,2.4220477789640427E-2,null,null,null,null,null,null,null,null,null,4.0653104782104492,4.0716085433959961,4.0101923942565918,4.7312159538269043,null,null,null,null,null,null,null,null,1.7903187235847848,2.1013715669706272,1.9431323539919969,0.77576293945312502,null,null,null,null,null,null,null,null,null,null,null,null,null,null,109,0,null,0,3.0114665627479553E-2,3.0114665627479553E-2,0.05,4.0101923942565918,4.0101923942565918,4,2.1013715669706272,2.1013715669706272,2.5]
["2018-04-20",9.8923759460449219,null,null,null,null,2.7901830151677132E-2,1.7622208222746849E-2,3.6431301385164261E-2,2.5688996538519859E-2,null,null,null,null,null,null,null,null,null,4.0637392997741699,4.082007884979248,4.0293140411376953,4.7482790946960449,null,null,null,null,null,null,null,null,1.7903187235847848,1.9563041100135217,1.7586041878962861,0.73392028808593746,null,null,null,null,null,null,null,null,null,null,null,null,null,null,110,0,null,0,3.6431301385164261E-2,3.6431301385164261E-2,0.05,4.0293140411376953,4.0293140411376953,4,1.9563041100135217,1.9563041100135217,2.5]
["2018-04-21",10.608529090881348,null,null,null,null,null,2.1726010367274284E-2,2.5628648698329926E-2,5.1076240837574005E-2,null,null,null,null,null,null,null,null,null,4.0637392997741699,4.0558843612670898,4.1430320739746094,4.7636208534240723,null,null,null,null,null,null,null,null,1.8001556396484375,1.9563041100135217,1.9958953857421877,0.73392028808593746,null,null,null,null,null,null,null,null,null,null,null,null,null,null,111,0,null,0,5.1076240837574005E-2,5.1076240837574005E-2,0.05,4.0558843612670898,4.0558843612670898,4,1.9958953857421877,1.9958953857421877,2.5]
["2018-04-22",24.303962707519531,null,null,null,null,3.5646751523017883E-2,null,1.9975859671831131E-2,4.9808893352746964E-2,null,null,null,null,null,null,null,null,null,4.0630288124084473,4.0558843612670898,4.1836228370666504,4.7636208534240723,null,null,null,null,null,null,null,null,1.7807156922387295,2.2080605929015111,1.798296296194698,0.72806243896484379,null,null,null,null,null,null,null,null,null,null,null,null,null,null,112,0,null,0,4.9808893352746964E-2,4.9808893352746964E-2,0.05,4.0558843612670898,4.0558843612670898,4,2.2080605929015111,2.2080605929015111,2.5]
["2018-04-23",11.009857177734375,null,null,null,null,3.9529271423816681E-2,2.5809695944190025E-2,1.9835043698549271E-2,4.3311204761266708E-2,null,null,null,null,null,null,null,null,null,4.0630288124084473,4.0524477958679199,4.1261186599731445,4.7543048858642578,null,null,null,null,null,null,null,null,1.7165810721261161,2.2080605929015111,1.798296296194698,0.72806243896484379,null,null,null,null,null,null,null,null,null,null,null,null,null,null,113,0,null,0,4.3311204761266708E-2,4.3311204761266708E-2,0.05,4.0524477958679199,4.0524477958679199,4,2.2080605929015111,2.2080605929015111,2.5]
["2018-04-24",20.124723434448242,null,null,null,null,3.6069203168153763E-2,2.1585194393992424E-2,3.6753170192241669E-2,4.383423924446106E-2,null,null,null,null,null,null,null,null,null,4.2606873512268066,4.0524477958679199,4.1228961944580078,4.7137660980224609,null,null,null,null,null,null,null,null,1.6836288294841335,2.2499692892726464,2.0221799612045288,0.74396362304687502,null,null,null,null,null,null,null,null,null,null,null,null,null,null,114,0,null,0,4.383423924446106E-2,4.383423924446106E-2,0.05,4.0524477958679199,4.0524477958679199,4,2.2499692892726464,2.2499692892726464,2.5]
["2018-04-25",49.983905792236328,null,null,null,null,2.3737678304314613E-2,2.1786360070109367E-2,3.6391068249940872E-2,3.0516998842358589E-2,null,null,null,null,null,null,null,null,null,4.1664204597473145,4.1566543579101563,4.1228961944580078,4.7137660980224609,null,null,null,null,null,null,null,null,1.6836288294841335,2.3736190795898438,1.9703147984758209,0.783294677734375,null,null,null,null,null,null,null,null,null,null,null,null,null,null,115,0,null,0,3.6391068249940872E-2,3.6391068249940872E-2,0.05,4.1228961944580078,4.1228961944580078,4,2.3736190795898438,2.3736190795898438,2.5]
["2018-04-26",9.9869241714477539,null,null,null,null,4.1943266987800598E-2,2.4964798241853714E-2,2.7781130746006966E-2,2.3093944415450096E-2,null,null,null,null,null,null,null,null,null,4.1664204597473145,4.1566543579101563,4.113044261932373,4.8284101486206055,null,null,null,null,null,null,null,null,1.8435087869333666,2.2813365770422891,1.9503893852233887,0.77074279785156252,null,null,null,null,null,null,null,null,null,null,null,null,null,null,116,0,null,0,4.1943266987800598E-2,4.1943266987800598E-2,0.05,4.113044261932373,4.113044261932373,4,2.2813365770422891,2.2813365770422891,2.5]
["2018-04-27",8.9418630599975586,null,null,null,null,4.0917322039604187E-2,1.9714342430233955E-2,3.7497486919164658E-2,2.7982296422123909E-2,null,null,null,null,null,null,null,null,null,4.1849150657653809,4.161496639251709,4.113044261932373,4.8313031196594238,null,null,null,null,null,null,null,null,1.8347452524546031,2.2813365770422891,1.9417103634604924,0.77074279785156252,null,null,null,null,null,null,null,null,null,null,null,null,null,null,117,0,null,0,4.0917322039604187E-2,4.0917322039604187E-2,0.05,4.113044261932373,4.113044261932373,4,2.2813365770422891,2.2813365770422891,2.5]
["2018-04-28",9.1772279739379883,null,null,null,null,3.2307382673025131E-2,2.3576745763421059E-2,4.1802454739809036E-2,2.5950513780117035E-2,null,null,null,null,null,null,null,null,null,4.1946349143981934,4.161496639251709,4.1237459182739258,4.8427400588989258,null,null,null,null,null,null,null,null,1.8347452524546031,2.2723838610526843,1.9417103634604924,0.77409057617187504,null,null,null,null,null,null,null,null,null,null,null,null,null,null,118,0,null,0,4.1802454739809036E-2,4.1802454739809036E-2,0.05,4.1237459182739258,4.1237459182739258,4,2.2723838610526843,2.2723838610526843,2.5]
["2018-04-29",3.9478976726531982,null,null,null,null,4.073626920580864E-2,2.0780527964234352E-2,2.3315228521823883E-2,2.5970630347728729E-2,null,null,null,null,null,null,null,null,null,4.1929898262023926,4.1711139678955078,4.1237459182739258,4.8427400588989258,null,null,null,null,null,null,null,null,1.842406742156498,2.2273681640625003,1.973417415175327,0.77409057617187504,null,null,null,null,null,null,null,null,null,null,null,null,null,null,119,0,null,0,4.073626920580864E-2,4.073626920580864E-2,0.05,4.1237459182739258,4.1237459182739258,4,2.2273681640625003,2.2273681640625003,2.5]
["2018-04-30",48.458057403564453,null,null,null,null,3.4298934042453766E-2,1.8547575920820236E-2,2.6312613859772682E-2,3.0557231977581978E-2,null,null,null,null,null,null,null,null,null,4.1929898262023926,4.1711139678955078,4.1186022758483887,4.8459396362304688,null,null,null,null,null,null,null,null,1.8359269362229569,2.2273681640625003,1.9871147006165748,0.76488494873046875,null,null,null,null,null,null,null,null,null,null,null,null,null,null,120,0,null,0,3.4298934042453766E-2,3.4298934042453766E-2,0.05,4.1186022758483887,4.1186022758483887,4,2.2273681640625003,2.2273681640625003,2.5]
["2018-05-01",1.9694225788116455,null,null,null,null,2.6634480804204941E-2,2.1042043343186378E-2,2.6916112750768661E-2,2.3818144574761391E-2,null,null,null,null,null,null,null,null,null,4.1776862144470215,4.1638760566711426,4.1186022758483887,4.8459396362304688,null,null,null,null,null,null,null,null,1.8307776817908654,2.2373536053825829,1.9393389412526332,0.71802062988281246,null,null,null,null,null,null,null,null,null,null,null,null,null,null,121,0,null,0,2.6916112750768661E-2,2.6916112750768661E-2,0.05,4.1186022758483887,4.1186022758483887,4,2.2373536053825829,2.2373536053825829,2.5]
["2018-05-02",4.8803057670593262,null,null,null,null,2.3053711280226707E-2,1.9774693995714188E-2,2.9692213982343674E-2,2.5347013026475906E-2,null,null,null,null,null,null,null,null,null,4.1550941467285156,4.1581172943115234,4.1111903190612793,4.8399133682250977,null,null,null,null,null,null,null,null,1.8307776817908654,2.2373536053825829,1.9393389412526332,0.71802062988281246,null,null,null,null,null,null,null,null,null,null,null,null,null,null,122,0,null,0,2.9692213982343674E-2,2.9692213982343674E-2,0.05,4.1111903190612793,4.1111903190612793,4,2.2373536053825829,2.2373536053825829,2.5]
["2018-05-03",1.777308464050293,null,null,null,null,2.6413196697831154E-2,1.6998590901494026E-2,3.48823182284832E-2,2.1062159910798073E-2,null,null,null,null,null,null,null,null,null,4.1369457244873047,4.1367931365966797,4.0895938873291016,4.8382658958435059,null,null,null,null,null,null,null,null,1.8580811036461815,2.2432494678085657,1.9449462890625,0.74731140136718754,null,null,null,null,null,null,null,null,null,null,null,null,null,null,123,0,null,0,3.48823182284832E-2,3.48823182284832E-2,0.05,4.0895938873291016,4.0895938873291016,4,2.2432494678085657,2.2432494678085657,2.5]
["2018-05-04",3.0718164443969727,null,null,null,null,2.8827197849750519E-2,1.7823375761508942E-2,2.1524844691157341E-2,2.5186078622937202E-2,null,null,null,null,null,null,null,null,null,4.1369457244873047,4.1367931365966797,4.0796284675598145,4.8382658958435059,null,null,null,null,null,null,null,null,1.7272086221663678,2.252898969148335,1.9843432617187498,0.71551055908203121,null,null,null,null,null,null,null,null,null,null,null,null,null,null,124,0,null,0,2.8827197849750519E-2,2.8827197849750519E-2,0.05,4.0796284675598145,4.0796284675598145,4,2.252898969148335,2.252898969148335,2.5]
["2018-05-05",1.0028163194656372,null,null,null,null,2.2691613063216209E-2,1.6898008063435555E-2,2.1665660664439201E-2,2.3315228521823883E-2,null,null,null,null,null,null,null,null,null,4.1431279182434082,4.1403026580810547,4.0796284675598145,4.8297257423400879,null,null,null,null,null,null,null,null,1.7272086221663678,2.2085896738759287,1.9359215630425346,0.71551055908203121,null,null,null,null,null,null,null,null,null,null,null,null,null,null,125,0,null,0,2.3315228521823883E-2,2.3315228521823883E-2,0.05,4.0796284675598145,4.0796284675598145,4,2.2085896738759287,2.2085896738759287,2.5]
["2018-05-06",1.9513176679611206,null,null,null,null,1.8607925623655319E-2,1.6334742307662964E-2,3.4077651798725128E-2,2.494467981159687E-2,null,null,null,null,null,null,null,null,null,4.1420130729675293,4.141974925994873,4.0640993118286133,4.8252229690551758,null,null,null,null,null,null,null,null,1.818761189778646,2.1590863741361179,1.9359215630425346,0.74898529052734375,null,null,null,null,null,null,null,null,null,null,null,null,null,null,126,0,null,0,3.4077651798725128E-2,3.4077651798725128E-2,0.05,4.0640993118286133,4.0640993118286133,4,2.1590863741361179,2.1590863741361179,2.5]
["2018-05-07",44.757591247558594,null,null,null,null,2.1384026855230331E-2,1.6254274174571037E-2,3.614966943860054E-2,2.2249044850468636E-2,null,null,null,null,null,null,null,null,null,4.1420130729675293,4.1357436180114746,4.0640993118286133,4.8106064796447754,null,null,null,null,null,null,null,null,1.7176068415407273,2.1590863741361179,1.8526716117399284,0.71551055908203121,null,null,null,null,null,null,null,null,null,null,null,null,null,null,127,0,null,0,3.614966943860054E-2,3.614966943860054E-2,0.05,4.0640993118286133,4.0640993118286133,4,2.1590863741361179,2.1590863741361179,2.5]
["2018-05-08",4.0112652778625488,null,null,null,null,2.0036209374666214E-2,2.25507952272892E-2,2.3415811359882355E-2,2.2289277985692024E-2,null,null,null,null,null,null,null,null,null,4.076899528503418,4.1056885719299316,4.0147271156311035,4.7938671112060547,null,null,null,null,null,null,null,null,1.841077302631579,2.1818383306050473,1.6399839031162549,0.74647216796875004,null,null,null,null,null,null,null,null,null,null,null,null,null,null,128,0,null,0,2.3415811359882355E-2,2.3415811359882355E-2,0.05,4.0147271156311035,4.0147271156311035,4,2.1818383306050473,2.1818383306050473,2.5]
["2018-05-09",1.3639106750488281,null,null,null,null,2.0639710128307343E-2,1.74411591142416E-2,2.1907063201069832E-2,2.2208811715245247E-2,null,null,null,null,null,null,null,null,null,4.0579628944396973,4.0687198638916016,4.0428447723388672,4.7852268218994141,null,null,null,null,null,null,null,null,1.8454809356154056,2.1818383306050473,1.6272623751175965,0.71216278076171879,null,null,null,null,null,null,null,null,null,null,null,null,null,null,129,0,null,{"$f":"$G$5","v":0},2.2208811715245247E-2,2.2208811715245247E-2,{"$f":"$G$6","v":0.05},4.0428447723388672,4.0428447723388672,4,2.1818383306050473,2.1818383306050473,2.5]
[{"$f":"A146+1","v":"2018-05-10"},18.306177139282227,null,null,null,null,2.0418427884578705E-2,2.0056325942277908E-2,2.508549764752388E-2,2.0418427884578705E-2,null,null,null,null,null,null,null,null,null,4.0579628944396973,4.0687198638916016,4.0346941947937012,4.7852268218994141,null,null,null,null,null,null,null,null,1.6582874498869244,1.9449078595196758,1.6272623751175965,0.70965118408203121,null,null,null,null,null,null,null,null,null,null,null,null,null,null,{"$f":"AX146+1","v":130},{"$f":"MAX(C147:F147)","v":0},null,0,{"$f":"MAX(G147:R147)","v":2.508549764752388E-2},2.508549764752388E-2,0.05,{"$f":"MIN(T147:AE147)","v":4.0346941947937012},4.0346941947937012,{"$f":"$G$8","v":4},{"$f":"MAX(AF147:AQ147)","v":1.9449078595196758},1.9449078595196758,{"$f":"$G$9","v":2.5}]
["2018-05-11",1.6656609773635864,null,null,null,null,4.0917322039604187E-2,2.0639710128307343E-2,2.9068598523736E-2,2.2088110446929932E-2,null,null,null,null,null,null,null,null,null,4.0665764808654785,4.1401972770690918,4.0346941947937012,4.7776374816894531,null,null,null,null,null,null,null,null,1.6582874498869244,1.9449078595196758,1.6043417211522393,0.70965118408203121,null,null,null,null,null,null,null,null,null,null,null,null,null,null,131,0,null,0,4.0917322039604187E-2,4.0917322039604187E-2,0.05,4.0346941947937012,4.0346941947937012,4,1.9449078595196758,1.9449078595196758,2.5]
["2018-05-12",1.0249446630477905,null,null,null,null,4.2446188628673553E-2,1.730034127831459E-2,2.6171796023845673E-2,2.240997739136219E-2,null,null,null,null,null,null,null,null,null,4.0665764808654785,4.1208772659301758,4.0509295463562012,4.768186092376709,null,null,null,null,null,null,null,null,1.8257369995117188,1.949964003129439,1.6043417211522393,0.74145355224609377,null,null,null,null,null,null,null,null,null,null,null,null,null,null,132,0,null,0,4.2446188628673553E-2,4.2446188628673553E-2,0.05,4.0509295463562012,4.0509295463562012,4,1.949964003129439,1.949964003129439,2.5]
["2018-05-13",3.808086633682251,null,null,null,null,3.2971233129501343E-2,2.5025146082043648E-2,1.8044659867882729E-2,1.8728626891970634E-2,null,null,null,null,null,null,null,null,null,4.0685725212097168,4.1035399436950684,4.0483760833740234,4.768186092376709,null,null,null,null,null,null,null,null,1.8397275863155242,2.1709926311786361,1.8739553179059709,0.73810424804687502,null,null,null,null,null,null,null,null,null,null,null,null,null,null,133,0,null,0,3.2971233129501343E-2,3.2971233129501343E-2,0.05,4.0483760833740234,4.0483760833740234,4,2.1709926311786361,2.1709926311786361,2.5]
["2018-05-14",8.9700260162353516,null,null,null,null,3.6129552870988846E-2,2.2751960903406143E-2,2.6835646480321884E-2,3.0516998842358589E-2,null,null,null,null,null,null,null,null,null,4.0685725212097168,4.1035399436950684,4.0483760833740234,4.7862987518310547,null,null,null,null,null,null,null,null,1.3086544247124139,2.1709926311786361,1.3162353892385223,0.73141021728515621,null,null,null,null,null,null,null,null,null,null,null,null,null,null,134,0,null,0,3.6129552870988846E-2,3.6129552870988846E-2,0.05,4.0483760833740234,4.0483760833740234,4,2.1709926311786361,2.1709926311786361,2.5]
["2018-05-15",7.6473550796508789,null,null,null,null,5.7312414050102234E-2,1.6374975442886353E-2,3.5787567496299744E-2,2.2249044850468636E-2,null,null,null,null,null,null,null,null,null,4.1876201629638672,4.0972132682800293,4.1464776992797852,4.7862987518310547,null,null,null,null,null,null,null,null,1.3086544247124139,2.1949473789760043,1.3162353892385223,0.71718444824218752,null,null,null,null,null,null,null,null,null,null,null,null,null,null,135,0,null,0,5.7312414050102234E-2,5.7312414050102234E-2,0.05,4.0972132682800293,4.0972132682800293,4,2.1949473789760043,2.1949473789760043,2.5]
["2018-05-16",3.8714542388916016,null,null,null,null,1.9312009215354919E-2,2.0317843183875084E-2,1.5530074015259743E-2,1.8366524949669838E-2,null,null,null,null,null,null,null,null,null,4.1546473503112793,4.0972132682800293,4.1010222434997559,4.7981138229370117,null,null,null,null,null,null,null,null,1.1844967745474257,2.1532903817983775,1.534938087946252,0.71718444824218752,null,null,null,null,null,null,null,null,null,null,null,null,null,null,136,0,null,0,2.0317843183875084E-2,2.0317843183875084E-2,0.05,4.0972132682800293,4.0972132682800293,4,2.1532903817983775,2.1532903817983775,2.5]
["2018-05-17",3.6089320182800293,null,null,null,null,4.6328708529472351E-2,3.0738282948732376E-2,3.7215851247310638E-2,2.4300944060087204E-2,null,null,null,null,null,null,null,null,null,4.1546468734741211,4.1012678146362305,4.1010217666625977,4.7981138229370117,null,null,null,null,null,null,null,null,1.4306745137253851,2.1532903817983775,1.5415740431400768,0.70462951660156248,null,null,null,null,null,null,null,null,null,null,null,null,null,null,137,0,null,0,4.6328708529472351E-2,4.6328708529472351E-2,0.05,4.1010217666625977,4.1010217666625977,4,2.1532903817983775,2.1532903817983775,2.5]
["2018-05-18",4.9617781639099121,null,null,null,null,2.2007644176483154E-2,1.913096010684967E-2,1.6193924471735954E-2,2.1363908424973488E-2,null,null,null,null,null,null,null,null,null,4.1413350105285645,4.086207389831543,4.0765824317932129,4.7877864837646484,null,null,null,null,null,null,null,null,1.4306745137253851,2.1843713913520757,1.5415740431400768,0.70462951660156248,null,null,null,null,null,null,null,null,null,null,null,null,null,null,138,0,null,0,2.2007644176483154E-2,2.2007644176483154E-2,0.05,4.0765824317932129,4.0765824317932129,4,2.1843713913520757,2.1843713913520757,2.5]
["2018-05-19",0.4707302451133728,null,null,null,null,4.9708310514688492E-2,null,2.9008246958255768E-2,3.0114665627479553E-2,null,null,null,null,null,null,null,null,null,4.1413350105285645,4.0822033882141113,4.0765824317932129,4.7877864837646484,null,null,null,null,null,null,null,null,1.3080833071754092,2.1233674170265733,1.3710638594953981,0.6602783203125,null,null,null,null,null,null,null,null,null,null,null,null,null,null,139,0,null,0,4.9708310514688492E-2,4.9708310514688492E-2,0.05,4.0765824317932129,4.0765824317932129,4,2.1233674170265733,2.1233674170265733,2.5]
["2018-05-20",0.8438946008682251,null,null,null,null,3.7075035274028778E-2,2.6775294914841652E-2,2.1927177906036377E-2,2.5266546756029129E-2,null,null,null,null,null,null,null,null,null,4.1456613540649414,4.0363578796386719,4.123931884765625,4.7990493774414063,null,null,null,null,null,null,null,null,1.3080833071754092,2.1233674170265733,1.3679996412627551,0.6602783203125,null,null,null,null,null,null,null,null,null,null,null,null,null,null,140,0,null,0,3.7075035274028778E-2,3.7075035274028778E-2,0.05,4.0363578796386719,4.0363578796386719,4,2.1233674170265733,2.1233674170265733,2.5]
["2018-05-21",2.8475155830383301,null,null,null,null,3.7115268409252167E-2,2.0860994234681129E-2,3.8563668727874756E-2,2.1223094314336777E-2,null,null,null,null,null,null,null,null,null,4.1398930549621582,4.0363578796386719,4.1055426597595215,4.7734766006469727,null,null,null,null,null,null,null,null,1.3281357709099266,2.1788063049316406,1.3679996412627551,0.67868957519531248,null,null,null,null,null,null,null,null,null,null,null,null,null,null,141,0,null,0,3.8563668727874756E-2,3.8563668727874756E-2,0.05,4.0363578796386719,4.0363578796386719,4,2.1788063049316406,2.1788063049316406,2.5]
["2018-05-22",0.79561454057693481,null,null,null,null,5.5401328951120377E-2,2.5648763403296471E-2,1.7662441357970238E-2,3.2166566699743271E-2,null,null,null,null,null,null,null,null,null,4.1398930549621582,4.1529669761657715,4.1055426597595215,4.7734766006469727,null,null,null,null,null,null,null,null,1.3459982992220325,2.1788063049316406,1.3400239582303204,0.69291534423828127,null,null,null,null,null,null,null,null,null,null,null,null,null,null,142,0,null,0,5.5401328951120377E-2,5.5401328951120377E-2,0.05,4.1055426597595215,4.1055426597595215,4,2.1788063049316406,2.1788063049316406,2.5]
["2018-05-23",2.3526453971862793,null,null,null,null,5.1538925617933273E-2,2.2450210526585579E-2,1.6193924471735954E-2,null,null,null,null,null,null,null,null,null,null,4.1430292129516602,4.1529669761657715,4.3532261848449707,4.7896571159362793,null,null,null,null,null,null,null,null,1.3643053518348482,2.1355893061711235,1.2977807352862021,0.67450408935546879,null,null,null,null,null,null,null,null,null,null,null,null,null,null,143,0,null,0,5.1538925617933273E-2,5.1538925617933273E-2,0.05,4.1430292129516602,4.1430292129516602,4,2.1355893061711235,2.1355893061711235,2.5]
["2018-05-24",7.4803857803344727,null,null,null,null,2.9511164873838425E-2,2.4481995031237602E-2,3.0557231977581978E-2,2.8525447472929955E-2,null,null,null,null,null,null,null,null,null,4.2435274124145508,4.1186447143554688,4.2277908325195313,4.7960548400878906,null,null,null,null,null,null,null,null,1.3847494766851178,2.1355893061711235,1.2977807352862021,0.67450408935546879,null,null,null,null,null,null,null,null,null,null,null,null,null,null,144,0,null,0,3.0557231977581978E-2,3.0557231977581978E-2,0.05,4.1186447143554688,4.1186447143554688,4,2.1355893061711235,2.1355893061711235,2.5]
["2018-05-25",2.3838260173797607,null,null,null,null,2.0599476993083954E-2,1.941259391605854E-2,2.1182861179113388E-2,2.8022533282637596E-2,null,null,null,null,null,null,null,null,null,4.210792064666748,4.1125326156616211,4.205284595489502,4.8867230415344238,null,null,null,null,null,null,null,null,1.5341088624127142,2.359216568317819,1.4905623990203698,0.71550903320312498,null,null,null,null,null,null,null,null,null,null,null,null,null,null,145,0,null,0,2.8022533282637596E-2,2.8022533282637596E-2,0.05,4.1125326156616211,4.1125326156616211,4,2.359216568317819,2.359216568317819,2.5]
["2018-05-26",0.34198349714279175,null,null,null,null,5.8358479291200638E-2,1.8225708976387978E-2,2.7921946719288826E-2,2.6171796023845673E-2,null,null,null,null,null,null,null,null,null,4.210792064666748,4.1125326156616211,4.1802020072937012,4.8750228881835938,null,null,null,null,null,null,null,null,1.5052463697350544,2.2978303632663408,1.5063355460999504,0.71550903320312498,null,null,null,null,null,null,null,null,null,null,null,null,null,null,146,0,null,0,5.8358479291200638E-2,5.8358479291200638E-2,0.05,4.1125326156616211,4.1125326156616211,4,2.2978303632663408,2.2978303632663408,2.5]
["2018-05-27",2.4461877346038818,null,null,null,null,5.1438342779874802E-2,1.8286058679223061E-2,3.361496701836586E-2,2.508549764752388E-2,null,null,null,null,null,null,null,null,null,4.2135128974914551,4.1317639350891113,4.1802020072937012,4.8750228881835938,null,null,null,null,null,null,null,null,1.5052463697350544,2.2978303632663408,1.5486834422651543,0.70965270996093754,null,null,null,null,null,null,null,null,null,null,null,null,null,null,147,0,null,0,5.1438342779874802E-2,5.1438342779874802E-2,0.05,4.1317639350891113,4.1317639350891113,4,2.2978303632663408,2.2978303632663408,2.5]
["2018-05-28",5.4777712821960449,null,null,null,null,1.7340574413537979E-2,2.0217262208461761E-2,3.061758354306221E-2,2.9611747711896896E-2,null,null,null,null,null,null,null,null,null,4.2135128974914551,4.1317639350891113,4.1876802444458008,4.8844847679138184,null,null,null,null,null,null,null,null,1.5111637115478516,2.3042652218840844,1.5486834422651543,0.70965270996093754,null,null,null,null,null,null,null,null,null,null,null,null,null,null,148,0,null,0,3.061758354306221E-2,3.061758354306221E-2,0.05,4.1317639350891113,4.1317639350891113,4,2.3042652218840844,2.3042652218840844,2.5]
["2018-05-29",2.1062159538269043,null,null,null,null,1.6294507309794426E-2,3.4278817474842072E-2,4.9265742301940918E-2,3.1703881919384003E-2,null,null,null,null,null,null,null,null,null,4.2258381843566895,4.1387753486633301,4.1876802444458008,4.8844847679138184,null,null,null,null,null,null,null,null,1.3701720156912076,2.0117523795679997,1.4701137258045709,0.69291534423828127,null,null,null,null,null,null,null,null,null,null,null,null,null,null,149,0,null,0,4.9265742301940918E-2,4.9265742301940918E-2,0.05,4.1387753486633301,4.1387753486633301,4,2.0117523795679997,2.0117523795679997,2.5]
["2018-05-30",4.8159322738647461,null,null,null,null,1.9151076674461365E-2,2.2631261497735977E-2,2.9410582035779953E-2,3.2226916402578354E-2,null,null,null,null,null,null,null,null,null,4.1845154762268066,4.1142363548278809,4.1751155853271484,4.8863177299499512,null,null,null,null,null,null,null,null,1.3701720156912076,2.0117523795679997,1.4701137258045709,0.68956756591796875,null,null,null,null,null,null,null,null,null,null,null,null,null,null,150,0,null,0,3.2226916402578354E-2,3.2226916402578354E-2,0.05,4.1142363548278809,4.1142363548278809,4,2.0117523795679997,2.0117523795679997,2.5]
["2018-05-31",0.6558036208152771,null,null,null,null,4.4638905674219131E-2,2.3938845843076706E-2,3.3373568207025528E-2,3.7678536027669907E-2,null,null,null,null,null,null,null,null,null,4.1845154762268066,4.1142363548278809,4.1549139022827148,4.8701152801513672,null,null,null,null,null,null,null,null,1.5085693359375001,2.3039210392878609,1.4717079500846675,0.68956756591796875,null,null,null,null,null,null,null,null,null,null,null,null,null,null,151,0,null,0,4.4638905674219131E-2,4.4638905674219131E-2,0.05,4.1142363548278809,4.1142363548278809,4,2.3039210392878609,2.3039210392878609,2.5]
["2018-06-01",1.0329912900924683,null,null,null,null,1.7763026058673859E-2,3.9589621126651764E-2,3.1723998486995697E-2,3.731643408536911E-2,null,null,null,null,null,null,null,null,null,4.1711611747741699,4.0889549255371094,4.1495156288146973,4.8701152801513672,null,null,null,null,null,null,null,null,1.5063343877377717,2.3411959693545388,1.5272581577301025,0.68454589843750002,null,null,null,null,null,null,null,null,null,null,null,null,null,null,152,0,null,0,3.9589621126651764E-2,3.9589621126651764E-2,0.05,4.0889549255371094,4.0889549255371094,4,2.3411959693545388,2.3411959693545388,2.5]
["2018-06-02",0.5793602466583252,null,null,null,null,1.6898008063435555E-2,2.7841480448842049E-2,2.0378194749355316E-2,2.7579963207244873E-2,null,null,null,null,null,null,null,null,null,4.1383605003356934,4.0689911842346191,4.1206626892089844,4.8518333435058594,null,null,null,null,null,null,null,null,1.5063343877377717,2.3384672595608622,1.5190794504233422,0.68454589843750002,null,null,null,null,null,null,null,null,null,null,null,null,null,null,153,0,null,0,2.7841480448842049E-2,2.7841480448842049E-2,0.05,4.0689911842346191,4.0689911842346191,4,2.3384672595608622,2.3384672595608622,2.5]
["2018-06-03",0.61657613515853882,null,null,null,null,1.7038825899362564E-2,3.2428082078695297E-2,2.3878496140241623E-2,3.3796016126871109E-2,null,null,null,null,null,null,null,null,null,4.0863041877746582,4.0159873962402344,4.062373161315918,4.8405165672302246,null,null,null,null,null,null,null,null,1.51774770563299,2.3384672595608622,1.5190794504233422,0.676177978515625,null,null,null,null,null,null,null,null,null,null,null,null,null,null,154,0,null,0,3.3796016126871109E-2,3.3796016126871109E-2,0.05,4.0159873962402344,4.0159873962402344,4,2.3384672595608622,2.3384672595608622,2.5]
["2018-06-04",0.55522030591964722,null,null,null,null,2.0659826695919037E-2,3.8382619619369507E-2,2.0820761099457741E-2,2.625226229429245E-2,null,null,null,null,null,null,null,null,null,4.0669031143188477,3.9974167346954346,4.062373161315918,4.8405165672302246,null,null,null,null,null,null,null,null,1.5381951501526807,2.207817750818589,1.5507114294803503,0.66948242187499996,null,null,null,null,null,null,null,null,null,null,null,null,null,null,155,0,null,0,3.8382619619369507E-2,3.8382619619369507E-2,0.05,3.9974167346954346,3.9974167346954346,4,2.207817750818589,2.207817750818589,2.5]
["2018-06-05",0.42345604300498962,null,null,null,null,1.2995373457670212E-2,2.6091329753398895E-2,2.1202975884079933E-2,2.5890162214636803E-2,null,null,null,null,null,null,null,null,null,4.0669031143188477,4.0207333564758301,4.0516929626464844,4.846796989440918,null,null,null,null,null,null,null,null,1.5063372902248218,2.207817750818589,1.5507114294803503,0.66948242187499996,null,null,null,null,null,null,null,null,null,null,null,null,null,null,156,0,null,0,2.6091329753398895E-2,2.6091329753398895E-2,0.05,4.0207333564758301,4.0207333564758301,4,2.207817750818589,2.207817750818589,2.5]
["2018-06-06",8.4681148529052734,null,null,null,null,1.2210821732878685E-2,1.6938241198658943E-2,2.1263327449560165E-2,2.2007644176483154E-2,null,null,null,null,null,null,null,null,null,4.0868406295776367,4.0207333564758301,4.0516929626464844,4.834989070892334,null,null,null,null,null,null,null,null,1.5063372902248218,2.2650415757123161,1.5568735692408178,0.6753387451171875,null,null,null,null,null,null,null,null,null,null,null,null,null,null,157,0,null,0,2.2007644176483154E-2,2.2007644176483154E-2,0.05,4.0207333564758301,4.0207333564758301,4,2.2650415757123161,2.2650415757123161,2.5]
["2018-06-07",1.6002817153930664,null,null,null,null,1.4665056020021439E-2,1.6294507309794426E-2,1.60329919308424E-2,2.1182861179113388E-2,null,null,null,null,null,null,null,null,null,4.0919656753540039,4.0401129722595215,4.0740423202514648,4.834989070892334,null,null,null,null,null,null,null,null,1.3792845691263917,2.2650415757123161,1.5568735692408178,0.69124145507812496,null,null,null,null,null,null,null,null,null,null,null,null,null,null,158,0,null,0,2.1182861179113388E-2,2.1182861179113388E-2,0.05,4.0401129722595215,4.0401129722595215,4,2.2650415757123161,2.2650415757123161,2.5]
["2018-06-08",1.1919130086898804,null,null,null,null,1.7783142626285553E-2,1.5711124986410141E-2,1.1506739072501659E-2,1.81452427059412E-2,null,null,null,null,null,null,null,null,null,4.0799188613891602,4.0401129722595215,4.0552682876586914,4.8474559783935547,null,null,null,null,null,null,null,null,1.3792845691263917,2.2058425786841007,1.5678848758820565,0.69124145507812496,null,null,null,null,null,null,null,null,null,null,null,null,null,null,159,0,null,0,1.81452427059412E-2,1.81452427059412E-2,0.05,4.0401129722595215,4.0401129722595215,4,2.2058425786841007,2.2058425786841007,2.5]
["2018-06-09",2.2067995071411133,null,null,null,null,1.1788372881710529E-2,1.5147857367992401E-2,2.240997739136219E-2,1.6857774928212166E-2,null,null,null,null,null,null,null,null,null,4.0799188613891602,4.0488500595092773,4.0463929176330566,4.8253517150878906,null,null,null,null,null,null,null,null,1.5075313023158481,2.2058425786841007,1.5785588303657427,0.70212097167968746,null,null,null,null,null,null,null,null,null,null,null,null,null,null,160,0,null,0,2.240997739136219E-2,2.240997739136219E-2,0.05,4.0463929176330566,4.0463929176330566,4,2.2058425786841007,2.2058425786841007,2.5]
["2018-06-10",1.3287065029144287,null,null,null,null,1.3458056375384331E-2,1.5127740800380707E-2,1.5610541217029095E-2,1.5670891851186752E-2,null,null,null,null,null,null,null,null,null,4.0757827758789063,4.0371146202087402,4.0463929176330566,4.8253517150878906,null,null,null,null,null,null,null,null,1.5052318152877202,2.2703398560448518,1.529967364142923,0.71467285156250004,null,null,null,null,null,null,null,null,null,null,null,null,null,null,161,0,null,0,1.5670891851186752E-2,1.5670891851186752E-2,0.05,4.0371146202087402,4.0371146202087402,4,2.2703398560448518,2.2703398560448518,2.5]
["2018-06-11",23.651176452636719,null,null,null,null,1.3075839728116989E-2,1.3779924251139164E-2,1.7360692843794823E-2,2.5045264512300491E-2,null,null,null,null,null,null,null,null,null,4.0516357421875,4.0007181167602539,4.0277576446533203,4.8394479751586914,null,null,null,null,null,null,null,null,1.5052318152877202,2.2731703154894771,1.529967364142923,0.68956604003906252,null,null,null,null,null,null,null,null,null,null,null,null,null,null,162,0,null,0,2.5045264512300491E-2,2.5045264512300491E-2,0.05,4.0007181167602539,4.0007181167602539,4,2.2731703154894771,2.2731703154894771,2.5]
["2018-06-12",1.0249446630477905,null,null,null,null,1.3256889767944813E-2,1.3417823240160942E-2,1.1949306353926659E-2,1.5630658715963364E-2,null,null,null,null,null,null,null,null,null,4.0516357421875,3.9786090850830078,4.0277576446533203,4.8396344184875488,null,null,null,null,null,null,null,null,1.5780669715016933,2.2251875623524615,1.5926837313706708,0.68705596923828127,null,null,null,null,null,null,null,null,null,null,null,null,null,null,163,0,null,0,1.5630658715963364E-2,1.5630658715963364E-2,0.05,3.9786090850830078,3.9786090850830078,4,2.2251875623524615,2.2251875623524615,2.5]
["2018-06-13",2.6403138637542725,null,null,null,null,1.4986923895776272E-2,null,1.8507342785596848E-2,3.9046470075845718E-2,null,null,null,null,null,null,null,null,null,4.0143265724182129,4.0393266677856445,4.0127639770507813,4.8562660217285156,null,null,null,null,null,null,null,null,1.5782297307794744,2.2251875623524615,1.5926837313706708,0.67450408935546879,null,null,null,null,null,null,null,null,null,null,null,null,null,null,164,0,null,0,3.9046470075845718E-2,3.9046470075845718E-2,0.05,4.0127639770507813,4.0127639770507813,4,2.2251875623524615,2.2251875623524615,2.5]
["2018-06-14",13.267953872680664,null,null,null,null,1.289479061961174E-2,3.7638302892446518E-2,2.7901830151677132E-2,2.0639710128307343E-2,null,null,null,null,null,null,null,null,null,4.0143265724182129,4.030388355255127,4.0104355812072754,4.811305046081543,null,null,null,null,null,null,null,null,1.544960677893453,2.2251875623524615,1.5984948073761374,0.67450408935546879,null,null,null,null,null,null,null,null,null,null,null,null,null,null,165,0,null,0,3.7638302892446518E-2,3.7638302892446518E-2,0.05,4.0104355812072754,4.0104355812072754,4,2.2251875623524615,2.2251875623524615,2.5]
["2018-06-15",49.977870941162109,null,null,null,null,1.8949909135699272E-2,2.6071213185787201E-2,1.4986923895776272E-2,2.7962179854512215E-2,null,null,null,null,null,null,null,null,null,4.0238890647888184,4.030388355255127,4.0104355812072754,4.8083586692810059,null,null,null,null,null,null,null,null,1.544960677893453,2.2876090434060168,1.4028909471299913,0.69124298095703118,null,null,null,null,null,null,null,null,null,null,null,null,null,null,166,0,null,0,2.7962179854512215E-2,2.7962179854512215E-2,0.05,4.0104355812072754,4.0104355812072754,4,2.2876090434060168,2.2876090434060168,2.5]
["2018-06-16",35.988731384277344,null,null,null,null,2.6473546400666237E-2,3.8925770670175552E-2,1.5308791771531105E-2,1.7642324790358543E-2,null,null,null,null,null,null,null,null,null,4.0238890647888184,4.2160744667053223,4.0314016342163086,4.7884736061096191,null,null,null,null,null,null,null,null,1.4547162635304103,2.2576019980690694,1.4028909471299913,0.69542541503906252,null,null,null,null,null,null,null,null,null,null,null,null,null,null,167,0,null,0,3.8925770670175552E-2,3.8925770670175552E-2,0.05,4.0238890647888184,4.0238890647888184,4,2.2576019980690694,2.2576019980690694,2.5]
["2018-06-17",13.609938621520996,null,null,null,null,2.212834358215332E-2,1.6576141119003296E-2,1.8225708976387978E-2,1.9935626536607742E-2,null,null,null,null,null,null,null,null,null,4.3255257606506348,4.2157154083251953,4.0722856521606445,4.7884736061096191,null,null,null,null,null,null,null,null,1.4443880551821227,2.2576019980690694,1.6284710652119403,0.68370971679687498,null,null,null,null,null,null,null,null,null,null,null,null,null,null,168,0,null,0,2.212834358215332E-2,2.212834358215332E-2,0.05,4.0722856521606445,4.0722856521606445,4,2.2576019980690694,2.2576019980690694,2.5]
["2018-06-18",35.302753448486328,null,null,null,null,2.6554012671113014E-2,2.0237376913428307E-2,1.7340574413537979E-2,2.0458661019802094E-2,null,null,null,null,null,null,null,null,null,4.3288407325744629,4.166966438293457,4.0722856521606445,4.8151383399963379,null,null,null,null,null,null,null,null,1.4443880551821227,2.2688022189670138,1.4245176315307617,0.68370971679687498,null,null,null,null,null,null,null,null,null,null,null,null,null,null,169,0,null,0,2.6554012671113014E-2,2.6554012671113014E-2,0.05,4.0722856521606445,4.0722856521606445,4,2.2688022189670138,2.2688022189670138,2.5]
["2018-06-19",1.9885334968566895,null,null,null,null,2.3355461657047272E-2,2.1162742748856544E-2,3.1402133405208588E-2,1.6797425225377083E-2,null,null,null,null,null,null,null,null,null,4.2576122283935547,4.166966438293457,4.127352237701416,4.794797420501709,null,null,null,null,null,null,null,null,1.4572917139807413,2.2164131278422343,1.4245176315307617,0.73308258056640629,null,null,null,null,null,null,null,null,null,null,null,null,null,null,170,0,null,0,3.1402133405208588E-2,3.1402133405208588E-2,0.05,4.127352237701416,4.127352237701416,4,2.2164131278422343,2.2164131278422343,2.5]
["2018-06-20",1.5550191402435303,null,null,null,null,1.4162139967083931E-2,2.3677326738834381E-2,1.4524240046739578E-2,2.8263932093977928E-2,null,null,null,null,null,null,null,null,null,4.2576122283935547,4.2103757858276367,4.127352237701416,4.7701129913330078,null,null,null,null,null,null,null,null,1.4471248410782724,2.1594470480213994,1.5506401673995238,0.74312591552734375,null,null,null,null,null,null,null,null,null,null,null,null,null,null,171,0,null,0,2.8263932093977928E-2,2.8263932093977928E-2,0.05,4.127352237701416,4.127352237701416,4,2.1594470480213994,2.1594470480213994,2.5]
["2018-06-21",6.9513177871704102,null,null,null,null,1.88493262976408E-2,2.3616978898644447E-2,5.986722931265831E-2,3.6189902573823929E-2,null,null,null,null,null,null,null,null,null,4.2601375579833984,4.1440987586975098,4.127352237701416,4.7701129913330078,null,null,null,null,null,null,null,null,1.4471248410782724,2.1594470480213994,1.5126136779785155,0.78078308105468752,null,null,null,null,null,null,null,null,null,null,null,null,null,null,172,0,null,0,5.986722931265831E-2,5.986722931265831E-2,0.05,4.127352237701416,4.127352237701416,4,2.1594470480213994,2.1594470480213994,2.5]
["2018-06-22",0.56326699256896973,null,null,null,null,2.9672097414731979E-2,1.3779924251139164E-2,5.3128141909837723E-2,2.5588415563106537E-2,null,null,null,null,null,null,null,null,null,4.2534937858581543,4.1440987586975098,4.2469758987426758,4.8910984992980957,null,null,null,null,null,null,null,null,1.6016071026141825,2.0674220347564494,1.5126136779785155,0.76823120117187504,null,null,null,null,null,null,null,null,null,null,null,null,null,null,173,0,null,0,5.3128141909837723E-2,5.3128141909837723E-2,0.05,4.1440987586975098,4.1440987586975098,4,2.0674220347564494,2.0674220347564494,2.5]
["2018-06-23",0.54717361927032471,null,null,null,null,1.4805873855948448E-2,1.3779924251139164E-2,2.4401528760790825E-2,1.6354858875274658E-2,null,null,null,null,null,null,null,null,null,4.2394199371337891,4.1935043334960938,4.213691234588623,4.8910984992980957,null,null,null,null,null,null,null,null,1.6039062789266143,2.0674220347564494,1.6932933888536819,0.73224716186523442,null,null,null,null,null,null,null,null,null,null,null,null,null,null,174,0,null,0,2.4401528760790825E-2,2.4401528760790825E-2,0.05,4.1935043334960938,4.1935043334960938,4,2.0674220347564494,2.0674220347564494,2.5]
["2018-06-24",0.40535101294517517,null,null,null,null,1.6656609252095222E-2,1.7903842031955719E-2,2.1263327449560165E-2,1.3719572685658932E-2,null,null,null,null,null,null,null,null,null,4.2109851837158203,4.1796379089355469,4.213691234588623,4.8920230865478516,null,null,null,null,null,null,null,null,1.623934695595189,2.0909620164991258,1.6722908666578391,0.72638854980468748,null,null,null,null,null,null,null,null,null,null,null,null,null,null,175,0,null,0,2.1263327449560165E-2,2.1263327449560165E-2,0.05,4.1796379089355469,4.1796379089355469,4,2.0909620164991258,2.0909620164991258,2.5]
["2018-06-25",0.54717361927032471,null,null,null,null,1.8628042191267014E-2,1.4242607168853283E-2,1.3458056375384331E-2,1.5932407230138779E-2,null,null,null,null,null,null,null,null,null,4.202268123626709,4.1796379089355469,4.2158064842224121,4.9181761741638184,null,null,null,null,null,null,null,null,1.6675390946237663,2.1348813283357688,1.6722908666578391,0.69458923339843748,null,null,null,null,null,null,null,null,null,null,null,null,null,null,176,0,null,0,1.8628042191267014E-2,1.8628042191267014E-2,0.05,4.1796379089355469,4.1796379089355469,4,2.1348813283357688,2.1348813283357688,2.5]
["2018-06-26",0.36712935566902161,null,null,null,null,1.5248442068696022E-2,1.4785757288336754E-2,null,1.4906457625329494E-2,null,null,null,null,null,null,null,null,null,4.202268123626709,4.1880755424499512,4.2158064842224121,4.9217071533203125,null,null,null,null,null,null,null,null,1.4815832863391285,1.8434666224888394,1.6925538928303498,0.69458923339843748,null,null,null,null,null,null,null,null,null,null,null,null,null,null,177,0,null,0,1.5248442068696022E-2,1.5248442068696022E-2,0.05,4.1880755424499512,4.1880755424499512,4,1.8434666224888394,1.8434666224888394,2.5]
["2018-06-27",0.57533693313598633,null,null,null,null,1.5047274529933929E-2,1.4041440561413765E-2,null,1.448400691151619E-2,null,null,null,null,null,null,null,null,null,4.2477593421936035,4.2455697059631348,4.2158064842224121,4.9522414207458496,null,null,null,null,null,null,null,null,1.4678078830832302,1.8048505085270581,1.6925538928303498,0.65358428955078129,null,null,null,null,null,null,null,null,null,null,null,null,null,null,178,0,null,0,1.5047274529933929E-2,1.5047274529933929E-2,0.05,4.2158064842224121,4.2158064842224121,4,1.8048505085270581,1.8048505085270581,2.5]
["2018-06-28",0.45161941647529602,null,null,null,null,1.55904246494174E-2,1.331724040210247E-2,null,1.3297122903168201E-2,null,null,null,null,null,null,null,null,null,4.200049877166748,4.176908016204834,4.2158064842224121,4.9227743148803711,null,null,null,null,null,null,null,null,1.4678078830832302,1.8048505085270581,1.6925538928303498,0.65358428955078129,null,null,null,null,null,null,null,null,null,null,null,null,null,null,179,0,null,0,1.55904246494174E-2,1.55904246494174E-2,0.05,4.176908016204834,4.176908016204834,4,1.8048505085270581,1.8048505085270581,2.5]
["2018-06-29",0.37417018413543701,null,null,null,null,1.5308791771531105E-2,1.518809050321579E-2,7.6664656400680542E-2,1.2995373457670212E-2,null,null,null,null,null,null,null,null,null,4.1757278442382813,4.1578230857849121,null,4.9227743148803711,null,null,null,null,null,null,null,null,1.6796182549518088,2.130671551353053,1.4741504375751202,0.69877319335937504,null,null,null,null,null,null,null,null,null,null,null,null,null,null,180,0,null,0,7.6664656400680542E-2,7.6664656400680542E-2,0.05,4.1578230857849121,4.1578230857849121,4,2.130671551353053,2.130671551353053,2.5]
["2018-06-30",0.40535101294517517,null,null,null,null,1.8265942111611366E-2,1.4001207426190376E-2,1.4282840304076672E-2,1.2975256890058517E-2,null,null,null,null,null,null,null,null,null,4.1757278442382813,4.1578230857849121,4.2365760803222656,4.9210410118103027,null,null,null,null,null,null,null,null,1.684226335797991,2.0707792084792565,1.4608001708984375,0.71216125488281246,null,null,null,null,null,null,null,null,null,null,null,null,null,null,181,0,null,0,1.8265942111611366E-2,1.8265942111611366E-2,0.05,4.1578230857849121,4.1578230857849121,4,2.0707792084792565,2.0707792084792565,2.5]
["2018-07-01",0.41943272948265076,null,null,null,null,1.6294507309794426E-2,1.7923958599567413E-2,2.0358076319098473E-2,1.9613759592175484E-2,null,null,null,null,null,null,null,null,null,4.1837096214294434,4.1614623069763184,4.3500099182128906,4.9105029106140137,null,null,null,null,null,null,null,null,1.682349909906802,2.0707792084792565,1.4590786204618567,0.71216125488281246,null,null,null,null,null,null,null,null,null,null,null,null,null,null,182,0,null,0,2.0358076319098473E-2,2.0358076319098473E-2,0.05,4.1614623069763184,4.1614623069763184,4,2.0707792084792565,2.0707792084792565,2.5]
["2018-07-02",2.8847315311431885,null,null,null,null,1.8970025703310966E-2,2.5427479296922684E-2,3.5928383469581604E-2,2.7620196342468262E-2,null,null,null,null,null,null,null,null,null,4.1718392372131348,4.1614623069763184,4.3500099182128906,4.9105029106140137,null,null,null,null,null,null,null,null,1.6611531575520833,2.0192070007324219,1.4241422925676619,0.70462951660156248,null,null,null,null,null,null,null,null,null,null,null,null,null,null,183,0,null,0,3.5928383469581604E-2,3.5928383469581604E-2,0.05,4.1614623069763184,4.1614623069763184,4,2.0192070007324219,2.0192070007324219,2.5]
["2018-07-03",2.233957052230835,null,null,null,null,1.5268558636307716E-2,2.297324500977993E-2,1.3598873279988766E-2,2.1786360070109367E-2,null,null,null,null,null,null,null,null,null,4.1718392372131348,4.1620774269104004,4.362576961517334,4.9061574935913086,null,null,null,null,null,null,null,null,1.6325503490010245,1.9875240325927734,1.4180929353921721,0.70462951660156248,null,null,null,null,null,null,null,null,null,null,null,null,null,null,184,0,null,0,2.297324500977993E-2,2.297324500977993E-2,0.05,4.1620774269104004,4.1620774269104004,4,1.9875240325927734,1.9875240325927734,2.5]
["2018-07-04",0.37618187069892883,null,null,null,null,1.60329919308424E-2,null,2.9511164873838425E-2,2.5427479296922684E-2,null,null,null,null,null,null,null,null,null,4.1572475433349609,4.1703276634216309,4.3304347991943359,4.8932976722717285,null,null,null,null,null,null,null,null,1.6174817085266113,1.9875240325927734,1.2656441084835508,0.71048736572265625,null,null,null,null,null,null,null,null,null,null,null,null,null,null,185,0,null,0,2.9511164873838425E-2,2.9511164873838425E-2,0.05,4.1572475433349609,4.1572475433349609,4,1.9875240325927734,1.9875240325927734,2.5]
["2018-07-05",2.817340612411499,null,null,null,null,1.5670891851186752E-2,null,2.2892778739333153E-2,2.8324279934167862E-2,null,null,null,null,null,null,null,null,null,4.1572475433349609,4.1703276634216309,4.3188748359680176,4.8932976722717285,null,null,null,null,null,null,null,null,1.4630057242921162,1.9875240325927734,1.2656441084835508,0.69877166748046871,null,null,null,null,null,null,null,null,null,null,null,null,null,null,186,0,null,0,2.8324279934167862E-2,2.8324279934167862E-2,0.05,4.1572475433349609,4.1572475433349609,4,1.9875240325927734,1.9875240325927734,2.5]
["2018-07-06",0.3942868709564209,null,null,null,null,1.5670891851186752E-2,null,1.5489840880036354E-2,1.772279292345047E-2,null,null,null,null,null,null,null,null,null,4.1584100723266602,4.1703276634216309,4.3032360076904297,4.8640580177307129,null,null,null,null,null,null,null,null,1.4630057242921162,1.9875240325927734,1.4242836556783538,0.69877166748046871,null,null,null,null,null,null,null,null,null,null,null,null,null,null,187,0,null,0,1.772279292345047E-2,1.772279292345047E-2,0.05,4.1584100723266602,4.1584100723266602,4,1.9875240325927734,1.9875240325927734,2.5]
["2018-07-07",0.37718769907951355,null,null,null,null,1.4262723736464977E-2,null,1.5530074015259743E-2,2.2872662171721458E-2,null,null,null,null,null,null,null,null,null,4.1584100723266602,4.1703276634216309,4.3032360076904297,4.8635807037353516,null,null,null,null,null,null,null,null,1.6298903220611092,1.9875240325927734,1.3531917572021486,0.72220458984375002,null,null,null,null,null,null,null,null,null,null,null,null,null,null,188,0,null,0,2.2872662171721458E-2,2.2872662171721458E-2,0.05,4.1584100723266602,4.1584100723266602,4,1.9875240325927734,1.9875240325927734,2.5]
["2018-07-08",0.38724601268768311,null,null,null,null,1.5228325501084328E-2,null,1.6113458201289177E-2,2.9511164873838425E-2,null,null,null,null,null,null,null,null,null,4.138695240020752,4.1703276634216309,4.2955374717712402,4.8635807037353516,null,null,null,null,null,null,null,null,1.647238050188337,1.9875240325927734,1.3531917572021486,0.69793548583984377,null,null,null,null,null,null,null,null,null,null,null,null,null,null,189,0,null,0,2.9511164873838425E-2,2.9511164873838425E-2,0.05,4.138695240020752,4.138695240020752,4,1.9875240325927734,1.9875240325927734,2.5]
["2018-07-09",1.8829209804534912,null,null,null,null,1.6857774928212166E-2,null,2.1162742748856544E-2,3.2830417156219482E-2,null,null,null,null,null,null,null,null,null,4.1255340576171875,4.1703276634216309,4.2905764579772949,4.859591007232666,null,null,null,null,null,null,null,null,1.6548070599955895,1.9875240325927734,1.4268551160342731,0.69793548583984377,null,null,null,null,null,null,null,null,null,null,null,null,null,null,190,0,null,0,3.2830417156219482E-2,3.2830417156219482E-2,0.05,4.1255340576171875,4.1255340576171875,4,1.9875240325927734,1.9875240325927734,2.5]
["2018-07-10",0.49487027525901794,null,null,null,null,1.5771474689245224E-2,null,1.5147857367992401E-2,2.5045264512300491E-2,null,null,null,null,null,null,null,null,null,4.0901994705200195,4.1703276634216309,4.2905764579772949,4.8385672569274902,null,null,null,null,null,null,null,null,1.6548070599955895,1.9875240325927734,1.4268551160342731,0.72890014648437496,null,null,null,null,null,null,null,null,null,null,null,null,null,null,191,0,null,0,2.5045264512300491E-2,2.5045264512300491E-2,0.05,4.0901994705200195,4.0901994705200195,4,1.9875240325927734,1.9875240325927734,2.5]
["2018-07-11",0.38825184106826782,null,null,null,null,1.6053108498454094E-2,6.1255279928445816E-2,1.462482288479805E-2,2.7921946719288826E-2,null,null,null,null,null,null,null,null,null,4.0901994705200195,4.1703276634216309,4.288851261138916,4.8385672569274902,null,null,null,null,null,null,null,null,1.6305148216985887,1.4147351239178632,1.4469729268492149,0.74145202636718754,null,null,null,null,null,null,null,null,null,null,null,null,null,null,192,0,null,0,6.1255279928445816E-2,6.1255279928445816E-2,0.05,4.0901994705200195,4.0901994705200195,4,1.6305148216985887,1.6305148216985887,2.5]
["2018-07-12",0.48280024528503418,null,null,null,null,null,5.0030175596475601E-2,1.6395092010498047E-2,2.5749348104000092E-2,null,null,null,null,null,null,null,null,null,4.1277246475219727,4.3225879669189453,4.2764902114868164,4.8705539703369141,null,null,null,null,null,null,null,null,1.6305148216985887,1.4147351239178632,1.4449078985985289,0.7305755615234375,null,null,null,null,null,null,null,null,null,null,null,null,null,null,193,0,null,{"$f":"$G$5","v":0},5.0030175596475601E-2,5.0030175596475601E-2,{"$f":"$G$6","v":0.05},4.1277246475219727,4.1277246475219727,4,1.6305148216985887,1.6305148216985887,2.5]
[{"$f":"A210+1","v":"2018-07-13"},1.2683564424514771,null,null,null,null,null,5.0854958593845367E-2,1.6395092010498047E-2,3.1522832810878754E-2,null,null,null,null,null,null,null,null,null,4.3735008239746094,4.3225879669189453,4.2605819702148438,4.8521161079406738,null,null,null,null,null,null,null,null,1.6305148216985887,1.5717172622680664,1.4406528029330941,0.72639007568359371,null,null,null,null,null,null,null,null,null,null,null,null,null,null,{"$f":"AX210+1","v":194},{"$f":"MAX(C211:F211)","v":0},null,0,{"$f":"MAX(G211:R211)","v":5.0854958593845367E-2},5.0854958593845367E-2,0.05,{"$f":"MIN(T211:AE211)","v":4.2605819702148438},4.2605819702148438,{"$f":"$G$8","v":4},{"$f":"MAX(AF211:AQ211)","v":1.6305148216985887},1.6305148216985887,{"$f":"$G$9","v":2.5}]
["2018-07-14",0.25045260787010193,null,null,null,null,null,2.5648763403296471E-2,1.6978474333882332E-2,3.5083483904600143E-2,null,null,null,null,null,null,null,null,null,4.3735008239746094,4.3234190940856934,4.2605819702148438,4.8347039222717285,null,null,null,null,null,null,null,null,1.6305148216985887,1.5540355682373048,1.2836598935334578,0.72639007568359371,null,null,null,null,null,null,null,null,null,null,null,null,null,null,195,0,null,0,3.5083483904600143E-2,3.5083483904600143E-2,0.05,4.2605819702148438,4.2605819702148438,4,1.6305148216985887,1.6305148216985887,2.5]
["2018-07-15",0.21524843573570251,null,null,null,null,null,1.7320457845926285E-2,2.0498894155025482E-2,2.5105612352490425E-2,null,null,null,null,null,null,null,null,null,4.3735008239746094,4.3234190940856934,4.2589373588562012,4.8274698257446289,null,null,null,null,null,null,null,null,1.6305148216985887,1.39950334264877,1.2836598935334578,0.73559417724609377,null,null,null,null,null,null,null,null,null,null,null,null,null,null,196,0,null,0,2.5105612352490425E-2,2.5105612352490425E-2,0.05,4.2589373588562012,4.2589373588562012,4,1.6305148216985887,1.6305148216985887,2.5]
["2018-07-16",4.6660633087158203,null,null,null,null,null,2.3798026144504547E-2,1.7239991575479507E-2,2.6855761185288429E-2,null,null,null,null,null,null,null,null,null,4.1277246475219727,4.3000507354736328,4.2589373588562012,4.8274698257446289,null,null,null,null,null,null,null,null,1.6305148216985887,1.39950334264877,1.4214380236639492,0.71132659912109375,null,null,null,null,null,null,null,null,null,null,null,null,null,null,197,0,null,0,2.6855761185288429E-2,2.6855761185288429E-2,0.05,4.1277246475219727,4.1277246475219727,4,1.6305148216985887,1.6305148216985887,2.5]
["2018-07-17",0.78153294324874878,null,null,null,null,null,2.0498894155025482E-2,2.0941460505127907E-2,2.1263327449560165E-2,null,null,null,null,null,null,null,null,null,4.1277246475219727,4.287543773651123,4.2122173309326172,4.8333745002746582,null,null,null,null,null,null,null,null,1.6305148216985887,1.5461876278831845,1.4214380236639492,0.71132659912109375,null,null,null,null,null,null,null,null,null,null,null,null,null,null,198,0,null,0,2.1263327449560165E-2,2.1263327449560165E-2,0.05,4.1277246475219727,4.1277246475219727,4,1.6305148216985887,1.6305148216985887,2.5]
["2018-07-18",1.0189096927642822,null,null,null,null,null,1.3498290441930294E-2,1.9613759592175484E-2,2.5266546756029129E-2,null,null,null,null,null,null,null,null,null,4.1277246475219727,4.2813243865966797,4.2122173309326172,4.822260856628418,null,null,null,null,null,null,null,null,1.6305148216985887,1.5461876278831845,1.472612067834655,0.73057403564453127,null,null,null,null,null,null,null,null,null,null,null,null,null,null,199,0,null,0,2.5266546756029129E-2,2.5266546756029129E-2,0.05,4.1277246475219727,4.1277246475219727,4,1.6305148216985887,1.6305148216985887,2.5]
["2018-07-19",0.74733453989028931,null,null,null,null,null,2.6191912591457367E-2,1.7642324790358543E-2,4.0012069046497345E-2,null,null,null,null,null,null,null,null,null,4.1277246475219727,4.2813243865966797,4.2130551338195801,4.821570873260498,null,null,null,null,null,null,null,null,1.6305148216985887,1.5577436174665178,1.4668851579938618,0.73057403564453127,null,null,null,null,null,null,null,null,null,null,null,null,null,null,200,0,null,0,4.0012069046497345E-2,4.0012069046497345E-2,0.05,4.1277246475219727,4.1277246475219727,4,1.6305148216985887,1.6305148216985887,2.5]
["2018-07-20",10.048279762268066,null,null,null,null,null,2.1484611555933952E-2,null,5.5542144924402237E-2,null,null,null,null,null,null,null,null,null,4.1277246475219727,4.2843050956726074,4.2150044441223145,4.8051061630249023,null,null,null,null,null,null,null,null,1.6305148216985887,1.6963997533765891,1.4668851579938618,0.70881347656250004,null,null,null,null,null,null,null,null,null,null,null,null,null,null,201,0,null,0,5.5542144924402237E-2,5.5542144924402237E-2,0.05,4.1277246475219727,4.1277246475219727,4,1.6963997533765891,1.6963997533765891,2.5]
["2018-07-21",0.62764030694961548,null,null,null,null,null,1.4302956871688366E-2,3.5365115851163864E-2,4.0776502341032028E-2,null,null,null,null,null,null,null,null,null,4.1277246475219727,4.3014111518859863,4.1517329216003418,4.7805805206298828,null,null,null,null,null,null,null,null,1.6305148216985887,1.6891849936777457,1.4668851579938618,0.70881347656250004,null,null,null,null,null,null,null,null,null,null,null,null,null,null,202,0,null,0,4.0776502341032028E-2,4.0776502341032028E-2,0.05,4.1277246475219727,4.1277246475219727,4,1.6891849936777457,1.6891849936777457,2.5]
["2018-07-22",0.61657613515853882,null,null,null,null,null,1.3075839728116989E-2,1.9110843539237976E-2,2.76604313403368E-2,null,null,null,null,null,null,null,null,null,4.1277246475219727,4.306220531463623,4.1517329216003418,4.7719159126281738,null,null,null,null,null,null,null,null,1.6305148216985887,1.5026081198512917,1.4203891238650759,0.70211944580078123,null,null,null,null,null,null,null,null,null,null,null,null,null,null,203,0,null,0,2.76604313403368E-2,2.76604313403368E-2,0.05,4.1277246475219727,4.1277246475219727,4,1.6305148216985887,1.6305148216985887,2.5]
["2018-07-23",2.7831423282623291,null,null,null,null,null,1.5208208933472633E-2,1.9975859671831131E-2,2.6332730427384377E-2,null,null,null,null,null,null,null,null,null,null,4.3010416030883789,4.2715344429016113,4.7719159126281738,null,null,null,null,null,null,null,null,1.5777258850386922,1.5026081198512917,1.4203891238650759,0.70211944580078123,null,null,null,null,null,null,null,null,null,null,null,null,null,null,204,0,null,0,2.6332730427384377E-2,2.6332730427384377E-2,0.05,4.2715344429016113,4.2715344429016113,4,1.5777258850386922,1.5777258850386922,2.5]
["2018-07-24",0.74129951000213623,null,null,null,null,null,1.8306175246834755E-2,1.9674109295010567E-2,1.7883725464344025E-2,null,null,null,null,null,null,null,null,null,3.9411945343017578,4.3010416030883789,4.2715344429016113,4.9074816703796387,null,null,null,null,null,null,null,null,1.5777258850386922,1.6204534877430308,1.6529262465918624,0.67115631103515627,null,null,null,null,null,null,null,null,null,null,null,null,null,null,205,0,null,0,1.9674109295010567E-2,1.9674109295010567E-2,0.05,3.9411945343017578,3.9411945343017578,4,1.6529262465918624,1.6529262465918624,2.5]
["2018-07-25",0.67290282249450684,null,null,null,null,null,1.6958357766270638E-2,2.1484611555933952E-2,1.7763026058673859E-2,null,null,null,null,null,null,null,null,null,3.9411945343017578,4.3826804161071777,4.2554264068603516,4.9505000114440918,null,null,null,null,null,null,null,null,1.304870417088638,1.6204534877430308,1.6813581194196427,0.67115631103515627,null,null,null,null,null,null,null,null,null,null,null,null,null,null,206,0,null,0,2.1484611555933952E-2,2.1484611555933952E-2,0.05,3.9411945343017578,3.9411945343017578,4,1.6813581194196427,1.6813581194196427,2.5]
["2018-07-26",0.41038021445274353,null,null,null,null,0.11665660887956619,1.8990142270922661E-2,2.0840877667069435E-2,1.7622208222746849E-2,null,null,null,null,null,null,null,null,null,4.0376987457275391,4.3241353034973145,4.2554264068603516,4.9206171035766602,null,null,null,null,null,null,null,null,1.1868104067715732,1.6234957377115886,1.6674174049686146,0.70714111328124996,null,null,null,null,null,null,null,null,null,null,null,null,null,null,207,0,null,0,0.11665660887956619,0.11665660887956619,0.05,4.0376987457275391,4.0376987457275391,4,1.6674174049686146,1.6674174049686146,2.5]
["2018-07-27",0.38825184106826782,null,null,null,null,5.6045066565275192E-2,1.4443773776292801E-2,1.3297122903168201E-2,1.5831824392080307E-2,null,null,null,null,null,null,null,null,null,4.0965323448181152,4.3144607543945313,4.3059992790222168,4.9206171035766602,null,null,null,null,null,null,null,null,1.1868104067715732,1.8851749625748504,1.6674174049686146,0.70128326416015629,null,null,null,null,null,null,null,null,null,null,null,null,null,null,208,0,null,0,5.6045066565275192E-2,5.6045066565275192E-2,0.05,4.0965323448181152,4.0965323448181152,4,1.8851749625748504,1.8851749625748504,2.5]
["2018-07-28",0.84892374277114868,null,null,null,null,3.6028966307640076E-2,1.7119292169809341E-2,2.3697445169091225E-2,1.7239991575479507E-2,null,null,null,null,null,null,null,null,null,4.440981388092041,4.3144607543945313,4.3059992790222168,4.9293665885925293,null,null,null,null,null,null,null,null,1.1753983931107954,1.8789245216709793,1.64549560546875,0.68956756591796875,null,null,null,null,null,null,null,null,null,null,null,null,null,null,209,0,null,0,3.6028966307640076E-2,3.6028966307640076E-2,0.05,4.3059992790222168,4.3059992790222168,4,1.8789245216709793,1.8789245216709793,2.5]
["2018-07-29",0.58237779140472412,null,null,null,null,8.3504326641559601E-2,1.9553409889340401E-2,3.1522832810878754E-2,2.6292497292160988E-2,null,null,null,null,null,null,null,null,null,4.4508166313171387,4.3153958320617676,4.3272080421447754,4.9324760437011719,null,null,null,null,null,null,null,null,1.0125930786132813,1.8568665126584611,1.4214380236639492,0.68956756591796875,null,null,null,null,null,null,null,null,null,null,null,null,null,null,210,0,null,0,8.3504326641559601E-2,8.3504326641559601E-2,0.05,4.3153958320617676,4.3153958320617676,4,1.8568665126584611,1.8568665126584611,2.5]
["2018-07-30",0.45966607332229614,null,null,null,null,6.9301947951316833E-2,2.0156910642981529E-2,3.1723998486995697E-2,3.2287266105413437E-2,null,null,null,null,null,null,null,null,null,4.5387320518493652,4.3493514060974121,4.2961516380310059,4.9043846130371094,null,null,null,null,null,null,null,null,1.0125930786132813,1.7771703546697444,1.4214380236639492,0.69375152587890621,null,null,null,null,null,null,null,null,null,null,null,null,null,null,211,0,null,0,6.9301947951316833E-2,6.9301947951316833E-2,0.05,4.2961516380310059,4.2961516380310059,4,1.7771703546697444,1.7771703546697444,2.5]
["2018-07-31",7.7046871185302734,null,null,null,null,5.2926972508430481E-2,2.0740292966365814E-2,2.6875879615545273E-2,3.6491651087999344E-2,null,null,null,null,null,null,null,null,null,4.5387320518493652,4.3424592018127441,4.2961516380310059,4.8874797821044922,null,null,null,null,null,null,null,null,0.99083633422851558,1.7558983394077845,1.5735613713498975,0.72471466064453127,null,null,null,null,null,null,null,null,null,null,null,null,null,null,212,0,null,0,5.2926972508430481E-2,5.2926972508430481E-2,0.05,4.2961516380310059,4.2961516380310059,4,1.7558983394077845,1.7558983394077845,2.5]
["2018-08-01",0.91329711675643921,null,null,null,null,null,1.8527459353208542E-2,3.5425469279289246E-2,2.2631261497735977E-2,null,null,null,null,null,null,null,null,null,4.4531126022338867,4.3365745544433594,4.3126258850097656,4.8874797821044922,null,null,null,null,null,null,null,null,0.99083633422851558,1.7543682420110127,1.5735613713498975,0.71216201782226563,null,null,null,null,null,null,null,null,null,null,null,null,null,null,213,0,null,0,3.5425469279289246E-2,3.5425469279289246E-2,0.05,4.3126258850097656,4.3126258850097656,4,1.7543682420110127,1.7543682420110127,2.5]
["2018-08-02",0.50392276048660278,null,null,null,null,5.8680344372987747E-2,1.9291892647743225E-2,3.1442366540431976E-2,1.6938241198658943E-2,null,null,null,null,null,null,null,null,null,4.4300541877746582,4.3239517211914063,4.2866449356079102,4.9026012420654297,null,null,null,null,null,null,null,null,1.0937675476074218,1.7543682420110127,1.5950265138045601,0.71216201782226563,null,null,null,null,null,null,null,null,null,null,null,null,null,null,214,0,null,0,5.8680344372987747E-2,5.8680344372987747E-2,0.05,4.2866449356079102,4.2866449356079102,4,1.7543682420110127,1.7543682420110127,2.5]
["2018-08-03",0.47877693176269531,null,null,null,null,4.8762820661067963E-2,2.3415811359882355E-2,3.9871253073215485E-2,2.8102999553084373E-2,null,null,null,null,null,null,null,null,null,4.4300541877746582,4.2996945381164551,4.2376446723937988,null,null,null,null,null,null,null,null,null,1.080754503441566,1.7391343550248579,1.6482378088909646,0.71216201782226563,null,null,null,null,null,null,null,null,null,null,null,null,null,null,215,0,null,0,4.8762820661067963E-2,4.8762820661067963E-2,0.05,4.2376446723937988,4.2376446723937988,4,1.7391343550248579,1.7391343550248579,2.5]
["2018-08-04",0.51196944713592529,null,null,null,null,null,2.3154294118285179E-2,4.0816735476255417E-2,2.9692213982343674E-2,null,null,null,null,null,null,null,null,null,4.4520778656005859,4.2996945381164551,4.2376446723937988,4.7505779266357422,null,null,null,null,null,null,null,null,1.080754503441566,1.7391343550248579,1.6115275974380237,0.97995529174804685,null,null,null,null,null,null,null,null,null,null,null,null,null,null,216,0,null,0,4.0816735476255417E-2,4.0816735476255417E-2,0.05,4.2376446723937988,4.2376446723937988,4,1.7391343550248579,1.7391343550248579,2.5]
["2018-08-05",0.51196944713592529,null,null,null,null,null,2.4723395705223083E-2,2.5688996538519859E-2,2.1665660664439201E-2,null,null,null,null,null,null,null,null,null,4.4520778656005859,4.3212413787841797,4.2513322830200195,4.7505779266357422,null,null,null,null,null,null,null,null,1.080754503441566,1.7793574333190918,1.6115275974380237,0.96147288446841039,null,null,null,null,null,null,null,null,null,null,null,null,null,null,217,0,null,0,2.5688996538519859E-2,2.5688996538519859E-2,0.05,4.2513322830200195,4.2513322830200195,4,1.7793574333190918,1.7793574333190918,2.5]
["2018-08-06",0.4013276994228363,null,null,null,null,null,2.0981693640351295E-2,2.7338564395904541E-2,2.7861597016453743E-2,null,null,null,null,null,null,null,null,null,4.4520778656005859,4.2984871864318848,4.2513322830200195,4.7316999435424805,null,null,null,null,null,null,null,null,1.080754503441566,1.7498305906732399,1.5472066125204398,0.96147288446841039,null,null,null,null,null,null,null,null,null,null,null,null,null,null,218,0,null,0,2.7861597016453743E-2,2.7861597016453743E-2,0.05,4.2513322830200195,4.2513322830200195,4,1.7498305906732399,1.7498305906732399,2.5]
["2018-08-07",0.43854355812072754,null,null,null,null,6.0450609773397446E-2,2.0961577072739601E-2,4.1903037577867508E-2,3.2367732375860214E-2,null,null,null,null,null,null,null,null,null,4.4520778656005859,4.2938909530639648,4.266998291015625,4.7042403221130371,null,null,null,null,null,null,null,null,1.080754503441566,1.7032714661010011,1.5472066125204398,0.95736007690429692,null,null,null,null,null,null,null,null,null,null,null,null,null,null,219,0,null,0,6.0450609773397446E-2,6.0450609773397446E-2,0.05,4.266998291015625,4.266998291015625,4,1.7032714661010011,1.7032714661010011,2.5]
["2018-08-08",0.33594849705696106,null,null,null,null,4.4457856565713882E-2,3.2589014619588852E-2,4.9688190221786499E-2,null,null,null,null,null,null,null,null,null,null,4.4147782325744629,4.2938909530639648,4.234555721282959,4.7042403221130371,null,null,null,null,null,null,null,null,1.0927784312855113,1.6552708512645657,1.5848788469197364,0.95736007690429692,null,null,null,null,null,null,null,null,null,null,null,null,null,null,220,0,null,0,4.9688190221786499E-2,4.9688190221786499E-2,0.05,4.234555721282959,4.234555721282959,4,1.6552708512645657,1.6552708512645657,2.5]
["2018-08-09",0.64775699377059937,null,null,null,null,2.1585194393992424E-2,2.2007644176483154E-2,2.5749348104000092E-2,2.8284046798944473E-2,null,null,null,null,null,null,null,null,null,4.4147782325744629,4.2992830276489258,4.234555721282959,4.7042403221130371,null,null,null,null,null,null,null,null,0.98413925170898442,1.6552708512645657,1.5813806782598081,0.54562988281250002,null,null,null,null,null,null,null,null,null,null,null,null,null,null,221,0,null,0,2.8284046798944473E-2,2.8284046798944473E-2,0.05,4.234555721282959,4.234555721282959,4,1.6552708512645657,1.6552708512645657,2.5]
["2018-08-10",1.8064776659011841,null,null,null,null,3.5888150334358215E-2,3.5988733172416687E-2,3.9126936346292496E-2,5.274592712521553E-2,null,null,null,null,null,null,null,null,null,4.473963737487793,4.2992830276489258,4.2324042320251465,4.9340758323669434,null,null,null,null,null,null,null,null,0.98413925170898442,1.6444155375162761,1.5809049700746443,0.54562988281250002,null,null,null,null,null,null,null,null,null,null,null,null,null,null,222,0,null,0,5.274592712521553E-2,5.274592712521553E-2,0.05,4.2324042320251465,4.2324042320251465,4,1.6444155375162761,1.6444155375162761,2.5]
["2018-08-11",0.88211625814437866,null,null,null,null,3.6350835114717484E-2,3.4781735390424728E-2,2.8424864634871483E-2,4.4357277452945709E-2,null,null,null,null,null,null,null,null,null,4.3310685157775879,4.1953768730163574,4.198702335357666,4.9340758323669434,null,null,null,null,null,null,null,null,1.1646738267482672,1.6444155375162761,1.5809049700746443,0.67952575683593752,null,null,null,null,null,null,null,null,null,null,null,null,null,null,223,0,null,0,4.4357277452945709E-2,4.4357277452945709E-2,0.05,4.1953768730163574,4.1953768730163574,4,1.6444155375162761,1.6444155375162761,2.5]
["2018-08-12",0.88211625814437866,null,null,null,null,2.8143232688307762E-2,4.8038624227046967E-2,2.8042647987604141E-2,4.355260357260704E-2,null,null,null,null,null,null,null,null,null,4.3008222579956055,4.1834015846252441,4.1213622093200684,4.9632420539855957,null,null,null,null,null,null,null,null,1.2565462517015862,1.7726079767400569,1.6347831903501999,0.67366790771484375,null,null,null,null,null,null,null,null,null,null,null,null,null,null,224,0,null,0,4.8038624227046967E-2,4.8038624227046967E-2,0.05,4.1213622093200684,4.1213622093200684,4,1.7726079767400569,1.7726079767400569,2.5]
["2018-08-13",1.9402536153793335,null,null,null,null,3.6974452435970306E-2,2.0498894155025482E-2,2.9068598523736E-2,5.2182659506797791E-2,null,null,null,null,null,null,null,null,null,4.277463436126709,4.1632680892944336,4.1154723167419434,4.9564447402954102,null,null,null,null,null,null,null,null,1.2751007080078125,1.7973682379267018,1.70630743337232,0.6493988037109375,null,null,null,null,null,null,null,null,null,null,null,null,null,null,225,0,null,0,5.2182659506797791E-2,5.2182659506797791E-2,0.05,4.1154723167419434,4.1154723167419434,4,1.7973682379267018,1.7973682379267018,2.5]
["2018-08-14",2.0327901840209961,null,null,null,null,3.7658419460058212E-2,1.6636490821838379E-2,2.9551398009061813E-2,5.930396169424057E-2,null,null,null,null,null,null,null,null,null,4.277463436126709,4.1632680892944336,4.1154723167419434,4.8434901237487793,null,null,null,null,null,null,null,null,1.2317098698145907,1.8162847448278356,1.7503795943446665,0.6493988037109375,null,null,null,null,null,null,null,null,null,null,null,null,null,null,226,0,null,0,5.930396169424057E-2,5.930396169424057E-2,0.05,4.1154723167419434,4.1154723167419434,4,1.8162847448278356,1.8162847448278356,2.5]
["2018-08-15",0.97968214750289917,null,null,null,null,2.5910280644893646E-2,1.4926574192941189E-2,2.8626030310988426E-2,3.6491651087999344E-2,null,null,null,null,null,null,null,null,null,4.279414176940918,4.1698179244995117,4.0449666976928711,4.8434901237487793,null,null,null,null,null,null,null,null,1.2236330689502364,1.8234579186690481,1.7695645419034089,0.66362609863281252,null,null,null,null,null,null,null,null,null,null,null,null,null,null,227,0,null,0,3.6491651087999344E-2,3.6491651087999344E-2,0.05,4.0449666976928711,4.0449666976928711,4,1.8234579186690481,1.8234579186690481,2.5]
["2018-08-16",0.91832625865936279,null,null,null,null,3.8261920213699341E-2,3.0939448624849319E-2,4.2426072061061859E-2,5.5200155824422836E-2,null,null,null,null,null,null,null,null,null,4.2617545127868652,4.1712784767150879,4.0449666976928711,4.8328485488891602,null,null,null,null,null,null,null,null,1.2236330689502364,1.8169924509611062,1.7559891173293469,0.57575378417968748,null,null,null,null,null,null,null,null,null,null,null,null,null,null,228,0,null,0,5.5200155824422836E-2,5.5200155824422836E-2,0.05,4.0449666976928711,4.0449666976928711,4,1.8169924509611062,1.8169924509611062,2.5]
["2018-08-17",28.01850700378418,null,null,null,null,3.4560449421405792E-2,1.7199758440256119E-2,4.1561055928468704E-2,5.4737478494644165E-2,null,null,null,null,null,null,null,null,null,4.2617545127868652,4.1548914909362793,4.1099152565002441,4.8328485488891602,null,null,null,null,null,null,null,null,1.261428521603954,1.8098251729071895,1.7379731236241798,0.56989746093750004,null,null,null,null,null,null,null,null,null,null,null,null,null,null,229,0,null,0,5.4737478494644165E-2,5.4737478494644165E-2,0.05,4.1099152565002441,4.1099152565002441,4,1.8098251729071895,1.8098251729071895,2.5]
["2018-08-18",0.78656208515167236,null,null,null,null,2.7338564395904541E-2,1.289479061961174E-2,6.6747136414051056E-2,2.2671494632959366E-2,null,null,null,null,null,null,null,null,null,4.2652754783630371,4.1548914909362793,4.0672769546508789,4.853518009185791,null,null,null,null,null,null,null,null,1.1467726755950411,1.7588938638835609,1.7379731236241798,0.56989746093750004,null,null,null,null,null,null,null,null,null,null,null,null,null,null,230,0,null,0,6.6747136414051056E-2,6.6747136414051056E-2,0.05,4.0672769546508789,4.0672769546508789,4,1.7588938638835609,1.7588938638835609,2.5]
["2018-08-19",13.839266777038574,null,null,null,null,4.3331321328878403E-2,9.9959760904312134E-2,1.8768860027194023E-2,2.3657212033867836E-2,null,null,null,null,null,null,null,null,null,4.342681884765625,4.1366896629333496,4.0672769546508789,4.853518009185791,null,null,null,null,null,null,null,null,1.1225635679807957,1.7588938638835609,1.6880389471739037,0.56403808593750004,null,null,null,null,null,null,null,null,null,null,null,null,null,null,231,0,null,0,9.9959760904312134E-2,9.9959760904312134E-2,0.05,4.0672769546508789,4.0672769546508789,4,1.7588938638835609,1.7588938638835609,2.5]
["2018-08-20",5.5351037979125977,null,null,null,null,null,2.1544961258769035E-2,1.6354858875274658E-2,1.3538523577153683E-2,null,null,null,null,null,null,null,null,null,4.3563365936279297,4.1366896629333496,4.2767267227172852,4.8981661796569824,null,null,null,null,null,null,null,null,1.1225635679807957,1.7603627041246763,1.6880389471739037,0.56403808593750004,null,null,null,null,null,null,null,null,null,null,null,null,null,null,232,0,null,0,2.1544961258769035E-2,2.1544961258769035E-2,0.05,4.1366896629333496,4.1366896629333496,4,1.7603627041246763,1.7603627041246763,2.5]
["2018-08-21",1.3417823314666748,null,null,null,null,null,1.5952523797750473E-2,1.4202374033629894E-2,1.9613759592175484E-2,null,null,null,null,null,null,null,null,null,4.2562460899353027,4.3350973129272461,4.2767267227172852,4.8981661796569824,null,null,null,null,null,null,null,null,1.1225635679807957,1.9697048045970778,1.6419321967956217,0.55650634765625007,null,null,null,null,null,null,null,null,null,null,null,null,null,null,233,0,null,0,1.9613759592175484E-2,1.9613759592175484E-2,0.05,4.2562460899353027,4.2562460899353027,4,1.9697048045970778,1.9697048045970778,2.5]
["2018-08-22",1.0681954622268677,null,null,null,null,5.1036011427640915E-2,2.2872662171721458E-2,2.0639710128307343E-2,2.1746126934885979E-2,null,null,null,null,null,null,null,null,null,4.1885790824890137,4.3554792404174805,4.3320541381835938,4.9728484153747559,null,null,null,null,null,null,null,null,1.2147252009465144,1.9253176253362998,1.6419321967956217,0.55650634765625007,null,null,null,null,null,null,null,null,null,null,null,null,null,null,234,0,null,0,5.1036011427640915E-2,5.1036011427640915E-2,0.05,4.1885790824890137,4.1885790824890137,4,1.9253176253362998,1.9253176253362998,2.5]
["2018-08-23",1.4584590196609497,null,null,null,null,2.4341177195310593E-2,2.2249044850468636E-2,1.8326291814446449E-2,2.3053711280226707E-2,null,null,null,null,null,null,null,null,null,4.1885790824890137,4.300633430480957,4.3063483238220215,5.0156803131103516,null,null,null,null,null,null,null,null,1.368660641156034,1.9253176253362998,1.6448501060748921,0.65525512695312504,null,null,null,null,null,null,null,null,null,null,null,null,null,null,235,0,null,0,2.4341177195310593E-2,2.4341177195310593E-2,0.05,4.1885790824890137,4.1885790824890137,4,1.9253176253362998,1.9253176253362998,2.5]
["2018-08-24",0.79159122705459595,null,null,null,null,2.4763628840446472E-2,2.25507952272892E-2,3.3353451639413834E-2,2.1927177906036377E-2,null,null,null,null,null,null,null,null,null,4.462242603302002,4.300633430480957,4.3027315139770508,5.0226373672485352,null,null,null,null,null,null,null,null,1.4096903167994677,2.2297465006510415,1.8265442077271239,0.64019317626953121,null,null,null,null,null,null,null,null,null,null,null,null,null,null,236,0,null,0,3.3353451639413834E-2,3.3353451639413834E-2,0.05,4.300633430480957,4.300633430480957,4,2.2297465006510415,2.2297465006510415,2.5]
["2018-08-25",21.071212768554688,null,null,null,null,3.9328102022409439E-2,1.9835043698549271E-2,2.7962179854512215E-2,3.3956948667764664E-2,null,null,null,null,null,null,null,null,null,4.4669632911682129,4.3252592086791992,4.3027315139770508,5.0223565101623535,null,null,null,null,null,null,null,null,1.3114119739067263,2.0596489153410258,1.7369563080543695,0.64019317626953121,null,null,null,null,null,null,null,null,null,null,null,null,null,null,237,0,null,0,3.9328102022409439E-2,3.9328102022409439E-2,0.05,4.3027315139770508,4.3027315139770508,4,2.0596489153410258,2.0596489153410258,2.5]
["2018-08-26",2.1404142379760742,null,null,null,null,4.4075638055801392E-2,2.1021926775574684E-2,5.6407161056995392E-2,3.0074432492256165E-2,null,null,null,null,null,null,null,null,null,4.4932847023010254,4.3369507789611816,4.3520059585571289,5.0223565101623535,null,null,null,null,null,null,null,null,1.2188204690133881,1.9099964815027572,1.7369563080543695,0.63935546875000004,null,null,null,null,null,null,null,null,null,null,null,null,null,null,238,0,null,0,5.6407161056995392E-2,5.6407161056995392E-2,0.05,4.3369507789611816,4.3369507789611816,4,1.9099964815027572,1.9099964815027572,2.5]
["2018-08-27",0.43150269985198975,null,null,null,null,7.0971637964248657E-2,1.6857774928212166E-2,4.9386445432901382E-2,3.1542949378490448E-2,null,null,null,null,null,null,null,null,null,4.5004181861877441,4.3637757301330566,4.3520059585571289,4.9724917411804199,null,null,null,null,null,null,null,null,1.2188204690133881,1.8691411832483804,1.5400794244581655,0.63935546875000004,null,null,null,null,null,null,null,null,null,null,null,null,null,null,239,0,null,0,7.0971637964248657E-2,7.0971637964248657E-2,0.05,4.3520059585571289,4.3520059585571289,4,1.8691411832483804,1.8691411832483804,2.5]
["2018-08-28",0.30778515338897705,null,null,null,null,3.8402736186981201E-2,1.6374975442886353E-2,4.7917924821376801E-2,3.0195131897926331E-2,null,null,null,null,null,null,null,null,null,4.4865317344665527,4.3637757301330566,4.3308157920837402,4.9724917411804199,null,null,null,null,null,null,null,null,1.2197426573870933,1.8453332933328919,1.5400794244581655,0.68203582763671877,null,null,null,null,null,null,null,null,null,null,null,null,null,null,240,0,null,0,4.7917924821376801E-2,4.7917924821376801E-2,0.05,4.3308157920837402,4.3308157920837402,4,1.8453332933328919,1.8453332933328919,2.5]
["2018-08-29",0.42446187138557434,null,null,null,null,6.3729628920555115E-2,null,3.1221082434058189E-2,3.8362503051757813E-2,null,null,null,null,null,null,null,null,null,4.4865317344665527,4.3655009269714355,4.3308157920837402,5.0025014877319336,null,null,null,null,null,null,null,null,1.2197426573870933,1.8453332933328919,1.6850539385262182,0.65525665283203127,null,null,null,null,null,null,null,null,null,null,null,null,null,null,241,0,null,0,6.3729628920555115E-2,6.3729628920555115E-2,0.05,4.3308157920837402,4.3308157920837402,4,1.8453332933328919,1.8453332933328919,2.5]
["2018-08-30",49.968818664550781,null,null,null,null,5.0050292164087296E-2,null,2.4803861975669861E-2,2.494467981159687E-2,null,null,null,null,null,null,null,null,null,4.4937639236450195,4.3655009269714355,4.3195247650146484,4.9720749855041504,null,null,null,null,null,null,null,null,1.2384751087098609,1.8453332933328919,1.6850539385262182,0.65525665283203127,null,null,null,null,null,null,null,null,null,null,null,null,null,null,242,0,null,0,5.0050292164087296E-2,5.0050292164087296E-2,0.05,4.3195247650146484,4.3195247650146484,4,1.8453332933328919,1.8453332933328919,2.5]
["2018-08-31",1.0873063802719116,null,null,null,null,3.9931602776050568E-2,null,1.9855160266160965E-2,2.4683162569999695E-2,null,null,null,null,null,null,null,null,null,4.4845986366271973,4.3655009269714355,4.3195247650146484,4.9720749855041504,null,null,null,null,null,null,null,null,1.1573084389291157,1.8453332933328919,1.7016026011684486,0.69124145507812496,null,null,null,null,null,null,null,null,null,null,null,null,null,null,243,0,null,0,3.9931602776050568E-2,3.9931602776050568E-2,0.05,4.3195247650146484,4.3195247650146484,4,1.8453332933328919,1.8453332933328919,2.5]
["2018-09-01",0.28163349628448486,null,null,null,null,5.0291690975427628E-2,null,1.8125126138329506E-2,1.9975859671831131E-2,null,null,null,null,null,null,null,null,null,4.3793067932128906,4.3655009269714355,4.2385506629943848,4.8708162307739258,null,null,null,null,null,null,null,null,1.1573084389291157,1.8453332933328919,1.7016026011684486,0.69124145507812496,null,null,null,null,null,null,null,null,null,null,null,null,null,null,244,0,null,0,5.0291690975427628E-2,5.0291690975427628E-2,0.05,4.2385506629943848,4.2385506629943848,4,1.8453332933328919,1.8453332933328919,2.5]
["2018-09-02",0.45765438675880432,null,null,null,null,3.291088342666626E-2,null,1.7964191734790802E-2,1.8446993082761765E-2,null,null,null,null,null,null,null,null,null,4.3793067932128906,4.3655009269714355,4.2385506629943848,4.8708162307739258,null,null,null,null,null,null,null,null,1.2511127519409686,1.8453332933328919,1.7491587654488985,0.64270477294921879,null,null,null,null,null,null,null,null,null,null,null,null,null,null,245,0,null,0,3.291088342666626E-2,3.291088342666626E-2,0.05,4.2385506629943848,4.2385506629943848,4,1.8453332933328919,1.8453332933328919,2.5]
["2018-09-03",0.48984107375144958,null,null,null,null,2.001609280705452E-2,null,1.5147857367992401E-2,1.4584589749574661E-2,null,null,null,null,null,null,null,null,null,4.3672676086425781,4.3655009269714355,4.205324649810791,4.9576849937438965,null,null,null,null,null,null,null,null,1.2511127519409686,1.8453332933328919,1.7491587654488985,0.60337066650390625,null,null,null,null,null,null,null,null,null,null,null,null,null,null,246,0,null,0,2.001609280705452E-2,2.001609280705452E-2,0.05,4.205324649810791,4.205324649810791,4,1.8453332933328919,1.8453332933328919,2.5]
["2018-09-04",0.51297527551651001,null,null,null,null,2.353651262819767E-2,null,1.6012875363230705E-2,1.6053108498454094E-2,null,null,null,null,null,null,null,null,null,4.3261089324951172,4.3655009269714355,4.205324649810791,4.9646792411804199,null,null,null,null,null,null,null,null,1.2770076898428109,1.8453332933328919,1.7621598062635977,0.59918670654296879,null,null,null,null,null,null,null,null,null,null,null,null,null,null,247,0,null,0,2.353651262819767E-2,2.353651262819767E-2,0.05,4.205324649810791,4.205324649810791,4,1.8453332933328919,1.8453332933328919,2.5]
["2018-09-05",1.6334742307662964,null,null,null,null,2.7298329398036003E-2,null,1.5268558636307716E-2,1.8064776435494423E-2,null,null,null,null,null,null,null,null,null,4.3261089324951172,4.3655009269714355,4.1803827285766602,4.9876890182495117,null,null,null,null,null,null,null,null,1.341314422950316,1.8453332933328919,1.8011370572176848,0.57742919921875002,null,null,null,null,null,null,null,null,null,null,null,null,null,null,248,0,null,0,2.7298329398036003E-2,2.7298329398036003E-2,0.05,4.1803827285766602,4.1803827285766602,4,1.8453332933328919,1.8453332933328919,2.5]
["2018-09-06",5.3178434371948242,null,null,null,null,null,null,1.5328908339142799E-2,1.7501508817076683E-2,null,null,null,null,null,null,null,null,null,4.3424239158630371,4.3655009269714355,4.1803827285766602,5.0080585479736328,null,null,null,null,null,null,null,null,1.341314422950316,1.8453332933328919,1.8082005637032643,0.55985412597656248,null,null,null,null,null,null,null,null,null,null,null,null,null,null,249,0,null,0,1.7501508817076683E-2,1.7501508817076683E-2,0.05,4.1803827285766602,4.1803827285766602,4,1.8453332933328919,1.8453332933328919,2.5]
["2018-09-07",14.33514404296875,null,null,null,null,null,null,1.3719572685658932E-2,1.375980582088232E-2,null,null,null,null,null,null,null,null,null,4.3424239158630371,4.3655009269714355,4.2246279716491699,5.015681266784668,null,null,null,null,null,null,null,null,1.341314422950316,1.2054837439671036,1.808850306161442,0.55985412597656248,null,null,null,null,null,null,null,null,null,null,null,null,null,null,250,0,null,0,1.375980582088232E-2,1.375980582088232E-2,0.05,4.2246279716491699,4.2246279716491699,4,1.808850306161442,1.808850306161442,2.5]
["2018-09-08",0.62764030694961548,null,null,null,null,null,null,1.319654006510973E-2,1.3136190362274647E-2,null,null,null,null,null,null,null,null,null,4.3424239158630371,3.711550235748291,4.2041797637939453,5.0125322341918945,null,null,null,null,null,null,null,null,1.341314422950316,1.1738554022947332,1.808850306161442,0.56403961181640627,null,null,null,null,null,null,null,null,null,null,null,null,null,null,251,0,null,0,1.319654006510973E-2,1.319654006510973E-2,0.05,3.711550235748291,3.711550235748291,4,1.808850306161442,1.808850306161442,2.5]
["2018-09-09",0.72822368144989014,null,null,null,null,null,9.555421769618988E-3,1.1406156234443188E-2,1.3116072863340378E-2,null,null,null,null,null,null,null,null,null,4.3424239158630371,3.6838359832763672,4.1980447769165039,5.0125322341918945,null,null,null,null,null,null,null,null,1.341314422950316,1.1738554022947332,1.8592751544454822,0.55818023681640616,null,null,null,null,null,null,null,null,null,null,null,null,null,null,252,0,null,0,1.3116072863340378E-2,1.3116072863340378E-2,0.05,3.6838359832763672,3.6838359832763672,4,1.8592751544454822,1.8592751544454822,2.5]
["2018-09-10",0.87406963109970093,null,null,null,null,null,null,1.3156306929886341E-2,1.5147857367992401E-2,null,null,null,null,null,null,null,null,null,4.3424239158630371,3.6081993579864502,4.1918740272521973,5.0281467437744141,null,null,null,null,null,null,null,null,1.341314422950316,1.1181713822143104,1.8929314174535086,0.55818023681640616,null,null,null,null,null,null,null,null,null,null,null,null,null,null,253,0,null,0,1.5147857367992401E-2,1.5147857367992401E-2,0.05,3.6081993579864502,3.6081993579864502,4,1.8929314174535086,1.8929314174535086,2.5]
["2018-09-11",1.0450613498687744,null,null,null,null,null,null,1.3800038956105709E-2,1.7058942466974258E-2,null,null,null,null,null,null,null,null,null,4.3424239158630371,3.6081993579864502,4.1825900077819824,4.9704203605651855,null,null,null,null,null,null,null,null,1.341314422950316,1.1007207753706953,1.895168118360566,0.5581817626953125,null,null,null,null,null,null,null,null,null,null,null,null,null,null,254,0,null,0,1.7058942466974258E-2,1.7058942466974258E-2,0.05,3.6081993579864502,3.6081993579864502,4,1.895168118360566,1.895168118360566,2.5]
["2018-09-12",0.82780122756958008,null,null,null,null,null,9.555421769618988E-3,1.9171193242073059E-2,1.518809050321579E-2,null,null,null,null,null,null,null,null,null,4.3424239158630371,3.6602821350097656,4.169029712677002,4.9704203605651855,null,null,null,null,null,null,null,null,1.341314422950316,1.0547894049870252,1.895168118360566,0.53726043701171877,null,null,null,null,null,null,null,null,null,null,null,null,null,null,255,0,null,0,1.9171193242073059E-2,1.9171193242073059E-2,0.05,3.6602821350097656,3.6602821350097656,4,1.895168118360566,1.895168118360566,2.5]
["2018-09-13",6.9412598609924316,null,null,null,null,null,5.686984583735466E-2,1.2794207781553268E-2,3.7054918706417084E-2,null,null,null,null,null,null,null,null,null,4.3424239158630371,3.6602821350097656,4.169029712677002,4.9613981246948242,null,null,null,null,null,null,null,null,1.341314422950316,1.0602928161621092,1.8964671402526416,0.53726043701171877,null,null,null,null,null,null,null,null,null,null,null,null,null,null,256,0,null,0,5.686984583735466E-2,5.686984583735466E-2,0.05,3.6602821350097656,3.6602821350097656,4,1.8964671402526416,1.8964671402526416,2.5]
["2018-09-14",0.81170785427093506,null,null,null,null,null,1.4423657208681107E-2,1.1305573396384716E-2,1.3357473537325859E-2,null,null,null,null,null,null,null,null,null,4.3424239158630371,4.4761643409729004,4.1139402389526367,4.9613981246948242,null,null,null,null,null,null,null,null,1.341314422950316,1.0814043995348388,1.9470384995714367,0.54395446777343748,null,null,null,null,null,null,null,null,null,null,null,null,null,null,257,0,null,{"$f":"$G$5","v":0},1.4423657208681107E-2,1.4423657208681107E-2,{"$f":"$G$6","v":0.05},4.1139402389526367,4.1139402389526367,4,1.9470384995714367,1.9470384995714367,2.5]
[{"$f":"A274+1","v":"2018-09-15"},0.85797625780105591,null,null,null,null,null,1.41822574660182E-2,1.1144638992846012E-2,1.3840273953974247E-2,null,null,null,null,null,null,null,null,null,4.3424239158630371,4.4761643409729004,4.1139402389526367,4.976466178894043,null,null,null,null,null,null,null,null,1.341314422950316,1.2246880411099987,1.94525738151706,0.54395446777343748,null,null,null,null,null,null,null,null,null,null,null,null,null,null,{"$f":"AX274+1","v":258},{"$f":"MAX(C275:F275)","v":0},null,0,{"$f":"MAX(G275:R275)","v":1.41822574660182E-2},1.41822574660182E-2,0.05,{"$f":"MIN(T275:AE275)","v":4.1139402389526367},4.1139402389526367,{"$f":"$G$8","v":4},{"$f":"MAX(AF275:AQ275)","v":1.94525738151706},1.94525738151706,{"$f":"$G$9","v":2.5}]
["2018-09-16",1.417219877243042,null,null,null,null,null,1.4665056020021439E-2,1.0963588953018188E-2,1.3277006335556507E-2,null,null,null,null,null,null,null,null,null,4.3424239158630371,4.5115413665771484,4.1295261383056641,5.0029435157775879,null,null,null,null,null,null,null,null,1.341314422950316,1.2246880411099987,1.9290699678308822,0.54897460937499998,null,null,null,null,null,null,null,null,null,null,null,null,null,null,259,0,null,0,1.4665056020021439E-2,1.4665056020021439E-2,0.05,4.1295261383056641,4.1295261383056641,4,1.9290699678308822,1.9290699678308822,2.5]
["2018-09-17",1.0782538652420044,null,null,null,null,null,1.5489840880036354E-2,1.4282840304076672E-2,1.6958357766270638E-2,null,null,null,null,null,null,null,null,null,4.3424239158630371,4.5045170783996582,4.1425895690917969,5.0026183128356934,null,null,null,null,null,null,null,null,1.341314422950316,1.1914866087866611,1.8997228427196111,0.54897613525390621,null,null,null,null,null,null,null,null,null,null,null,null,null,null,260,0,null,0,1.6958357766270638E-2,1.6958357766270638E-2,0.05,4.1425895690917969,4.1425895690917969,4,1.8997228427196111,1.8997228427196111,2.5]
["2018-09-18",null,null,null,null,null,null,null,null,null,null,null,null,null,null,null,null,null,null,null,null,null,null,null,null,null,null,null,null,null,null,null,null,null,null,null,null,null,null,null,null,null,null,null,null,null,null,null,null,261,0,null,0,0,null,0.05,0,null,4,0,null,2.5]
["2018-09-19",null,null,null,null,null,null,null,null,null,null,null,null,null,null,null,null,null,null,null,null,null,null,null,null,null,null,null,null,null,null,null,null,null,null,null,null,null,null,null,null,null,null,null,null,null,null,null,null,262,0,null,0,0,null,0.05,0,null,4,0,null,2.5]
["2018-09-20",null,null,null,null,null,null,null,null,null,null,null,null,null,null,null,null,null,null,null,null,null,null,null,null,null,null,null,null,null,null,null,null,null,null,null,null,null,null,null,null,null,null,null,null,null,null,null,null,263,0,null,0,0,null,0.05,0,null,4,0,null,2.5]
["2018-09-21",null,null,null,null,null,null,null,null,null,null,null,null,null,null,null,null,null,null,null,null,null,null,null,null,null,null,null,null,null,null,null,null,null,null,null,null,null,null,null,null,null,null,null,null,null,null,null,null,264,0,null,0,0,null,0.05,0,null,4,0,null,2.5]
["2018-09-22",null,null,null,null,null,null,null,null,null,null,null,null,null,null,null,null,null,null,null,null,null,null,null,null,null,null,null,null,null,null,null,null,null,null,null,null,null,null,null,null,null,null,null,null,null,null,null,null,265,0,null,0,0,null,0.05,0,null,4,0,null,2.5]
["2018-09-23",null,null,null,null,null,null,null,null,null,null,null,null,null,null,null,null,null,null,null,null,null,null,null,null,null,null,null,null,null,null,null,null,null,null,null,null,null,null,null,null,null,null,null,null,null,null,null,null,266,0,null,0,0,null,0.05,0,null,4,0,null,2.5]
["2018-09-24",null,null,null,null,null,null,null,null,null,null,null,null,null,null,null,null,null,null,null,null,null,null,null,null,null,null,null,null,null,null,null,null,null,null,null,null,null,null,null,null,null,null,null,null,null,null,null,null,267,0,null,0,0,null,0.05,0,null,4,0,null,2.5]
["2018-09-25",null,null,null,null,null,null,null,null,null,null,null,null,null,null,null,null,null,null,null,null,null,null,null,null,null,null,null,null,null,null,null,null,null,null,null,null,null,null,null,null,null,null,null,null,null,null,null,null,268,0,null,0,0,null,0.05,0,null,4,0,null,2.5]
["2018-09-26",null,null,null,null,null,null,null,null,null,null,null,null,null,null,null,null,null,null,null,null,null,null,null,null,null,null,null,null,null,null,null,null,null,null,null,null,null,null,null,null,null,null,null,null,null,null,null,null,269,0,null,0,0,null,0.05,0,null,4,0,null,2.5]
["2018-09-27",null,null,null,null,null,null,null,null,null,null,null,null,null,null,null,null,null,null,null,null,null,null,null,null,null,null,null,null,null,null,null,null,null,null,null,null,null,null,null,null,null,null,null,null,null,null,null,null,270,0,null,0,0,null,0.05,0,null,4,0,null,2.5]
["2018-09-28",null,null,null,null,null,null,null,null,null,null,null,null,null,null,null,null,null,null,null,null,null,null,null,null,null,null,null,null,null,null,null,null,null,null,null,null,null,null,null,null,null,null,null,null,null,null,null,null,271,0,null,0,0,null,0.05,0,null,4,0,null,2.5]
["2018-09-29",null,null,null,null,null,null,null,null,null,null,null,null,null,null,null,null,null,null,null,null,null,null,null,null,null,null,null,null,null,null,null,null,null,null,null,null,null,null,null,null,null,null,null,null,null,null,null,null,272,0,null,0,0,null,0.05,0,null,4,0,null,2.5]
["2018-09-30",null,null,null,null,null,null,null,null,null,null,null,null,null,null,null,null,null,null,null,null,null,null,null,null,null,null,null,null,null,null,null,null,null,null,null,null,null,null,null,null,null,null,null,null,null,null,null,null,273,0,null,0,0,null,0.05,0,null,4,0,null,2.5]
["2018-10-01",null,null,null,null,null,null,null,null,null,null,null,null,null,null,null,null,null,null,null,null,null,null,null,null,null,null,null,null,null,null,null,null,null,null,null,null,null,null,null,null,null,null,null,null,null,null,null,null,274,0,null,0,0,null,0.05,0,null,4,0,null,2.5]
["2018-10-02",null,null,null,null,null,null,null,null,null,null,null,null,null,null,null,null,null,null,null,null,null,null,null,null,null,null,null,null,null,null,null,null,null,null,null,null,null,null,null,null,null,null,null,null,null,null,null,null,275,0,null,0,0,null,0.05,0,null,4,0,null,2.5]
["2018-10-03",null,null,null,null,null,null,null,null,null,null,null,null,null,null,null,null,null,null,null,null,null,null,null,null,null,null,null,null,null,null,null,null,null,null,null,null,null,null,null,null,null,null,null,null,null,null,null,null,276,0,null,0,0,null,0.05,0,null,4,0,null,2.5]
["2018-10-04",null,null,null,null,null,null,null,null,null,null,null,null,null,null,null,null,null,null,null,null,null,null,null,null,null,null,null,null,null,null,null,null,null,null,null,null,null,null,null,null,null,null,null,null,null,null,null,null,277,0,null,0,0,null,0.05,0,null,4,0,null,2.5]
["2018-10-05",null,null,null,null,null,null,null,null,null,null,null,null,null,null,null,null,null,null,null,null,null,null,null,null,null,null,null,null,null,null,null,null,null,null,null,null,null,null,null,null,null,null,null,null,null,null,null,null,278,0,null,0,0,null,0.05,0,null,4,0,null,2.5]
["2018-10-06",null,null,null,null,null,null,null,null,null,null,null,null,null,null,null,null,null,null,null,null,null,null,null,null,null,null,null,null,null,null,null,null,null,null,null,null,null,null,null,null,null,null,null,null,null,null,null,null,279,0,null,0,0,null,0.05,0,null,4,0,null,2.5]
["2018-10-07",null,null,null,null,null,null,null,null,null,null,null,null,null,null,null,null,null,null,null,null,null,null,null,null,null,null,null,null,null,null,null,null,null,null,null,null,null,null,null,null,null,null,null,null,null,null,null,null,280,0,null,0,0,null,0.05,0,null,4,0,null,2.5]
["2018-10-08",null,null,null,null,null,null,null,null,null,null,null,null,null,null,null,null,null,null,null,null,null,null,null,null,null,null,null,null,null,null,null,null,null,null,null,null,null,null,null,null,null,null,null,null,null,null,null,null,281,0,null,0,0,null,0.05,0,null,4,0,null,2.5]
["2018-10-09",null,null,null,null,null,null,null,null,null,null,null,null,null,null,null,null,null,null,null,null,null,null,null,null,null,null,null,null,null,null,null,null,null,null,null,null,null,null,null,null,null,null,null,null,null,null,null,null,282,0,null,0,0,null,0.05,0,null,4,0,null,2.5]
["2018-10-10",null,null,null,null,null,null,null,null,null,null,null,null,null,null,null,null,null,null,null,null,null,null,null,null,null,null,null,null,null,null,null,null,null,null,null,null,null,null,null,null,null,null,null,null,null,null,null,null,283,0,null,0,0,null,0.05,0,null,4,0,null,2.5]
["2018-10-11",null,null,null,null,null,null,null,null,null,null,null,null,null,null,null,null,null,null,null,null,null,null,null,null,null,null,null,null,null,null,null,null,null,null,null,null,null,null,null,null,null,null,null,null,null,null,null,null,284,0,null,0,0,null,0.05,0,null,4,0,null,2.5]
["2018-10-12",null,null,null,null,null,null,null,null,null,null,null,null,null,null,null,null,null,null,null,null,null,null,null,null,null,null,null,null,null,null,null,null,null,null,null,null,null,null,null,null,null,null,null,null,null,null,null,null,285,0,null,0,0,null,0.05,0,null,4,0,null,2.5]
["2018-10-13",null,null,null,null,null,null,null,null,null,null,null,null,null,null,null,null,null,null,null,null,null,null,null,null,null,null,null,null,null,null,null,null,null,null,null,null,null,null,null,null,null,null,null,null,null,null,null,null,286,0,null,0,0,null,0.05,0,null,4,0,null,2.5]
["2018-10-14",null,null,null,null,null,null,null,null,null,null,null,null,null,null,null,null,null,null,null,null,null,null,null,null,null,null,null,null,null,null,null,null,null,null,null,null,null,null,null,null,null,null,null,null,null,null,null,null,287,0,null,0,0,null,0.05,0,null,4,0,null,2.5]
["2018-10-15",null,null,null,null,null,null,null,null,null,null,null,null,null,null,null,null,null,null,null,null,null,null,null,null,null,null,null,null,null,null,null,null,null,null,null,null,null,null,null,null,null,null,null,null,null,null,null,null,288,0,null,0,0,null,0.05,0,null,4,0,null,2.5]
["2018-10-16",null,null,null,null,null,null,null,null,null,null,null,null,null,null,null,null,null,null,null,null,null,null,null,null,null,null,null,null,null,null,null,null,null,null,null,null,null,null,null,null,null,null,null,null,null,null,null,null,289,0,null,0,0,null,0.05,0,null,4,0,null,2.5]
["2018-10-17",null,null,null,null,null,null,null,null,null,null,null,null,null,null,null,null,null,null,null,null,null,null,null,null,null,null,null,null,null,null,null,null,null,null,null,null,null,null,null,null,null,null,null,null,null,null,null,null,290,0,null,0,0,null,0.05,0,null,4,0,null,2.5]
["2018-10-18",null,null,null,null,null,null,null,null,null,null,null,null,null,null,null,null,null,null,null,null,null,null,null,null,null,null,null,null,null,null,null,null,null,null,null,null,null,null,null,null,null,null,null,null,null,null,null,null,291,0,null,0,0,null,0.05,0,null,4,0,null,2.5]
["2018-10-19",null,null,null,null,null,null,null,null,null,null,null,null,null,null,null,null,null,null,null,null,null,null,null,null,null,null,null,null,null,null,null,null,null,null,null,null,null,null,null,null,null,null,null,null,null,null,null,null,292,0,null,0,0,null,0.05,0,null,4,0,null,2.5]
["2018-10-20",null,null,null,null,null,null,null,null,null,null,null,null,null,null,null,null,null,null,null,null,null,null,null,null,null,null,null,null,null,null,null,null,null,null,null,null,null,null,null,null,null,null,null,null,null,null,null,null,293,0,null,0,0,null,0.05,0,null,4,0,null,2.5]
["2018-10-21",null,null,null,null,null,null,null,null,null,null,null,null,null,null,null,null,null,null,null,null,null,null,null,null,null,null,null,null,null,null,null,null,null,null,null,null,null,null,null,null,null,null,null,null,null,null,null,null,294,0,null,0,0,null,0.05,0,null,4,0,null,2.5]
["2018-10-22",null,null,null,null,null,null,null,null,null,null,null,null,null,null,null,null,null,null,null,null,null,null,null,null,null,null,null,null,null,null,null,null,null,null,null,null,null,null,null,null,null,null,null,null,null,null,null,null,295,0,null,0,0,null,0.05,0,null,4,0,null,2.5]
["2018-10-23",null,null,null,null,null,null,null,null,null,null,null,null,null,null,null,null,null,null,null,null,null,null,null,null,null,null,null,null,null,null,null,null,null,null,null,null,null,null,null,null,null,null,null,null,null,null,null,null,296,0,null,0,0,null,0.05,0,null,4,0,null,2.5]
["2018-10-24",null,null,null,null,null,null,null,null,null,null,null,null,null,null,null,null,null,null,null,null,null,null,null,null,null,null,null,null,null,null,null,null,null,null,null,null,null,null,null,null,null,null,null,null,null,null,null,null,297,0,null,0,0,null,0.05,0,null,4,0,null,2.5]
["2018-10-25",null,null,null,null,null,null,null,null,null,null,null,null,null,null,null,null,null,null,null,null,null,null,null,null,null,null,null,null,null,null,null,null,null,null,null,null,null,null,null,null,null,null,null,null,null,null,null,null,298,0,null,0,0,null,0.05,0,null,4,0,null,2.5]
["2018-10-26",null,null,null,null,null,null,null,null,null,null,null,null,null,null,null,null,null,null,null,null,null,null,null,null,null,null,null,null,null,null,null,null,null,null,null,null,null,null,null,null,null,null,null,null,null,null,null,null,299,0,null,0,0,null,0.05,0,null,4,0,null,2.5]
["2018-10-27",null,null,null,null,null,null,null,null,null,null,null,null,null,null,null,null,null,null,null,null,null,null,null,null,null,null,null,null,null,null,null,null,null,null,null,null,null,null,null,null,null,null,null,null,null,null,null,null,300,0,null,0,0,null,0.05,0,null,4,0,null,2.5]
["2018-10-28",null,null,null,null,null,null,null,null,null,null,null,null,null,null,null,null,null,null,null,null,null,null,null,null,null,null,null,null,null,null,null,null,null,null,null,null,null,null,null,null,null,null,null,null,null,null,null,null,301,0,null,0,0,null,0.05,0,null,4,0,null,2.5]
["2018-10-29",null,null,null,null,null,null,null,null,null,null,null,null,null,null,null,null,null,null,null,null,null,null,null,null,null,null,null,null,null,null,null,null,null,null,null,null,null,null,null,null,null,null,null,null,null,null,null,null,302,0,null,0,0,null,0.05,0,null,4,0,null,2.5]
["2018-10-30",null,null,null,null,null,null,null,null,null,null,null,null,null,null,null,null,null,null,null,null,null,null,null,null,null,null,null,null,null,null,null,null,null,null,null,null,null,null,null,null,null,null,null,null,null,null,null,null,303,0,null,0,0,null,0.05,0,null,4,0,null,2.5]
["2018-10-31",null,null,null,null,null,null,null,null,null,null,null,null,null,null,null,null,null,null,null,null,null,null,null,null,null,null,null,null,null,null,null,null,null,null,null,null,null,null,null,null,null,null,null,null,null,null,null,null,304,0,null,0,0,null,0.05,0,null,4,0,null,2.5]
["2018-11-01",null,null,null,null,null,null,null,null,null,null,null,null,null,null,null,null,null,null,null,null,null,null,null,null,null,null,null,null,null,null,null,null,null,null,null,null,null,null,null,null,null,null,null,null,null,null,null,null,305,0,null,0,0,null,0.05,0,null,4,0,null,2.5]
["2018-11-02",null,null,null,null,null,null,null,null,null,null,null,null,null,null,null,null,null,null,null,null,null,null,null,null,null,null,null,null,null,null,null,null,null,null,null,null,null,null,null,null,null,null,null,null,null,null,null,null,306,0,null,0,0,null,0.05,0,null,4,0,null,2.5]
["2018-11-03",null,null,null,null,null,null,null,null,null,null,null,null,null,null,null,null,null,null,null,null,null,null,null,null,null,null,null,null,null,null,null,null,null,null,null,null,null,null,null,null,null,null,null,null,null,null,null,null,307,0,null,0,0,null,0.05,0,null,4,0,null,2.5]
["2018-11-04",null,null,null,null,null,null,null,null,null,null,null,null,null,null,null,null,null,null,null,null,null,null,null,null,null,null,null,null,null,null,null,null,null,null,null,null,null,null,null,null,null,null,null,null,null,null,null,null,308,0,null,0,0,null,0.05,0,null,4,0,null,2.5]
["2018-11-05",null,null,null,null,null,null,null,null,null,null,null,null,null,null,null,null,null,null,null,null,null,null,null,null,null,null,null,null,null,null,null,null,null,null,null,null,null,null,null,null,null,null,null,null,null,null,null,null,309,0,null,0,0,null,0.05,0,null,4,0,null,2.5]
["2018-11-06",null,null,null,null,null,null,null,null,null,null,null,null,null,null,null,null,null,null,null,null,null,null,null,null,null,null,null,null,null,null,null,null,null,null,null,null,null,null,null,null,null,null,null,null,null,null,null,null,310,0,null,0,0,null,0.05,0,null,4,0,null,2.5]
["2018-11-07",null,null,null,null,null,null,null,null,null,null,null,null,null,null,null,null,null,null,null,null,null,null,null,null,null,null,null,null,null,null,null,null,null,null,null,null,null,null,null,null,null,null,null,null,null,null,null,null,311,0,null,0,0,null,0.05,0,null,4,0,null,2.5]
["2018-11-08",null,null,null,null,null,null,null,null,null,null,null,null,null,null,null,null,null,null,null,null,null,null,null,null,null,null,null,null,null,null,null,null,null,null,null,null,null,null,null,null,null,null,null,null,null,null,null,null,312,0,null,0,0,null,0.05,0,null,4,0,null,2.5]
["2018-11-09",null,null,null,null,null,null,null,null,null,null,null,null,null,null,null,null,null,null,null,null,null,null,null,null,null,null,null,null,null,null,null,null,null,null,null,null,null,null,null,null,null,null,null,null,null,null,null,null,313,0,null,0,0,null,0.05,0,null,4,0,null,2.5]
["2018-11-10",null,null,null,null,null,null,null,null,null,null,null,null,null,null,null,null,null,null,null,null,null,null,null,null,null,null,null,null,null,null,null,null,null,null,null,null,null,null,null,null,null,null,null,null,null,null,null,null,314,0,null,0,0,null,0.05,0,null,4,0,null,2.5]
["2018-11-11",null,null,null,null,null,null,null,null,null,null,null,null,null,null,null,null,null,null,null,null,null,null,null,null,null,null,null,null,null,null,null,null,null,null,null,null,null,null,null,null,null,null,null,null,null,null,null,null,315,0,null,0,0,null,0.05,0,null,4,0,null,2.5]
["2018-11-12",null,null,null,null,null,null,null,null,null,null,null,null,null,null,null,null,null,null,null,null,null,null,null,null,null,null,null,null,null,null,null,null,null,null,null,null,null,null,null,null,null,null,null,null,null,null,null,null,316,0,null,0,0,null,0.05,0,null,4,0,null,2.5]
["2018-11-13",null,null,null,null,null,null,null,null,null,null,null,null,null,null,null,null,null,null,null,null,null,null,null,null,null,null,null,null,null,null,null,null,null,null,null,null,null,null,null,null,null,null,null,null,null,null,null,null,317,0,null,0,0,null,0.05,0,null,4,0,null,2.5]
["2018-11-14",null,null,null,null,null,null,null,null,null,null,null,null,null,null,null,null,null,null,null,null,null,null,null,null,null,null,null,null,null,null,null,null,null,null,null,null,null,null,null,null,null,null,null,null,null,null,null,null,318,0,null,0,0,null,0.05,0,null,4,0,null,2.5]
["2018-11-15",null,null,null,null,null,null,null,null,null,null,null,null,null,null,null,null,null,null,null,null,null,null,null,null,null,null,null,null,null,null,null,null,null,null,null,null,null,null,null,null,null,null,null,null,null,null,null,null,319,0,null,0,0,null,0.05,0,null,4,0,null,2.5]
["2018-11-16",null,null,null,null,null,null,null,null,null,null,null,null,null,null,null,null,null,null,null,null,null,null,null,null,null,null,null,null,null,null,null,null,null,null,null,null,null,null,null,null,null,null,null,null,null,null,null,null,320,0,null,0,0,null,0.05,0,null,4,0,null,2.5]
["2018-11-17",null,null,null,null,null,null,null,null,null,null,null,null,null,null,null,null,null,null,null,null,null,null,null,null,null,null,null,null,null,null,null,null,null,null,null,null,null,null,null,null,null,null,null,null,null,null,null,null,321,0,null,{"$f":"$G$5","v":0},0,null,{"$f":"$G$6","v":0.05},0,null,4,0,null,2.5]
[{"$f":"A338+1","v":"2018-11-18"},null,null,null,null,null,null,null,null,null,null,null,null,null,null,null,null,null,null,null,null,null,null,null,null,null,null,null,null,null,null,null,null,null,null,null,null,null,null,null,null,null,null,null,null,null,null,null,null,{"$f":"AX338+1","v":322},{"$f":"MAX(C339:F339)","v":0},null,0,{"$f":"MAX(G339:R339)","v":0},null,0.05,{"$f":"MIN(T339:AE339)","v":0},null,{"$f":"$G$8","v":4},{"$f":"MAX(AF339:AQ339)","v":0},null,{"$f":"$G$9","v":2.5}]
["2018-11-19",null,null,null,null,null,null,null,null,null,null,null,null,null,null,null,null,null,null,null,null,null,null,null,null,null,null,null,null,null,null,null,null,null,null,null,null,null,null,null,null,null,null,null,null,null,null,null,null,323,0,null,0,0,null,0.05,0,null,4,0,null,2.5]
["2018-11-20",null,null,null,null,null,null,null,null,null,null,null,null,null,null,null,null,null,null,null,null,null,null,null,null,null,null,null,null,null,null,null,null,null,null,null,null,null,null,null,null,null,null,null,null,null,null,null,null,324,0,null,0,0,null,0.05,0,null,4,0,null,2.5]
["2018-11-21",null,null,null,null,null,null,null,null,null,null,null,null,null,null,null,null,null,null,null,null,null,null,null,null,null,null,null,null,null,null,null,null,null,null,null,null,null,null,null,null,null,null,null,null,null,null,null,null,325,0,null,0,0,null,0.05,0,null,4,0,null,2.5]
["2018-11-22",null,null,null,null,null,null,null,null,null,null,null,null,null,null,null,null,null,null,null,null,null,null,null,null,null,null,null,null,null,null,null,null,null,null,null,null,null,null,null,null,null,null,null,null,null,null,null,null,326,0,null,0,0,null,0.05,0,null,4,0,null,2.5]
["2018-11-23",null,null,null,null,null,null,null,null,null,null,null,null,null,null,null,null,null,null,null,null,null,null,null,null,null,null,null,null,null,null,null,null,null,null,null,null,null,null,null,null,null,null,null,null,null,null,null,null,327,0,null,0,0,null,0.05,0,null,4,0,null,2.5]
["2018-11-24",null,null,null,null,null,null,null,null,null,null,null,null,null,null,null,null,null,null,null,null,null,null,null,null,null,null,null,null,null,null,null,null,null,null,null,null,null,null,null,null,null,null,null,null,null,null,null,null,328,0,null,0,0,null,0.05,0,null,4,0,null,2.5]
["2018-11-25",null,null,null,null,null,null,null,null,null,null,null,null,null,null,null,null,null,null,null,null,null,null,null,null,null,null,null,null,null,null,null,null,null,null,null,null,null,null,null,null,null,null,null,null,null,null,null,null,329,0,null,0,0,null,0.05,0,null,4,0,null,2.5]
["2018-11-26",null,null,null,null,null,null,null,null,null,null,null,null,null,null,null,null,null,null,null,null,null,null,null,null,null,null,null,null,null,null,null,null,null,null,null,null,null,null,null,null,null,null,null,null,null,null,null,null,330,0,null,0,0,null,0.05,0,null,4,0,null,2.5]
["2018-11-27",null,null,null,null,null,null,null,null,null,null,null,null,null,null,null,null,null,null,null,null,null,null,null,null,null,null,null,null,null,null,null,null,null,null,null,null,null,null,null,null,null,null,null,null,null,null,null,null,331,0,null,0,0,null,0.05,0,null,4,0,null,2.5]
["2018-11-28",null,null,null,null,null,null,null,null,null,null,null,null,null,null,null,null,null,null,null,null,null,null,null,null,null,null,null,null,null,null,null,null,null,null,null,null,null,null,null,null,null,null,null,null,null,null,null,null,332,0,null,0,0,null,0.05,0,null,4,0,null,2.5]
["2018-11-29",null,null,null,null,null,null,null,null,null,null,null,null,null,null,null,null,null,null,null,null,null,null,null,null,null,null,null,null,null,null,null,null,null,null,null,null,null,null,null,null,null,null,null,null,null,null,null,null,333,0,null,0,0,null,0.05,0,null,4,0,null,2.5]
[{"$f":"A350+1","v":"2018-11-30"},null,null,null,null,null,null,null,null,null,null,null,null,null,null,null,null,null,null,null,null,null,null,null,null,null,null,null,null,null,null,null,null,null,null,null,null,null,null,null,null,null,null,null,null,null,null,null,null,334,0,null,0,0,null,0.05,0,null,4,0,null,2.5]
[{"$f":"A351+1","v":"2018-12-01"},null,null,null,null,null,null,null,null,null,null,null,null,null,null,null,null,null,null,null,null,null,null,null,null,null,null,null,null,null,null,null,null,null,null,null,null,null,null,null,null,null,null,null,null,null,null,null,null,335,0,null,0,0,null,0.05,0,null,4,0,null,2.5]
["2018-12-02",null,null,null,null,null,null,null,null,null,null,null,null,null,null,null,null,null,null,null,null,null,null,null,null,null,null,null,null,null,null,null,null,null,null,null,null,null,null,null,null,null,null,null,null,null,null,null,null,336,0,null,0,0,null,0.05,0,null,4,0,null,2.5]
["2018-12-03",null,null,null,null,null,null,null,null,null,null,null,null,null,null,null,null,null,null,null,null,null,null,null,null,null,null,null,null,null,null,null,null,null,null,null,null,null,null,null,null,null,null,null,null,null,null,null,null,337,0,null,0,0,null,0.05,0,null,4,0,null,2.5]
["2018-12-04",null,null,null,null,null,null,null,null,null,null,null,null,null,null,null,null,null,null,null,null,null,null,null,null,null,null,null,null,null,null,null,null,null,null,null,null,null,null,null,null,null,null,null,null,null,null,null,null,338,0,null,0,0,null,0.05,0,null,4,0,null,2.5]
["2018-12-05",null,null,null,null,null,null,null,null,null,null,null,null,null,null,null,null,null,null,null,null,null,null,null,null,null,null,null,null,null,null,null,null,null,null,null,null,null,null,null,null,null,null,null,null,null,null,null,null,339,0,null,0,0,null,0.05,0,null,4,0,null,2.5]
["2018-12-06",null,null,null,null,null,null,null,null,null,null,null,null,null,null,null,null,null,null,null,null,null,null,null,null,null,null,null,null,null,null,null,null,null,null,null,null,null,null,null,null,null,null,null,null,null,null,null,null,340,0,null,0,0,null,0.05,0,null,4,0,null,2.5]
["2018-12-07",null,null,null,null,null,null,null,null,null,null,null,null,null,null,null,null,null,null,null,null,null,null,null,null,null,null,null,null,null,null,null,null,null,null,null,null,null,null,null,null,null,null,null,null,null,null,null,null,341,0,null,0,0,null,0.05,0,null,4,0,null,2.5]
["2018-12-08",null,null,null,null,null,null,null,null,null,null,null,null,null,null,null,null,null,null,null,null,null,null,null,null,null,null,null,null,null,null,null,null,null,null,null,null,null,null,null,null,null,null,null,null,null,null,null,null,342,0,null,0,0,null,0.05,0,null,4,0,null,2.5]
["2018-12-09",null,null,null,null,null,null,null,null,null,null,null,null,null,null,null,null,null,null,null,null,null,null,null,null,null,null,null,null,null,null,null,null,null,null,null,null,null,null,null,null,null,null,null,null,null,null,null,null,343,0,null,0,0,null,0.05,0,null,4,0,null,2.5]
["2018-12-10",null,null,null,null,null,null,null,null,null,null,null,null,null,null,null,null,null,null,null,null,null,null,null,null,null,null,null,null,null,null,null,null,null,null,null,null,null,null,null,null,null,null,null,null,null,null,null,null,344,0,null,0,0,null,0.05,0,null,4,0,null,2.5]
["2018-12-11",null,null,null,null,null,null,null,null,null,null,null,null,null,null,null,null,null,null,null,null,null,null,null,null,null,null,null,null,null,null,null,null,null,null,null,null,null,null,null,null,null,null,null,null,null,null,null,null,345,0,null,0,0,null,0.05,0,null,4,0,null,2.5]
["2018-12-12",null,null,null,null,null,null,null,null,null,null,null,null,null,null,null,null,null,null,null,null,null,null,null,null,null,null,null,null,null,null,null,null,null,null,null,null,null,null,null,null,null,null,null,null,null,null,null,null,346,0,null,0,0,null,0.05,0,null,4,0,null,2.5]
["2018-12-13",null,null,null,null,null,null,null,null,null,null,null,null,null,null,null,null,null,null,null,null,null,null,null,null,null,null,null,null,null,null,null,null,null,null,null,null,null,null,null,null,null,null,null,null,null,null,null,null,347,0,null,0,0,null,0.05,0,null,4,0,null,2.5]
["2018-12-14",null,null,null,null,null,null,null,null,null,null,null,null,null,null,null,null,null,null,null,null,null,null,null,null,null,null,null,null,null,null,null,null,null,null,null,null,null,null,null,null,null,null,null,null,null,null,null,null,348,0,null,0,0,null,0.05,0,null,4,0,null,2.5]
["2018-12-15",null,null,null,null,null,null,null,null,null,null,null,null,null,null,null,null,null,null,null,null,null,null,null,null,null,null,null,null,null,null,null,null,null,null,null,null,null,null,null,null,null,null,null,null,null,null,null,null,349,0,null,0,0,null,0.05,0,null,4,0,null,2.5]
["2018-12-16",null,null,null,null,null,null,null,null,null,null,null,null,null,null,null,null,null,null,null,null,null,null,null,null,null,null,null,null,null,null,null,null,null,null,null,null,null,null,null,null,null,null,null,null,null,null,null,null,350,0,null,0,0,null,0.05,0,null,4,0,null,2.5]
["2018-12-17",null,null,null,null,null,null,null,null,null,null,null,null,null,null,null,null,null,null,null,null,null,null,null,null,null,null,null,null,null,null,null,null,null,null,null,null,null,null,null,null,null,null,null,null,null,null,null,null,351,0,null,0,0,null,0.05,0,null,4,0,null,2.5]
["2018-12-18",null,null,null,null,null,null,null,null,null,null,null,null,null,null,null,null,null,null,null,null,null,null,null,null,null,null,null,null,null,null,null,null,null,null,null,null,null,null,null,null,null,null,null,null,null,null,null,null,352,0,null,0,0,null,0.05,0,null,4,0,null,2.5]
["2018-12-19",null,null,null,null,null,null,null,null,null,null,null,null,null,null,null,null,null,null,null,null,null,null,null,null,null,null,null,null,null,null,null,null,null,null,null,null,null,null,null,null,null,null,null,null,null,null,null,null,353,0,null,0,0,null,0.05,0,null,4,0,null,2.5]
["2018-12-20",null,null,null,null,null,null,null,null,null,null,null,null,null,null,null,null,null,null,null,null,null,null,null,null,null,null,null,null,null,null,null,null,null,null,null,null,null,null,null,null,null,null,null,null,null,null,null,null,354,0,null,0,0,null,0.05,0,null,4,0,null,2.5]
["2018-12-21",null,null,null,null,null,null,null,null,null,null,null,null,null,null,null,null,null,null,null,null,null,null,null,null,null,null,null,null,null,null,null,null,null,null,null,null,null,null,null,null,null,null,null,null,null,null,null,null,355,0,null,0,0,null,0.05,0,null,4,0,null,2.5]
["2018-12-22",null,null,null,null,null,null,null,null,null,null,null,null,null,null,null,null,null,null,null,null,null,null,null,null,null,null,null,null,null,null,null,null,null,null,null,null,null,null,null,null,null,null,null,null,null,null,null,null,356,0,null,0,0,null,0.05,0,null,4,0,null,2.5]
["2018-12-23",null,null,null,null,null,null,null,null,null,null,null,null,null,null,null,null,null,null,null,null,null,null,null,null,null,null,null,null,null,null,null,null,null,null,null,null,null,null,null,null,null,null,null,null,null,null,null,null,357,0,null,0,0,null,0.05,0,null,4,0,null,2.5]
["2018-12-24",null,null,null,null,null,null,null,null,null,null,null,null,null,null,null,null,null,null,null,null,null,null,null,null,null,null,null,null,null,null,null,null,null,null,null,null,null,null,null,null,null,null,null,null,null,null,null,null,358,0,null,0,0,null,0.05,0,null,4,0,null,2.5]
["2018-12-25",null,null,null,null,null,null,null,null,null,null,null,null,null,null,null,null,null,null,null,null,null,null,null,null,null,null,null,null,null,null,null,null,null,null,null,null,null,null,null,null,null,null,null,null,null,null,null,null,359,0,null,0,0,null,0.05,0,null,4,0,null,2.5]
["2018-12-26",null,null,null,null,null,null,null,null,null,null,null,null,null,null,null,null,null,null,null,null,null,null,null,null,null,null,null,null,null,null,null,null,null,null,null,null,null,null,null,null,null,null,null,null,null,null,null,null,360,0,null,0,0,null,0.05,0,null,4,0,null,2.5]
["2018-12-27",null,null,null,null,null,null,null,null,null,null,null,null,null,null,null,null,null,null,null,null,null,null,null,null,null,null,null,null,null,null,null,null,null,null,null,null,null,null,null,null,null,null,null,null,null,null,null,null,361,0,null,0,0,null,0.05,0,null,4,0,null,2.5]
["2018-12-28",null,null,null,null,null,null,null,null,null,null,null,null,null,null,null,null,null,null,null,null,null,null,null,null,null,null,null,null,null,null,null,null,null,null,null,null,null,null,null,null,null,null,null,null,null,null,null,null,362,0,null,0,0,null,0.05,0,null,4,0,null,2.5]
["2018-12-29",null,null,null,null,null,null,null,null,null,null,null,null,null,null,null,null,null,null,null,null,null,null,null,null,null,null,null,null,null,null,null,null,null,null,null,null,null,null,null,null,null,null,null,null,null,null,null,null,363,0,null,0,0,null,0.05,0,null,4,0,null,2.5]
["2018-12-30",null,null,null,null,null,null,null,null,null,null,null,null,null,null,null,null,null,null,null,null,null,null,null,null,null,null,null,null,null,null,null,null,null,null,null,null,null,null,null,null,null,null,null,null,null,null,null,null,364,0,null,0,0,null,0.05,0,null,4,0,null,2.5]
["2018-12-31",null,null,null,null,null,null,null,null,null,null,null,null,null,null,null,null,null,null,null,null,null,null,null,null,null,null,null,null,null,null,null,null,null,null,null,null,null,null,null,null,null,null,null,null,null,null,null,null,365,0,null,0,0,null,0.05,0,null,4,0,null,2.5]
["2019-01-01",null,null,null,null,null,null,null,null,null,null,null,null,null,null,null,null,null,null,null,null,null,null,null,null,null,null,null,null,null,null,null,null,null,null,null,null,null,null,null,null,null,null,null,null,null,null,null,null,366,0,null,0,0,null,0.05,0,null,4,0,null,2.5]

{"sheet":"MonthDist","index":3,"n_rows":43,"n_cols":60,"rows_kept":43,"cut":false,"hidden":true,"merged":[]}
[null,"Settled Turbidity",null,null,null,null,null,null,null,"Turbidity 95th P",null,null,null,null,null,null,null,null,null,null,null,null,null,null,null,null,"LRV 5th P",null,null,null,null,null,null,null,null,null,null,null,"PD 95th P"]
["MONTH","Sed1 95%","Sed2 95%","Sed3 95%","Sed4 95%","All sed 95%","Goal 3","Goal 2","Goal 1","T1 Turb","T2 Turb","T3 Turb","T4 Turb","T5 Turb","T6 Turb","T7 Turb","T8 Turb","T9 Turb","T10 Turb","T11 Turb","T12 Turb","CFE",null,null,null,null,"T1 LRV","T2 LRV","T3 LRV","T4 LRV","T5 LRV","T6 LRV","T7 LRV","T8 LRV","T9 LRV","T10 LRV","T11 LRV","T12 LRV","T1 PD","T2 PD","T3 PD","T4 PD","T5 PD","T6 PD","T7 PD","T8 PD","T9 PD","T10 PD","T11 PD","T12 PD"]
[{"$f":"MonthStart","v":"2018-12-01"},{"$f":"IF(SUM(_Sed1)=0,,PERCENTILE(_Sed1,0.95))","v":0},{"$f":"IF(SUM(_Sed2)=0,,PERCENTILE(_Sed2,0.95))","v":0},{"$f":"IF(SUM(_Sed3)=0,,PERCENTILE(_Sed3,0.95))","v":0},{"$f":"IF(SUM(_Sed4)=0,,PERCENTILE(_Sed4,0.95))","v":0},{"$f":"IF(SUM(SedGoalPercent)=0,,PERCENTILE(SedGoalPercent,0.95))","v":0},{"$f":"IF(SUM(SedGoalPercent)=0,,100*FREQUENCY(SedGoalPercent,3)/COUNT(SedGoalPercent))","v":0},{"$f":"IF(SUM(SedGoalPercent)=0,,100*FREQUENCY(SedGoalPercent,2)/COUNT(SedGoalPercent))","v":0},{"$f":"IF(SUM(SedGoalPercent)=0,,100*FREQUENCY(SedGoalPercent,1)/COUNT(SedGoalPercent))","v":0},{"$f":"IF(SUM(Filter1)=0,,PERCENTILE(Filter1,0.95))","v":0},{"$f":"IF(SUM(Filter2)=0,,PERCENTILE(Filter2,0.95))","v":0},{"$f":"IF(SUM(Filter3)=0,,PERCENTILE(Filter3,0.95))","v":0},{"$f":"IF(SUM(Filter4)=0,,PERCENTILE(Filter4,0.95))","v":0},{"$f":"IF(SUM(Filter5)=0,,PERCENTILE(Filter5,0.95))","v":0},{"$f":"IF(SUM(Filter6)=0,,PERCENTILE(Filter6,0.95))","v":0},{"$f":"IF(SUM(Filter7)=0,,PERCENTILE(Filter7,0.95))","v":0},{"$f":"IF(SUM(Filter8)=0,,PERCENTILE(Filter8,0.95))","v":0},{"$f":"IF(SUM(Filter9)=0,,PERCENTILE(Filter9,0.95))","v":0},{"$f":"IF(SUM(Filter10)=0,,PERCENTILE(Filter10,0.95))","v":0},{"$f":"IF(SUM(Filter11)=0,,PERCENTILE(Filter11,0.95))","v":0},{"$f":"IF(SUM(Filter12)=0,,PERCENTILE(Filter12,0.95))","v":0},{"$f":"IF(SUM(Combined)=0,,PERCENTILE(Combined,0.95))","v":0},null,null,null,null,{"$f":"IF(SUM(T1LRV)=0,,PERCENTILE(T1LRV,0.05))","v":0},{"$f":"IF(SUM(T2LRV)=0,,PERCENTILE(T2LRV,0.05))","v":0},{"$f":"IF(SUM(T3LRV)=0,,PERCENTILE(T3LRV,0.05))","v":0},{"$f":"IF(SUM(T4LRV)=0,,PERCENTILE(T4LRV,0.05))","v":0},{"$f":"IF(SUM(T5LRV)=0,,PERCENTILE(T5LRV,0.05))","v":0},{"$f":"IF(SUM(T6LRV)=0,,PERCENTILE(T6LRV,0.05))","v":0},{"$f":"IF(SUM(T7LRV)=0,,PERCENTILE(T7LRV,0.05))","v":0},{"$f":"IF(SUM(T8LRV)=0,,PERCENTILE(T8LRV,0.05))","v":0},{"$f":"IF(SUM(T9LRV)=0,,PERCENTILE(T9LRV,0.05))","v":0},{"$f":"IF(SUM(T10LRV)=0,,PERCENTILE(T10LRV,0.05))","v":0},{"$f":"IF(SUM(T11LRV)=0,,PERCENTILE(T11LRV,0.05))","v":0},{"$f":"IF(SUM(T12LRV)=0,,PERCENTILE(T12LRV,0.05))","v":0},{"$f":"IF(SUM(T1PD)=0,,PERCENTILE(T1PD,0.95))","v":0},{"$f":"IF(SUM(T2PD)=0,,PERCENTILE(T2PD,0.95))","v":0},{"$f":"IF(SUM(T3PD)=0,,PERCENTILE(T3PD,0.95))","v":0},{"$f":"IF(SUM(T4PD)=0,,PERCENTILE(T4PD,0.95))","v":0},{"$f":"IF(SUM(T5PD)=0,,PERCENTILE(T5PD,0.95))","v":0},{"$f":"IF(SUM(T6PD)=0,,PERCENTILE(T6PD,0.95))","v":0},{"$f":"IF(SUM(T7PD)=0,,PERCENTILE(T7PD,0.95))","v":0},{"$f":"IF(SUM(T8PD)=0,,PERCENTILE(T8PD,0.95))","v":0},{"$f":"IF(SUM(T9PD)=0,,PERCENTILE(T9PD,0.95))","v":0},{"$f":"IF(SUM(T10PD)=0,,PERCENTILE(T10PD,0.95))","v":0},{"$f":"IF(SUM(T11PD)=0,,PERCENTILE(T11PD,0.95))","v":0},{"$f":"IF(SUM(T12PD)=0,,PERCENTILE(T12PD,0.95))","v":0}]
[null,null,null,null,null,null,null,null,null,null,null,null,null,null,null,null,null,null,null,null,null,null,"Leave this space blank to allow for four"]
[null,null,null,null,null,null,null,null,null,null,null,null,null,null,null,null,null,null,null,null,null,null,"columns between report pages."]
["Monthly Data",null,null,null,null,null,null,null,null,null,null,null,null,null,null,null,null,null,null,null,null,null,null,null,null,null,null,null,null,null,null,null,null,null,null,null,null,null,null,null,null,null,null,null,null,null,null,null,null,null,null,"Currently not used in summary table"]
[null,"Raw","Sed 1","Sed 2","Sed 3","Sed 4","T1 Turb","T2 Turb","T3 Turb","T4 Turb","T5 Turb","T6 Turb","T7 Turb","T8 Turb","T9 Turb","T10 Turb","T11 Turb","T12 Turb","CFE","T1 LRV","T2 LRV","T3 LRV","T4 LRV","T5 LRV","T6 LRV","T7 LRV","T8 LRV","T9 LRV","T10 LRV","T11 LRV","T12 LRV","T1 PD","T2 PD","T3 PD","T4 PD","T5 PD","T6 PD","T7 PD","T8 PD","T9 PD","T10 PD","T11 PD","T12 PD"]
[null,null,null,null,null,null,null,null,null,null,null,null,null,null,null,null,null,null,null,null,null,null,null,null,null,null,null,null,null,null,null,null,null,null,null,null,null,null,null,null,null,null,null,null,null,null,null,null,null,null,null,"MaxSettle",null,null,null,"CombinedFilter",null,null,null,"MaxFilterValues"]
[null,null,null,null,null,null,null,null,null,null,null,null,null,null,null,null,null,null,null,null,null,null,null,null,null,null,null,null,null,null,null,null,null,null,null,null,null,null,null,null,null,null,null,null,null,null,null,null,"MaxSettle","MaxFilter",null,"MSC1",null,"MS%",null,"CFC1",null,"CF%"]
["2018-12-01",null,null,null,null,null,null,null,null,null,null,null,null,null,null,null,null,null,null,null,null,null,null,null,null,null,null,null,null,null,null,null,null,null,null,null,null,null,null,null,null,null,null,null,null,null,null,null,{"$f":"MAX(C10:F10)","v":0},{"$f":"MAX(G10:R10)","v":0},null,null,5,{"$f":"100*COUNT(AZ10:$AZ$10)/$AZ$43","v":{"$error":"#DIV/0!"}},null,null,4,{"$f":"100*COUNT(BD10:$BD$10)/$BD$43","v":{"$error":"#DIV/0!"}}]
["2018-12-02",null,null,null,null,null,null,null,null,null,null,null,null,null,null,null,null,null,null,null,null,null,null,null,null,null,null,null,null,null,null,null,null,null,null,null,null,null,null,null,null,null,null,null,null,null,null,null,{"$f":"MAX(C11:F11)","v":0},0,null,null,21,{"$f":"100*COUNT(AZ$10:$AZ11)/$AZ$43","v":{"$error":"#DIV/0!"}},null,null,17,{"$f":"100*COUNT(BD$10:$BD11)/$BD$43","v":{"$error":"#DIV/0!"}}]
["2018-12-03",null,null,null,null,null,null,null,null,null,null,null,null,null,null,null,null,null,null,null,null,null,null,null,null,null,null,null,null,null,null,null,null,null,null,null,null,null,null,null,null,null,null,null,null,null,null,null,0,0,null,null,27,{"$f":"100*COUNT(AZ$10:$AZ12)/$AZ$43","v":{"$error":"#DIV/0!"}},null,null,12,{"$f":"100*COUNT(BD$10:$BD12)/$BD$43","v":{"$error":"#DIV/0!"}}]
["2018-12-04",null,null,null,null,null,null,null,null,null,null,null,null,null,null,null,null,null,null,null,null,null,null,null,null,null,null,null,null,null,null,null,null,null,null,null,null,null,null,null,null,null,null,null,null,null,null,null,0,0,null,null,16,{"$f":"100*COUNT(AZ$10:$AZ13)/$AZ$43","v":{"$error":"#DIV/0!"}},null,null,8,{"$f":"100*COUNT(BD$10:$BD13)/$BD$43","v":{"$error":"#DIV/0!"}}]
["2018-12-05",null,null,null,null,null,null,null,null,null,null,null,null,null,null,null,null,null,null,null,null,null,null,null,null,null,null,null,null,null,null,null,null,null,null,null,null,null,null,null,null,null,null,null,null,null,null,null,0,0,null,null,24,{"$f":"100*COUNT(AZ$10:$AZ14)/$AZ$43","v":{"$error":"#DIV/0!"}},null,null,23,{"$f":"100*COUNT(BD$10:$BD14)/$BD$43","v":{"$error":"#DIV/0!"}}]
["2018-12-06",null,null,null,null,null,null,null,null,null,null,null,null,null,null,null,null,null,null,null,null,null,null,null,null,null,null,null,null,null,null,null,null,null,null,null,null,null,null,null,null,null,null,null,null,null,null,null,0,0,null,null,17,{"$f":"100*COUNT(AZ$10:$AZ15)/$AZ$43","v":{"$error":"#DIV/0!"}},null,null,11,{"$f":"100*COUNT(BD$10:$BD15)/$BD$43","v":{"$error":"#DIV/0!"}}]
["2018-12-07",null,null,null,null,null,null,null,null,null,null,null,null,null,null,null,null,null,null,null,null,null,null,null,null,null,null,null,null,null,null,null,null,null,null,null,null,null,null,null,null,null,null,null,null,null,null,null,0,0,null,null,28,{"$f":"100*COUNT(AZ$10:$AZ16)/$AZ$43","v":{"$error":"#DIV/0!"}},null,null,24,{"$f":"100*COUNT(BD$10:$BD16)/$BD$43","v":{"$error":"#DIV/0!"}}]
["2018-12-08",null,null,null,null,null,null,null,null,null,null,null,null,null,null,null,null,null,null,null,null,null,null,null,null,null,null,null,null,null,null,null,null,null,null,null,null,null,null,null,null,null,null,null,null,null,null,null,0,0,null,null,26,{"$f":"100*COUNT(AZ$10:$AZ17)/$AZ$43","v":{"$error":"#DIV/0!"}},null,null,29,{"$f":"100*COUNT(BD$10:$BD17)/$BD$43","v":{"$error":"#DIV/0!"}}]
["2018-12-09",null,null,null,null,null,null,null,null,null,null,null,null,null,null,null,null,null,null,null,null,null,null,null,null,null,null,null,null,null,null,null,null,null,null,null,null,null,null,null,null,null,null,null,null,null,null,null,0,0,null,null,7,{"$f":"100*COUNT(AZ$10:$AZ18)/$AZ$43","v":{"$error":"#DIV/0!"}},null,null,10,{"$f":"100*COUNT(BD$10:$BD18)/$BD$43","v":{"$error":"#DIV/0!"}}]
["2018-12-10",null,null,null,null,null,null,null,null,null,null,null,null,null,null,null,null,null,null,null,null,null,null,null,null,null,null,null,null,null,null,null,null,null,null,null,null,null,null,null,null,null,null,null,null,null,null,null,0,0,null,null,15,{"$f":"100*COUNT(AZ$10:$AZ19)/$AZ$43","v":{"$error":"#DIV/0!"}},null,null,14,{"$f":"100*COUNT(BD$10:$BD19)/$BD$43","v":{"$error":"#DIV/0!"}}]
["2018-12-11",null,null,null,null,null,null,null,null,null,null,null,null,null,null,null,null,null,null,null,null,null,null,null,null,null,null,null,null,null,null,null,null,null,null,null,null,null,null,null,null,null,null,null,null,null,null,null,0,0,null,null,6,{"$f":"100*COUNT(AZ$10:$AZ20)/$AZ$43","v":{"$error":"#DIV/0!"}},null,null,16,{"$f":"100*COUNT(BD$10:$BD20)/$BD$43","v":{"$error":"#DIV/0!"}}]
["2018-12-12",null,null,null,null,null,null,null,null,null,null,null,null,null,null,null,null,null,null,null,null,null,null,null,null,null,null,null,null,null,null,null,null,null,null,null,null,null,null,null,null,null,null,null,null,null,null,null,0,0,null,null,2,{"$f":"100*COUNT(AZ$10:$AZ21)/$AZ$43","v":{"$error":"#DIV/0!"}},null,null,22,{"$f":"100*COUNT(BD$10:$BD21)/$BD$43","v":{"$error":"#DIV/0!"}}]
["2018-12-13",null,null,null,null,null,null,null,null,null,null,null,null,null,null,null,null,null,null,null,null,null,null,null,null,null,null,null,null,null,null,null,null,null,null,null,null,null,null,null,null,null,null,null,null,null,null,null,0,0,null,null,23,{"$f":"100*COUNT(AZ$10:$AZ22)/$AZ$43","v":{"$error":"#DIV/0!"}},null,null,3,{"$f":"100*COUNT(BD$10:$BD22)/$BD$43","v":{"$error":"#DIV/0!"}}]
["2018-12-14",null,null,null,null,null,null,null,null,null,null,null,null,null,null,null,null,null,null,null,null,null,null,null,null,null,null,null,null,null,null,null,null,null,null,null,null,null,null,null,null,null,null,null,null,null,null,null,0,0,null,null,22,{"$f":"100*COUNT(AZ$10:$AZ23)/$AZ$43","v":{"$error":"#DIV/0!"}},null,null,1,{"$f":"100*COUNT(BD$10:$BD23)/$BD$43","v":{"$error":"#DIV/0!"}}]
["2018-12-15",null,null,null,null,null,null,null,null,null,null,null,null,null,null,null,null,null,null,null,null,null,null,null,null,null,null,null,null,null,null,null,null,null,null,null,null,null,null,null,null,null,null,null,null,null,null,null,0,0,null,null,11,{"$f":"100*COUNT(AZ$10:$AZ24)/$AZ$43","v":{"$error":"#DIV/0!"}},null,null,31,{"$f":"100*COUNT(BD$10:$BD24)/$BD$43","v":{"$error":"#DIV/0!"}}]
["2018-12-16",null,null,null,null,null,null,null,null,null,null,null,null,null,null,null,null,null,null,null,null,null,null,null,null,null,null,null,null,null,null,null,null,null,null,null,null,null,null,null,null,null,null,null,null,null,null,null,0,0,null,null,14,{"$f":"100*COUNT(AZ$10:$AZ25)/$AZ$43","v":{"$error":"#DIV/0!"}},null,null,15,{"$f":"100*COUNT(BD$10:$BD25)/$BD$43","v":{"$error":"#DIV/0!"}}]
["2018-12-17",null,null,null,null,null,null,null,null,null,null,null,null,null,null,null,null,null,null,null,null,null,null,null,null,null,null,null,null,null,null,null,null,null,null,null,null,null,null,null,null,null,null,null,null,null,null,null,0,0,null,null,19,{"$f":"100*COUNT(AZ$10:$AZ26)/$AZ$43","v":{"$error":"#DIV/0!"}},null,null,9,{"$f":"100*COUNT(BD$10:$BD26)/$BD$43","v":{"$error":"#DIV/0!"}}]
["2018-12-18",null,null,null,null,null,null,null,null,null,null,null,null,null,null,null,null,null,null,null,null,null,null,null,null,null,null,null,null,null,null,null,null,null,null,null,null,null,null,null,null,null,null,null,null,null,null,null,0,0,null,null,25,{"$f":"100*COUNT(AZ$10:$AZ27)/$AZ$43","v":{"$error":"#DIV/0!"}},null,null,27,{"$f":"100*COUNT(BD$10:$BD27)/$BD$43","v":{"$error":"#DIV/0!"}}]
["2018-12-19",null,null,null,null,null,null,null,null,null,null,null,null,null,null,null,null,null,null,null,null,null,null,null,null,null,null,null,null,null,null,null,null,null,null,null,null,null,null,null,null,null,null,null,null,null,null,null,0,0,null,null,18,{"$f":"100*COUNT(AZ$10:$AZ28)/$AZ$43","v":{"$error":"#DIV/0!"}},null,null,30,{"$f":"100*COUNT(BD$10:$BD28)/$BD$43","v":{"$error":"#DIV/0!"}}]
["2018-12-20",null,null,null,null,null,null,null,null,null,null,null,null,null,null,null,null,null,null,null,null,null,null,null,null,null,null,null,null,null,null,null,null,null,null,null,null,null,null,null,null,null,null,null,null,null,null,null,0,0,null,null,10,{"$f":"100*COUNT(AZ$10:$AZ29)/$AZ$43","v":{"$error":"#DIV/0!"}},null,null,28,{"$f":"100*COUNT(BD$10:$BD29)/$BD$43","v":{"$error":"#DIV/0!"}}]
["2018-12-21",null,null,null,null,null,null,null,null,null,null,null,null,null,null,null,null,null,null,null,null,null,null,null,null,null,null,null,null,null,null,null,null,null,null,null,null,null,null,null,null,null,null,null,null,null,null,null,0,0,null,null,12,{"$f":"100*COUNT(AZ$10:$AZ30)/$AZ$43","v":{"$error":"#DIV/0!"}},null,null,5,{"$f":"100*COUNT(BD$10:$BD30)/$BD$43","v":{"$error":"#DIV/0!"}}]
["2018-12-22",null,null,null,null,null,null,null,null,null,null,null,null,null,null,null,null,null,null,null,null,null,null,null,null,null,null,null,null,null,null,null,null,null,null,null,null,null,null,null,null,null,null,null,null,null,null,null,0,0,null,null,9,{"$f":"100*COUNT(AZ$10:$AZ31)/$AZ$43","v":{"$error":"#DIV/0!"}},null,null,13,{"$f":"100*COUNT(BD$10:$BD31)/$BD$43","v":{"$error":"#DIV/0!"}}]
["2018-12-23",null,null,null,null,null,null,null,null,null,null,null,null,null,null,null,null,null,null,null,null,null,null,null,null,null,null,null,null,null,null,null,null,null,null,null,null,null,null,null,null,null,null,null,null,null,null,null,0,0,null,null,1,{"$f":"100*COUNT(AZ$10:$AZ32)/$AZ$43","v":{"$error":"#DIV/0!"}},null,null,6,{"$f":"100*COUNT(BD$10:$BD32)/$BD$43","v":{"$error":"#DIV/0!"}}]
["2018-12-24",null,null,null,null,null,null,null,null,null,null,null,null,null,null,null,null,null,null,null,null,null,null,null,null,null,null,null,null,null,null,null,null,null,null,null,null,null,null,null,null,null,null,null,null,null,null,null,0,0,null,null,3,{"$f":"100*COUNT(AZ$10:$AZ33)/$AZ$43","v":{"$error":"#DIV/0!"}},null,null,2,{"$f":"100*COUNT(BD$10:$BD33)/$BD$43","v":{"$error":"#DIV/0!"}}]
["2018-12-25",null,null,null,null,null,null,null,null,null,null,null,null,null,null,null,null,null,null,null,null,null,null,null,null,null,null,null,null,null,null,null,null,null,null,null,null,null,null,null,null,null,null,null,null,null,null,null,0,0,null,null,20,{"$f":"100*COUNT(AZ$10:$AZ34)/$AZ$43","v":{"$error":"#DIV/0!"}},null,null,20,{"$f":"100*COUNT(BD$10:$BD34)/$BD$43","v":{"$error":"#DIV/0!"}}]
["2018-12-26",null,null,null,null,null,null,null,null,null,null,null,null,null,null,null,null,null,null,null,null,null,null,null,null,null,null,null,null,null,null,null,null,null,null,null,null,null,null,null,null,null,null,null,null,null,null,null,0,0,null,null,4,{"$f":"100*COUNT(AZ$10:$AZ35)/$AZ$43","v":{"$error":"#DIV/0!"}},null,null,18,{"$f":"100*COUNT(BD$10:$BD35)/$BD$43","v":{"$error":"#DIV/0!"}}]
["2018-12-27",null,null,null,null,null,null,null,null,null,null,null,null,null,null,null,null,null,null,null,null,null,null,null,null,null,null,null,null,null,null,null,null,null,null,null,null,null,null,null,null,null,null,null,null,null,null,null,0,0,null,null,29,{"$f":"100*COUNT(AZ$10:$AZ36)/$AZ$43","v":{"$error":"#DIV/0!"}},null,null,26,{"$f":"100*COUNT(BD$10:$BD36)/$BD$43","v":{"$error":"#DIV/0!"}}]
["2018-12-28",null,null,null,null,null,null,null,null,null,null,null,null,null,null,null,null,null,null,null,null,null,null,null,null,null,null,null,null,null,null,null,null,null,null,null,null,null,null,null,null,null,null,null,null,null,null,null,0,0,null,null,13,{"$f":"100*COUNT(AZ$10:$AZ37)/$AZ$43","v":{"$error":"#DIV/0!"}},null,null,25,{"$f":"100*COUNT(BD$10:$BD37)/$BD$43","v":{"$error":"#DIV/0!"}}]
["2018-12-29",null,null,null,null,null,null,null,null,null,null,null,null,null,null,null,null,null,null,null,null,null,null,null,null,null,null,null,null,null,null,null,null,null,null,null,null,null,null,null,null,null,null,null,null,null,null,null,0,0,null,null,8,{"$f":"100*COUNT(AZ$10:$AZ38)/$AZ$43","v":{"$error":"#DIV/0!"}},null,null,19,{"$f":"100*COUNT(BD$10:$BD38)/$BD$43","v":{"$error":"#DIV/0!"}}]
["2018-12-30",null,null,null,null,null,null,null,null,null,null,null,null,null,null,null,null,null,null,null,null,null,null,null,null,null,null,null,null,null,null,null,null,null,null,null,null,null,null,null,null,null,null,null,null,null,null,null,0,0,null,null,30,{"$f":"100*COUNT(AZ$10:$AZ39)/$AZ$43","v":{"$error":"#DIV/0!"}},null,null,7,{"$f":"100*COUNT(BD$10:$BD39)/$BD$43","v":{"$error":"#DIV/0!"}}]
["2018-12-31",null,null,null,null,null,null,null,null,null,null,null,null,null,null,null,null,null,null,null,null,null,null,null,null,null,null,null,null,null,null,null,null,null,null,null,null,null,null,null,null,null,null,null,null,null,null,null,0,0,null,null,31,{"$f":"100*COUNT(AZ$10:$AZ40)/$AZ$43","v":{"$error":"#DIV/0!"}},null,null,21,{"$f":"100*COUNT(BD$10:$BD40)/$BD$43","v":{"$error":"#DIV/0!"}}]
[]
[]
[null,null,null,null,null,null,null,null,null,null,null,null,null,null,null,null,null,null,null,null,null,null,null,null,null,null,null,null,null,null,null,null,null,null,null,null,null,null,null,null,null,null,null,null,null,null,null,null,null,null,null,{"$f":"COUNT(_MSC1)","v":0},null,null,null,{"$f":"COUNT(_CFC1)","v":0}]

{"sheet":"Summary","index":4,"n_rows":43,"n_cols":17,"rows_kept":43,"cut":false,"hidden":false,"merged":[[25,2,25,3],[24,2,24,4]]}
[]
[null,null,{"$f":"DataEntryValues!G3&\"  \"&DataEntryValues!G4","v":"  "},null,null,null,null,null,null,null,null,null,null,null,null,null,"Treatment Barrier Performance Summary"]
[]
[]
[]
[]
[]
[]
[]
[]
[]
[]
[]
[]
[]
[]
[]
[]
[]
[]
[]
[]
[]
[]
[null,null,"ANNUAL DATA",null,null,"Avg","Min","Max","RSQ",0.95,"Opt. Goal","Reg."]
[null,null,null,null,null,"NTU","NTU","NTU",null,"NTU","% Values","% Values"]
[null,null,"Raw Turbidity",null,null,{"$f":"IF(SUM(Raw)=0,,AVERAGE(Raw))","v":5.3373991633550482},{"$f":"IF(SUM(Raw)=0,,MIN(Raw))","v":0.11164755374193192},{"$f":"IF(SUM(Raw)=0,,MAX(Raw))","v":49.989940643310547},"n/a",{"$f":"IF(SUM(Raw)=0,,PERCENTILE(Raw, 0.95))","v":26.676925182342504},"n/a","n/a"]
[null,null,"Max. Settled Turbidity",null,null,{"$f":"IF(SUM(MaxSedPlot)=0,,AVERAGE(MaxSedPlot))","v":0},{"$f":"IF(SUM(MaxSedPlot)=0,,MIN(MaxSedPlot))","v":0},{"$f":"IF(SUM(MaxSedPlot)=0,,MAX(MaxSedPlot))","v":0},{"$f":"IF(SUM(Raw)=0,,IF(SUM(MaxSedPlot)=0,,RSQ(Raw,MaxSedPlot)))","v":0},{"$f":"IF(SUM(MaxSedPlot)=0,,PERCENTILE(MaxSedPlot,0.95))","v":0},{"$f":"IF(SUM(MaxSedPlot)=0,,(COUNTIFS(MaxSedPlot,\"<=\"&DataEntryValues!G5)/COUNT(MaxSedPlot))*100)","v":0},"n/a"]
[null,null,"Max. Membrane Unit Turbidity",null,null,{"$f":"IF(SUM(MaxFilterPlot)=0,,AVERAGE(MaxFilterPlot))","v":3.6868220377856725E-2},{"$f":"IF(SUM(MaxFilterPlot)=0,,MIN(MaxFilterPlot))","v":1.3116072863340378E-2},{"$f":"(IF(SUM(MaxFilterPlot)=0,,MAX(MaxFilterPlot)))","v":0.11665660887956619},{"$f":"IF(SUM(MaxSedPlot)=0,,IF(SUM(MaxFilterPlot)=0,,RSQ(MaxSedPlot,MaxFilterPlot)))","v":0},{"$f":"IF(SUM(MaxFilterPlot)=0,,PERCENTILE(MaxFilterPlot,0.95))","v":6.1395090259611595E-2},{"$f":"IF(SUM(MaxFilterPlot)=0,,(COUNTIFS(MaxFilterPlot,\"<=\"&DataEntryValues!G6)/COUNT(MaxFilterPlot))*100)","v":79.615384615384613},"n/a"]
[null,null,"Min. Membrane Unit LRV",null,null,{"$f":"IF(SUM(MinLRVplot)=0,,AVERAGE(MinLRVplot))","v":4.1202636012664211},{"$f":"IF(SUM(MinLRVplot)=0,,MIN(MinLRVplot))","v":3.6081993579864502},{"$f":"IF(SUM(MinLRVplot)=0,,MAX(MinLRVplot))","v":4.3520059585571289},"n/a",{"$f":"IF(SUM(MinLRVplot)=0,,PERCENTILE(MinLRVplot,0.05))","v":4.0104234218597412},{"$f":"IF(SUM(MinLRVplot)=0,,(COUNTIFS(MinLRVplot,\">=\"&DataEntryValues!G8)/COUNT(MinLRVplot))*100)","v":96.15384615384616},"n/a"]
[null,null,"Max. Membrane Unit PD",null,null,{"$f":"IF(SUM(MaxPDplot)=0,,AVERAGE(MaxPDplot))","v":1.9534594095313398},{"$f":"IF(SUM(MaxPDplot)=0,,MIN(MaxPDplot))","v":1.5777258850386922},{"$f":"IF(SUM(MaxPDplot)=0,,MAX(MaxPDplot))","v":2.3736190795898438},"n/a",{"$f":"IF(SUM(MaxPDplot)=0,,PERCENTILE(MaxPDplot,0.95))","v":2.2724231837745239},{"$f":"IF(SUM(MaxPDplot)=0,,(COUNTIFS(MaxPDplot,\"<=\"&DataEntryValues!G9)/COUNT(MaxPDplot))*100)","v":100},"n/a"]
[null,null,"Combined Filtered Turbidity",null,null,{"$f":"IF(SUM(Comb)=0,,AVERAGE(Comb))","v":0},{"$f":"IF(SUM(Comb)=0,,MIN(Comb))","v":0},{"$f":"IF(SUM(Comb)=0,,MAX(Comb))","v":0},{"$f":"IF(SUM(MaxFilterPlot)=0,,IF(SUM(Comb)=0,,RSQ(MaxFilterPlot,Comb)))","v":0},{"$f":"IF(SUM(Comb)=0,,PERCENTILE(Comb,0.95))","v":0},{"$f":"IF(SUM(Comb)=0,,(COUNTIFS(Comb,\"<=\"&DataEntryValues!G6)/COUNT(Comb))*100)","v":0},{"$f":"IF(SUM(Comb)=0,,(COUNTIFS(Comb,\"<=\"&DataEntryValues!G7)/COUNT(Comb))*100)","v":0}]
[]
[null,null,"RSQ = Correlation Coefficient for two selected data sets (> ~ 0.25 suggests correlation)"]
[null,null,"95% = 95th Percentile value for data set"]
[null,null,"Opt. Goal = % of values in data set that are less than or equal to the selected optimization turbidity goal"]
[null,null,"Reg.  = % of values in data set that are less than or equal to the regulated turbidity requirement"]
[]
[]
[]
[]
[]
[null,null,{"$f":"Instructions!B1","v":"Membrane Optimization Assessment Software"}]

{"sheet":"OptimizationTrend","index":5,"n_rows":40,"n_cols":52,"rows_kept":40,"cut":false,"hidden":false,"merged":[]}
[]
[null,null,{"$f":"DataEntryValues!G3&\"  \"&DataEntryValues!G4","v":"  "},null,null,null,null,null,null,null,null,null,null,null,null,null,null,null,null,null,"Optimization Trend Report",null,null,null,null,null,null,{"$f":"DataEntryValues!G3&\"  \"&DataEntryValues!G4","v":"  "},null,null,null,null,null,null,null,null,null,null,null,null,null,null,null,null,null,null,null,null,"Optimization Trend Report"]
[]
[]
[null,null,null,"Settled Water Turbidity",null,null,null,null,null,null,null,"Membrane Train Performance",null,null,null,null,null,null,null,null,null,null,null,null,null,null,null,null,"Membrane Train Performance"]
[null,null,null,"95th Percentile Values (NTU)",null,null,null,null,"% Values Meeting Goal",null,null,"95th Percentile Turbidity Values (NTU)",null,null,null,null,null,null,null,null,null,null,null,null,null,null,null,null,"95th Percentile LRV Values",null,null,null,null,null,null,null,null,null,null,null,"95th Percentile Pressure Decay Values (psi/min)"]
[null,null,null,"Sed 1","Sed 2","Sed 3","Sed 4","All Sed 95 P","3 NTU","2 NTU","1 NTU","T1 Turb","T2 Turb","T3 Turb","T4 Turb","T5 Turb","T6 Turb","T7 Turb","T8 Turb","T9 Turb","T10 Turb","T11 Turb","T12 Turb","CFE Turb",null,null,null,null,"T1 LRV","T2 LRV","T3 LRV","T4 LRV","T5 LRV","T6 LRV","T7 LRV","T8 LRV","T9 LRV","T10 LRV","T11 LRV","T12 LRV","T1 PD","T2 PD","T3 PD","T4 PD","T5 PD","T6 PD","T7 PD","T8 PD","T9 PD","T10 PD","T11 PD","T12 PD"]
[null,null,"2018-01-01",null,null,null,null,null,null,null,null,3.6718971095979207E-2,2.1537919808179137E-2,4.1923154145479202E-2,1.4313014829531311E-2,null,null,null,null,null,null,null,null,null,null,null,null,"2018-01-01",4.1044798612594606,4.1625847816467285,4.0827486515045166,4.7878713607788086,null,null,null,null,null,null,null,null,1.6237458186363107,1.8623136714785413,1.6934062701799135,0.71425552368164058]
[null,null,"2018-02-01",null,null,null,null,null,null,null,null,6.0891167819499971E-2,3.6401125788688656E-2,4.4528264552354813E-2,3.9899416081607318E-2,null,null,null,null,null,null,null,null,null,null,null,null,"2018-02-01",4.1261230230331423,4.1496654510498043,4.0888274669647213,4.763965678215027,null,null,null,null,null,null,null,null,1.7213366476542642,2.0012187411840294,1.7864095782593594,0.742833251953125]
[null,null,"2018-03-01",null,null,null,null,null,null,null,null,5.2696639671921709E-2,3.2760009169578552E-2,5.1507745310664176E-2,4.3713541701436043E-2,null,null,null,null,null,null,null,null,null,null,null,null,"2018-03-01",4.1017701625823975,4.1145634651184082,4.089820384979248,4.7464640140533447,null,null,null,null,null,null,null,null,1.7882484743446656,2.1788116301880036,1.8365631018270994,0.78371505737304692]
[null,null,"2018-04-01",null,null,null,null,null,null,null,null,5.1925163716077798E-2,3.194125965237616E-2,4.5876084454357619E-2,4.738282188773154E-2,null,null,null,null,null,null,null,null,null,null,null,null,"2018-04-01",4.0633485317230225,4.0539942502975466,4.018797135353088,4.7216185331344604,null,null,null,null,null,null,null,null,1.8394908294864045,2.2813365770422891,1.9919440774356618,0.78208206176757811]
[null,null,"2018-05-01",null,null,null,null,null,null,null,null,5.6356871500611305E-2,2.8954938333481541E-2,3.7889759987592697E-2,3.2199759036302567E-2,null,null,null,null,null,null,null,null,null,null,null,null,"2018-05-01",4.0622696876525879,4.0525388717651367,4.0346941947937012,4.7708313465118408,null,null,null,null,null,null,null,null,1.8432791191234923,2.3040931305859726,1.9421426151575667,0.74689178466796879]
[null,null,"2018-06-01",null,null,null,null,null,null,null,null,2.6517802849411964E-2,3.8708510249853133E-2,5.7845503091812127E-2,3.6809494905173774E-2,null,null,null,null,null,null,null,null,null,null,null,null,"2018-06-01",4.0186296939849857,3.9989023566246034,4.0113669395446774,4.7783752679824829,null,null,null,null,null,null,null,null,1.6741826328041896,2.3384672595608622,1.6925538928303498,0.75693382263183584]
[null,null,"2018-07-01",null,null,null,null,null,null,null,null,9.0134783089160897E-2,5.0731241144239901E-2,3.3726613037288175E-2,4.0394285693764687E-2,null,null,null,null,null,null,null,null,null,null,null,null,"2018-07-01",3.9846214294433593,4.1617698669433594,4.1819751262664795,4.7762482166290283,null,null,null,null,null,null,null,null,1.6579801087738364,2.0033655166625977,1.6674174049686146,0.73308486938476558]
[null,null,"2018-08-01",null,null,null,null,null,null,null,null,6.3073825091123567E-2,4.3821162357926352E-2,5.3047675639390945E-2,5.4991951026022431E-2,null,null,null,null,null,null,null,null,null,null,null,null,"2018-08-01",4.2224125862121582,4.1457905769348145,4.056121826171875,4.7042403221130371,null,null,null,null,null,null,null,null,1.3400363075313801,2.0146768599690517,1.7627768296163779,0.96147288446841039]
[null,null,"2018-09-01",null,null,null,null,null,null,null,null,4.6815529465675354E-2,4.4455844350159139E-2,1.8334339559078216E-2,2.3391671478748308E-2,null,null,null,null,null,null,null,null,null,null,null,null,"2018-09-01",4.3261089324951172,3.6081993579864502,4.1139402389526367,4.8708162307739258,null,null,null,null,null,null,null,null,1.341314422950316,1.8453332933328919,1.9456136051279354,0.65241210937499994]
[null,null,"2018-10-01",null,null,null,null,null,null,null,null,null,null,null,null,null,null,null,null,null,null,null,null,null,null,null,null,"2018-10-01"]
[null,null,"2018-11-01",null,null,null,null,null,null,null,null,null,null,null,null,null,null,null,null,null,null,null,null,null,null,null,null,"2018-11-01"]
[null,null,"2018-12-01",null,null,null,null,null,null,null,null,null,null,null,null,null,null,null,null,null,null,null,null,null,null,null,null,"2018-12-01"]
[null,null,"Yr. 95%",{"$f":"IF(SUM(DataEntryValues!C18:C383)=0,,PERCENTILE(DataEntryValues!C18:C383,0.95))","v":0},{"$f":"IF(SUM(DataEntryValues!D18:D383)=0,,PERCENTILE(DataEntryValues!D18:D383,0.95))","v":0},{"$f":"IF(SUM(DataEntryValues!E18:E383)=0,,PERCENTILE(DataEntryValues!E18:E383,0.95))","v":0},{"$f":"IF(SUM(DataEntryValues!F18:F383)=0,,PERCENTILE(DataEntryValues!F18:F383,0.95))","v":0},null,null,null,null,{"$f":"IF(SUM(DataEntryValues!G18:G383)=0,,PERCENTILE(DataEntryValues!G18:G383,0.95))","v":5.8632064610719681E-2},{"$f":"IF(SUM(DataEntryValues!H18:H383)=0,,PERCENTILE(DataEntryValues!H18:H383,0.95))","v":3.8572722487151621E-2},{"$f":"IF(SUM(DataEntryValues!I18:I383)=0,,PERCENTILE(DataEntryValues!I18:I383,0.95))","v":4.8519412428140625E-2},{"$f":"IF(SUM(DataEntryValues!J18:J383)=0,,PERCENTILE(DataEntryValues!J18:J383,0.95))","v":4.4369346648454669E-2},{"$f":"IF(SUM(DataEntryValues!K18:K383)=0,,PERCENTILE(DataEntryValues!K18:K383,0.95))","v":0},{"$f":"IF(SUM(DataEntryValues!L18:L383)=0,,PERCENTILE(DataEntryValues!L18:L383,0.95))","v":0},{"$f":"IF(SUM(DataEntryValues!M18:M383)=0,,PERCENTILE(DataEntryValues!M18:M383,0.95))","v":0},{"$f":"IF(SUM(DataEntryValues!N18:N383)=0,,PERCENTILE(DataEntryValues!N18:N383,0.95))","v":0},{"$f":"IF(SUM(DataEntryValues!O18:O383)=0,,PERCENTILE(DataEntryValues!O18:O383,0.95))","v":0},{"$f":"IF(SUM(DataEntryValues!P18:P383)=0,,PERCENTILE(DataEntryValues!P18:P383,0.95))","v":0},{"$f":"IF(SUM(DataEntryValues!Q18:Q383)=0,,PERCENTILE(DataEntryValues!Q18:Q383,0.95))","v":0},{"$f":"IF(SUM(DataEntryValues!R18:R383)=0,,PERCENTILE(DataEntryValues!R18:R383,0.95))","v":0},{"$f":"IF(SUM(DataEntryValues!S18:S383)=0,,PERCENTILE(DataEntryValues!S18:S383,0.95))","v":0},null,null,null,"Yr. 95%",{"$f":"IF(SUM(DataEntryValues!T18:T383)=0,,PERCENTILE(DataEntryValues!T18:T383,0.05))","v":4.0636327266693115},{"$f":"IF(SUM(DataEntryValues!U18:U383)=0,,PERCENTILE(DataEntryValues!U18:U383,0.05))","v":4.030388355255127},{"$f":"IF(SUM(DataEntryValues!V18:V383)=0,,PERCENTILE(DataEntryValues!V18:V383,0.05))","v":4.0447545051574707},{"$f":"IF(SUM(DataEntryValues!W18:W383)=0,,PERCENTILE(DataEntryValues!W18:W383,0.05))","v":4.7505779266357422},{"$f":"IF(SUM(DataEntryValues!X18:X383)=0,,PERCENTILE(DataEntryValues!X18:X383,0.05))","v":0},{"$f":"IF(SUM(DataEntryValues!Y18:Y383)=0,,PERCENTILE(DataEntryValues!Y18:Y383,0.05))","v":0},{"$f":"IF(SUM(DataEntryValues!Z18:Z383)=0,,PERCENTILE(DataEntryValues!Z18:Z383,0.05))","v":0},{"$f":"IF(SUM(DataEntryValues!AA18:AA383)=0,,PERCENTILE(DataEntryValues!AA18:AA383,0.05))","v":0},{"$f":"IF(SUM(DataEntryValues!AB18:AB383)=0,,PERCENTILE(DataEntryValues!AB18:AB383,0.05))","v":0},{"$f":"IF(SUM(DataEntryValues!AC18:AC383)=0,,PERCENTILE(DataEntryValues!AC18:AC383,0.05))","v":0},{"$f":"IF(SUM(DataEntryValues!AD18:AD383)=0,,PERCENTILE(DataEntryValues!AD18:AD383,0.05))","v":0},{"$f":"IF(SUM(DataEntryValues!AE18:AE383)=0,,PERCENTILE(DataEntryValues!AE18:AE383,0.05))","v":0},{"$f":"IF(SUM(DataEntryValues!AF18:AF383)=0,,PERCENTILE(DataEntryValues!AF18:AF383,0.95))","v":1.8021671649536799},{"$f":"IF(SUM(DataEntryValues!AG18:AG383)=0,,PERCENTILE(DataEntryValues!AG18:AG383,0.95))","v":2.2724231837745239},{"$f":"IF(SUM(DataEntryValues!AH18:AH383)=0,,PERCENTILE(DataEntryValues!AH18:AH383,0.95))","v":1.939457512363026},{"$f":"IF(SUM(DataEntryValues!AI18:AI383)=0,,PERCENTILE(DataEntryValues!AI18:AI383,0.95))","v":0.77756240844726554},{"$f":"IF(SUM(DataEntryValues!AJ18:AJ383)=0,,PERCENTILE(DataEntryValues!AJ18:AJ383,0.95))","v":0},{"$f":"IF(SUM(DataEntryValues!AK18:AK383)=0,,PERCENTILE(DataEntryValues!AK18:AK383,0.95))","v":0},{"$f":"IF(SUM(DataEntryValues!AL18:AL383)=0,,PERCENTILE(DataEntryValues!AL18:AL383,0.95))","v":0},{"$f":"IF(SUM(DataEntryValues!AM18:AM383)=0,,PERCENTILE(DataEntryValues!AM18:AM383,0.95))","v":0},{"$f":"IF(SUM(DataEntryValues!AN18:AN383)=0,,PERCENTILE(DataEntryValues!AN18:AN383,0.95))","v":0},{"$f":"IF(SUM(DataEntryValues!AO18:AO383)=0,,PERCENTILE(DataEntryValues!AO18:AO383,0.95))","v":0},{"$f":"IF(SUM(DataEntryValues!AP18:AP383)=0,,PERCENTILE(DataEntryValues!AP18:AP383,0.95))","v":0},{"$f":"IF(SUM(DataEntryValues!AQ18:AQ383)=0,,PERCENTILE(DataEntryValues!AQ18:AQ383,0.95))","v":0}]
[null,null,"Yr. Goal",{"$f":"IF(SUM(DataEntryValues!C18:C383)=0,,COUNTIFS(DataEntryValues!C18:C383,\"<=\"&DataEntryValues!$G$5)/COUNT(DataEntryValues!C18:C383))","v":0},{"$f":"IF(SUM(DataEntryValues!D18:D383)=0,,COUNTIFS(DataEntryValues!D18:D383,\"<=\"&DataEntryValues!$G$5)/COUNT(DataEntryValues!D18:D383))","v":0},{"$f":"IF(SUM(DataEntryValues!E18:E383)=0,,COUNTIFS(DataEntryValues!E18:E383,\"<=\"&DataEntryValues!$G$5)/COUNT(DataEntryValues!E18:E383))","v":0},{"$f":"IF(SUM(DataEntryValues!F18:F383)=0,,COUNTIFS(DataEntryValues!F18:F383,\"<=\"&DataEntryValues!$G$5)/COUNT(DataEntryValues!F18:F383))","v":0},null,null,null,null,{"$f":"IF(SUM(DataEntryValues!G18:G383)=0,,COUNTIFS(DataEntryValues!G18:G383,\"<=\"&DataEntryValues!$G$6)/COUNT(DataEntryValues!G18:G383))","v":0.8794642857142857},{"$f":"IF(SUM(DataEntryValues!H18:H383)=0,,COUNTIFS(DataEntryValues!H18:H383,\"<=\"&DataEntryValues!$G$6)/COUNT(DataEntryValues!H18:H383))","v":0.97008547008547008},{"$f":"IF(SUM(DataEntryValues!I18:I383)=0,,COUNTIFS(DataEntryValues!I18:I383,\"<=\"&DataEntryValues!$G$6)/COUNT(DataEntryValues!I18:I383))","v":0.96078431372549022},{"$f":"IF(SUM(DataEntryValues!J18:J383)=0,,COUNTIFS(DataEntryValues!J18:J383,\"<=\"&DataEntryValues!$G$6)/COUNT(DataEntryValues!J18:J383))","v":0.96108949416342415},{"$f":"IF(SUM(DataEntryValues!K18:K383)=0,,COUNTIFS(DataEntryValues!K18:K383,\"<=\"&DataEntryValues!$G$6)/COUNT(DataEntryValues!K18:K383))","v":0},{"$f":"IF(SUM(DataEntryValues!L18:L383)=0,,COUNTIFS(DataEntryValues!L18:L383,\"<=\"&DataEntryValues!$G$6)/COUNT(DataEntryValues!L18:L383))","v":0},{"$f":"IF(SUM(DataEntryValues!M18:M383)=0,,COUNTIFS(DataEntryValues!M18:M383,\"<=\"&DataEntryValues!$G$6)/COUNT(DataEntryValues!M18:M383))","v":0},{"$f":"IF(SUM(DataEntryValues!N18:N383)=0,,COUNTIFS(DataEntryValues!N18:N383,\"<=\"&DataEntryValues!$G$6)/COUNT(DataEntryValues!N18:N383))","v":0},{"$f":"IF(SUM(DataEntryValues!O18:O383)=0,,COUNTIFS(DataEntryValues!O18:O383,\"<=\"&DataEntryValues!$G$6)/COUNT(DataEntryValues!O18:O383))","v":0},{"$f":"IF(SUM(DataEntryValues!P18:P383)=0,,COUNTIFS(DataEntryValues!P18:P383,\"<=\"&DataEntryValues!$G$6)/COUNT(DataEntryValues!P18:P383))","v":0},{"$f":"IF(SUM(DataEntryValues!Q18:Q383)=0,,COUNTIFS(DataEntryValues!Q18:Q383,\"<=\"&DataEntryValues!$G$6)/COUNT(DataEntryValues!Q18:Q383))","v":0},{"$f":"IF(SUM(DataEntryValues!R18:R383)=0,,COUNTIFS(DataEntryValues!R18:R383,\"<=\"&DataEntryValues!$G$6)/COUNT(DataEntryValues!R18:R383))","v":0},{"$f":"IF(SUM(DataEntryValues!S18:S383)=0,,COUNTIFS(DataEntryValues!S18:S383,\"<=\"&DataEntryValues!$G$6)/COUNT(DataEntryValues!S18:S383))","v":0},null,null,null,"Yr. Goal",{"$f":"IF(SUM(DataEntryValues!T18:T383)=0,,COUNTIFS(DataEntryValues!T18:T383,\">=\"&DataEntryValues!$G$8)/COUNT(DataEntryValues!T18:T383))","v":0.99224806201550386},{"$f":"IF(SUM(DataEntryValues!U18:U383)=0,,COUNTIFS(DataEntryValues!U18:U383,\">=\"&DataEntryValues!$G$8)/COUNT(DataEntryValues!U18:U383))","v":0.96923076923076923},{"$f":"IF(SUM(DataEntryValues!V18:V383)=0,,COUNTIFS(DataEntryValues!V18:V383,\">=\"&DataEntryValues!$G$8)/COUNT(DataEntryValues!V18:V383))","v":1},{"$f":"IF(SUM(DataEntryValues!W18:W383)=0,,COUNTIFS(DataEntryValues!W18:W383,\">=\"&DataEntryValues!$G$8)/COUNT(DataEntryValues!W18:W383))","v":1},{"$f":"IF(SUM(DataEntryValues!X18:X383)=0,,COUNTIFS(DataEntryValues!X18:X383,\">=\"&DataEntryValues!$G$8)/COUNT(DataEntryValues!X18:X383))","v":0},{"$f":"IF(SUM(DataEntryValues!Y18:Y383)=0,,COUNTIFS(DataEntryValues!Y18:Y383,\">=\"&DataEntryValues!$G$8)/COUNT(DataEntryValues!Y18:Y383))","v":0},{"$f":"IF(SUM(DataEntryValues!Z18:Z383)=0,,COUNTIFS(DataEntryValues!Z18:Z383,\">=\"&DataEntryValues!$G$8)/COUNT(DataEntryValues!Z18:Z383))","v":0},{"$f":"IF(SUM(DataEntryValues!AA18:AA383)=0,,COUNTIFS(DataEntryValues!AA18:AA383,\">=\"&DataEntryValues!$G$8)/COUNT(DataEntryValues!AA18:AA383))","v":0},{"$f":"IF(SUM(DataEntryValues!AB18:AB383)=0,,COUNTIFS(DataEntryValues!AB18:AB383,\">=\"&DataEntryValues!$G$8)/COUNT(DataEntryValues!AB18:AB383))","v":0},{"$f":"IF(SUM(DataEntryValues!AC18:AC383)=0,,COUNTIFS(DataEntryValues!AC18:AC383,\">=\"&DataEntryValues!$G$8)/COUNT(DataEntryValues!AC18:AC383))","v":0},{"$f":"IF(SUM(DataEntryValues!AD18:AD383)=0,,COUNTIFS(DataEntryValues!AD18:AD383,\">=\"&DataEntryValues!$G$8)/COUNT(DataEntryValues!AD18:AD383))","v":0},{"$f":"IF(SUM(DataEntryValues!AE18:AE383)=0,,COUNTIFS(DataEntryValues!AE18:AE383,\">=\"&DataEntryValues!$G$8)/COUNT(DataEntryValues!AE18:AE383))","v":0},{"$f":"IF(SUM(DataEntryValues!AF18:AF383)=0,,COUNTIFS(DataEntryValues!AF18:AF383,\"<=\"&DataEntryValues!$G$9)/COUNT(DataEntryValues!AF18:AF383))","v":1},{"$f":"IF(SUM(DataEntryValues!AG18:AG383)=0,,COUNTIFS(DataEntryValues!AG18:AG383,\"<=\"&DataEntryValues!$G$9)/COUNT(DataEntryValues!AG18:AG383))","v":1},{"$f":"IF(SUM(DataEntryValues!AH18:AH383)=0,,COUNTIFS(DataEntryValues!AH18:AH383,\"<=\"&DataEntryValues!$G$9)/COUNT(DataEntryValues!AH18:AH383))","v":1},{"$f":"IF(SUM(DataEntryValues!AI18:AI383)=0,,COUNTIFS(DataEntryValues!AI18:AI383,\"<=\"&DataEntryValues!$G$9)/COUNT(DataEntryValues!AI18:AI383))","v":1},{"$f":"IF(SUM(DataEntryValues!AJ18:AJ383)=0,,COUNTIFS(DataEntryValues!AJ18:AJ383,\"<=\"&DataEntryValues!$G$9)/COUNT(DataEntryValues!AJ18:AJ383))","v":0},{"$f":"IF(SUM(DataEntryValues!AK18:AK383)=0,,COUNTIFS(DataEntryValues!AK18:AK383,\"<=\"&DataEntryValues!$G$9)/COUNT(DataEntryValues!AK18:AK383))","v":0},{"$f":"IF(SUM(DataEntryValues!AL18:AL383)=0,,COUNTIFS(DataEntryValues!AL18:AL383,\"<=\"&DataEntryValues!$G$9)/COUNT(DataEntryValues!AL18:AL383))","v":0},{"$f":"IF(SUM(DataEntryValues!AM18:AM383)=0,,COUNTIFS(DataEntryValues!AM18:AM383,\"<=\"&DataEntryValues!$G$9)/COUNT(DataEntryValues!AM18:AM383))","v":0},{"$f":"IF(SUM(DataEntryValues!AN18:AN383)=0,,COUNTIFS(DataEntryValues!AN18:AN383,\"<=\"&DataEntryValues!$G$9)/COUNT(DataEntryValues!AN18:AN383))","v":0},{"$f":"IF(SUM(DataEntryValues!AO18:AO383)=0,,COUNTIFS(DataEntryValues!AO18:AO383,\"<=\"&DataEntryValues!$G$9)/COUNT(DataEntryValues!AO18:AO383))","v":0},{"$f":"IF(SUM(DataEntryValues!AP18:AP383)=0,,COUNTIFS(DataEntryValues!AP18:AP383,\"<=\"&DataEntryValues!$G$9)/COUNT(DataEntryValues!AP18:AP383))","v":0},{"$f":"IF(SUM(DataEntryValues!AQ18:AQ383)=0,,COUNTIFS(DataEntryValues!AQ18:AQ383,\"<=\"&DataEntryValues!$G$9)/COUNT(DataEntryValues!AQ18:AQ383))","v":0}]
[]
[]
[]
[]
[]
[]
[]
[]
[]
[]
[]
[]
[]
[]
[]
[]
[]
[]
[null,null,null,{"$f":"Instructions!B1","v":"Membrane Optimization Assessment Software"},null,null,null,null,null,null,null,null,null,null,null,null,null,null,null,null,null,null,null,null,null,null,null,null,{"$f":"Instructions!AC1","v":0}]

{"sheet":"LRV PD Trend","index":7,"n_rows":0,"n_cols":0,"rows_kept":0,"cut":false,"hidden":false,"merged":[]}

{"sheet":"SedSum(1-4)","index":9,"n_rows":1,"n_cols":1,"rows_kept":1,"cut":false,"hidden":false,"merged":[[0,0,0,12]]}
["Sedimentation Performance Summary"]

{"sheet":"TurbSum(1-12)","index":11,"n_rows":1,"n_cols":1,"rows_kept":1,"cut":false,"hidden":false,"merged":[]}
["Turbidity Summary (Trains 1 - 12)"]

{"sheet":"LRVSum(1-12)","index":12,"n_rows":1,"n_cols":1,"rows_kept":1,"cut":false,"hidden":false,"merged":[]}
["Log Removal Value Summary (Trains 1 - 12)"]

{"sheet":"PDSum(1-12)","index":13,"n_rows":1,"n_cols":1,"rows_kept":1,"cut":false,"hidden":false,"merged":[]}
["Pressure Decay Summary (Trains 1 - 12)"]

{"sheet":"LT-Trend","index":14,"n_rows":21,"n_cols":10,"rows_kept":21,"cut":false,"hidden":true,"merged":[]}
[]
[]
[null,null,"Settled Water",null,null,null,"Combined Filtered Water"]
[null,null,"95th %","% Values Meeting Goal",null,null,"95th %","% Values Meeting Goal"]
[null,"Month/Yr","All Sed","3 NTU","2 NTU","1 NTU",null,"0.3 NTU","0.2 NTU","0.1 NTU"]
[]
[null,"2013-01-01",2.2000000000000002,100,83.870967741935488,32.258064516129032,0.4,0.3,0.4,0.4]
[null,"2013-02-01",2.3299999999999996,100,85.714285714285708,46.428571428571431,0.4,0.3,0.4,0.4]
[null,"2013-03-01",2.4,100,74.193548387096769,29.032258064516128,0.4,0.3,0.4,0.4]
[null,"2013-04-01",2.2549999999999999,100,83.333333333333329,43.333333333333336,0.4,0.3,0.4,0.4]
[null,"2013-05-01",2.25,100,77.41935483870968,41.935483870967744,0.4,0.3,0.4,0.4]
[null,"2013-06-01",2.1549999999999998,100,86.666666666666671,53.333333333333336,0.4,0.3,0.4,0.4]
[null,"2013-07-01",2.4,100,77.41935483870968,32.258064516129032,0.4,0.3,0.4,0.4]
[null,"2013-08-01",2.5,100,80.645161290322577,35.483870967741936,0.4,0.3,0.4,0.4]
[null,"2013-09-01",2.3549999999999995,100,80,40,0.4,0.3,0.4,0.4]
[null,"2013-10-01",2.4500000000000002,100,64.516129032258064,38.70967741935484,0.4,0.3,0.4,0.4]
[null,"2013-11-01",2.2549999999999999,100,83.333333333333329,40,0.4,0.3,0.4,0.4]
[null,"2013-12-01",2.5,100,80.645161290322577,35.483870967741936,0.4,0.3,0.4,0.4]
[]
[]
[null,"The area in blue can be copied to the long-term trend spreadsheet (LT_trend.xls) to develop up to three years of performance trends."]

{"sheet":"AllDataSort","index":15,"n_rows":371,"n_cols":47,"rows_kept":371,"cut":false,"hidden":true,"merged":[]}
[]
[null,null,null,null,null,{"$f":"DataEntryValues!G2","v":"Ontario Membrane WTP"},null,null,null,"2018-02-01"]
[null,null,null,null,null,"Cell to identify if year is a leap year or not.",null,null,null,{"$f":"IF(MOD(YEAR(J2)/4,1)=0,1,2)","v":2}]
[null,null,null,null,"Data Entry Area"]
["FebValue","FebFind",null,null,null,"Raw","Sed 1","Sed 2","Sed 3","Sed 4","T1 Turb","T2 Turb","T3 Turb","T4 Turb","T5 Turb","T6 Turb","T7 Turb","T8 Turb","T9 Turb","T10 Turb","T11 Turb","T12 Turb","CFE","T1 LRV","T2 LRV","T3 LRV","T4 LRV","T5 LRV","T6 LRV","T7 LRV","T8 LRV","T9 LRV","T10 LRV","T11 LRV","T12 LRV","T1 PD","T2 PD","T3 PD","T4 PD","T5 PD","T6 PD","T7 PD","T8 PD","T9 PD","T10 PD","T11 PD","U12 PD"]
[0,{"$f":"IF(MONTH(E6)=2,\"feb\",)","v":0},{"$f":"MONTH(E6)","v":1},1,"2018-01-01",3.2136392593383789,null,null,null,null,1.701870933175087E-2,1.4866224490106106E-2,1.4524240046739578E-2,1.2411989271640778E-2,null,null,null,null,null,null,null,null,null,4.2208957672119141,4.2632665634155273,4.2208151817321777,4.9436783790588379,null,null,null,null,null,null,null,null,1.6234944661458333,1.8105255611359128,1.6182325090680802,0.62345733642578127]
[0,0,{"$f":"MONTH(E7)","v":1},1,"2018-01-02",0.35405349731445313,null,null,null,null,1.645544171333313E-2,1.5047274529933929E-2,2.7499496936798096E-2,1.8768860027194023E-2,null,null,null,null,null,null,null,null,null,4.2328948974609375,4.2597455978393555,4.2293195724487305,4.9436783790588379,null,null,null,null,null,null,null,null,1.55654609494093,1.8105255611359128,1.5835831191513563,0.62094573974609379]
[0,0,1,1,"2018-01-03",2.7006638050079346,null,null,null,null,1.8487226217985153E-2,1.9855160266160965E-2,1.687789149582386E-2,1.249245647341013E-2,null,null,null,null,null,null,null,null,null,4.2291116714477539,4.2597455978393555,4.2322173118591309,4.9440131187438965,null,null,null,null,null,null,null,null,1.5351033210754395,1.7794657277536916,1.5527408834882257,0.61006774902343752]
[0,0,1,1,"2018-01-04",1.9814927577972412,null,null,null,null,1.8366524949669838E-2,1.48863410577178E-2,4.2043853551149368E-2,1.2432105839252472E-2,null,null,null,null,null,null,null,null,null,4.2291116714477539,4.2750048637390137,4.2000389099121094,4.9440131187438965,null,null,null,null,null,null,null,null,1.3996904086222692,1.7529885810718202,1.5527408834882257,0.57491912841796877]
[0,0,1,1,"2018-01-05",1.4413598775863647,null,null,null,null,1.7903842031955719E-2,1.6193924471735954E-2,1.5630658715963364E-2,1.2291289865970612E-2,null,null,null,null,null,null,null,null,null,4.2580647468566895,4.2705855369567871,4.2000389099121094,4.9782500267028809,null,null,null,null,null,null,null,null,1.3996904086222692,1.741943359375,1.5642723670372598,0.57491912841796877]
[0,0,1,1,"2018-01-06",1.2411988973617554,null,null,null,null,1.5570308081805706E-2,1.390062365680933E-2,2.3596860468387604E-2,1.2432105839252472E-2,null,null,null,null,null,null,null,null,null,4.2330808639526367,4.2667326927185059,4.2053232192993164,4.9576444625854492,null,null,null,null,null,null,null,null,1.5183433864427649,1.741943359375,1.5642723670372598,0.57826538085937496]
[0,0,1,1,"2018-01-07",2.1746127605438232,null,null,null,null,2.0700059831142426E-2,2.1062159910798073E-2,1.8567692488431931E-2,1.4584589749574661E-2,null,null,null,null,null,null,null,null,null,4.2275934219360352,4.2637395858764648,4.1853747367858887,4.9576444625854492,null,null,null,null,null,null,null,null,1.5139797044836956,1.7523181799686316,1.621990418166257,0.58244934082031252]
[0,0,1,1,"2018-01-08",4.6660633087158203,null,null,null,null,1.6133574768900871E-2,1.4363307505846024E-2,1.9593643024563789E-2,1.2814324349164963E-2,null,null,null,null,null,null,null,null,null,4.2275934219360352,4.2637395858764648,4.1853747367858887,4.959019660949707,null,null,null,null,null,null,null,null,1.5139797044836956,1.697089251349954,1.6110639299665179,0.58663482666015621]
[0,0,1,1,"2018-01-09",0.51398110389709473,null,null,null,null,1.4846106991171837E-2,1.3437939807772636E-2,1.5248442068696022E-2,1.2371756136417389E-2,null,null,null,null,null,null,null,null,null,4.174921989440918,4.2477588653564453,4.170285701751709,4.890296459197998,null,null,null,null,null,null,null,null,1.5144354297268774,1.697089251349954,1.6110639299665179,0.58663482666015621]
[0,0,1,1,"2018-01-10",2.0227317810058594,null,null,null,null,1.60329919308424E-2,1.1768256314098835E-2,1.8185475841164589E-2,1.2411989271640778E-2,null,null,null,null,null,null,null,null,null,4.1471304893493652,4.2373061180114746,4.1489520072937012,4.890296459197998,null,null,null,null,null,null,null,null,1.5876312255859375,1.7041385535037878,1.6281091381689745,0.62178344726562496]
[0,0,1,1,"2018-01-11",0.15590424835681915,null,null,null,null,1.5670891851186752E-2,1.1506739072501659E-2,1.5570308081805706E-2,1.2230938300490379E-2,null,null,null,null,null,null,null,null,null,4.1471304893493652,4.2373061180114746,4.1452374458312988,4.8790292739868164,null,null,null,null,null,null,null,null,1.5871350518588363,1.7105632248320111,1.6204515752945354,0.62010803222656252]
[0,0,1,1,"2018-01-12",1.8396701812744141,null,null,null,null,1.6837658360600471E-2,1.1526855640113354E-2,1.7179641872644424E-2,1.2512573041021824E-2,null,null,null,null,null,null,null,null,null,4.1315093040466309,4.2237486839294434,4.1452374458312988,4.8778200149536133,null,null,null,null,null,null,null,null,1.5871350518588363,1.7093163348258809,1.559777590307859,0.60588226318359373]
[0,0,1,1,"2018-01-13",0.27358680963516235,null,null,null,null,1.6576141119003296E-2,1.3297122903168201E-2,1.462482288479805E-2,1.2210821732878685E-2,null,null,null,null,null,null,null,null,null,4.1260566711425781,4.221381664276123,4.1411266326904297,4.8423480987548828,null,null,null,null,null,null,null,null,1.6263450371040094,1.6783812082358422,1.559777590307859,0.60588226318359373]
[0,0,1,1,"2018-01-14",0.18507342040538788,null,null,null,null,1.5610541217029095E-2,1.2090122327208519E-2,1.4926574192941189E-2,1.2331523001194E-2,null,null,null,null,null,null,null,null,null,4.1260566711425781,4.1823000907897949,4.0880951881408691,4.8415374755859375,null,null,null,null,null,null,null,null,1.5938617111346043,1.6783812082358422,1.5970672003113398,0.6544189453125]
[0,0,1,1,"2018-01-15",0.4566485583782196,null,null,null,null,2.2591028362512589E-2,1.2251054868102074E-2,1.476564072072506E-2,1.2351639568805695E-2,null,null,null,null,null,null,null,null,null,4.0753049850463867,4.1767082214355469,4.0774021148681641,4.8318581581115723,null,null,null,null,null,null,null,null,1.4016464171621963,1.7761031441066577,1.6892044632523147,0.65860443115234379]
[0,0,1,1,"2018-01-16",0.96258294582366943,null,null,null,null,1.5127740800380707E-2,1.1848722584545612E-2,4.1882921010255814E-2,1.3015490025281906E-2,null,null,null,null,null,null,null,null,null,4.1767172813415527,4.1767082214355469,4.0774021148681641,4.8316106796264648,null,null,null,null,null,null,null,null,1.4016464171621963,1.7268767804730663,1.4680604122144758,0.63349609375000004]
[0,0,1,1,"2018-01-17",0.80768454074859619,null,null,null,null,2.2711727768182755E-2,1.7622208222746849E-2,1.4665056020021439E-2,1.319654006510973E-2,null,null,null,null,null,null,null,null,null,null,4.1805710792541504,4.1312389373779297,4.8120193481445313,null,null,null,null,null,null,null,null,-0.25104522705078125,1.7255343519491593,1.4680604122144758,0.63349609375000004]
[0,0,1,1,"2018-01-18",1.6193923950195313,null,null,null,null,2.4763628840446472E-2,null,4.1963387280702591E-2,1.2572922743856907E-2,null,null,null,null,null,null,null,null,null,4.1351103782653809,4.1805710792541504,4.1579875946044922,4.7878713607788086,null,null,null,null,null,null,null,null,1.3925927609813455,1.7255343519491593,1.6816287068925666,0.66362457275390629]
[0,0,1,1,"2018-01-19",0.63065779209136963,null,null,null,null,1.5167973935604095E-2,6.3266947865486145E-2,4.1359886527061462E-2,1.2774089351296425E-2,null,null,null,null,null,null,null,null,null,4.109349250793457,4.1484613418579102,4.220360279083252,4.7878713607788086,null,null,null,null,null,null,null,null,1.3925927609813455,1.7255343519491593,1.6830514704139488,0.65776824951171875]
[0,0,1,1,"2018-01-20",0.85797625780105591,null,null,null,null,null,1.5952523797750473E-2,3.0919332057237625E-2,1.3297122903168201E-2,null,null,null,null,null,null,null,null,null,4.1004958152770996,4.1484613418579102,4.220360279083252,4.7911453247070313,null,null,null,null,null,null,null,null,1.5446938408745661,1.7127890030139594,1.5106654989308324,0.63349609375000004]
[0,0,1,1,"2018-01-21",0.23134177923202515,null,null,null,null,3.8221687078475952E-2,1.6133574768900871E-2,2.7962179854512215E-2,null,null,null,null,null,null,null,null,null,null,4.1153669357299805,4.2593121528625488,4.2282423973083496,4.7911453247070313,null,null,null,null,null,null,null,null,1.5122030382958529,1.8530314309256417,1.5106654989308324,0.63349609375000004]
[0,0,1,1,"2018-01-22",0.1247233971953392,null,null,null,null,2.4703279137611389E-2,1.5670891851186752E-2,3.5204183310270309E-2,1.3981089927256107E-2,null,null,null,null,null,null,null,null,null,4.2616338729858398,4.2451457977294922,4.1705093383789063,4.7262935638427734,null,null,null,null,null,null,null,null,1.5122030382958529,1.879203841531065,1.5123992035354394,0.63349609375000004]
[0,0,1,1,"2018-01-23",18.265941619873047,null,null,null,null,2.737879753112793E-2,1.5691008418798447E-2,3.0718164518475533E-2,1.2995373457670212E-2,null,null,null,null,null,null,null,null,null,4.2616338729858398,4.2451457977294922,4.1705093383789063,4.8938088417053223,null,null,null,null,null,null,null,null,1.6042465209960939,1.8628651997041419,1.6753152700570912,0.713836669921875]
[0,0,1,1,"2018-01-24",0.83383631706237793,null,null,null,null,3.2850533723831177E-2,2.0800644531846046E-2,2.4562463164329529E-2,1.3820157386362553E-2,null,null,null,null,null,null,null,null,null,4.228914737701416,4.2213034629821777,4.1303696632385254,4.881415843963623,null,null,null,null,null,null,null,null,1.5978545390913639,1.8574750745618667,1.6753152700570912,0.68873138427734371]
[0,0,1,1,"2018-01-25",23.603902816772461,null,null,null,null,2.4280829355120659E-2,1.4805873855948448E-2,1.6918124631047249E-2,1.2814324349164963E-2,null,null,null,null,null,null,null,null,null,4.2115082740783691,4.2213034629821777,4.1303696632385254,4.8536233901977539,null,null,null,null,null,null,null,null,1.5880205072284317,1.8521603211661837,1.6876559787326388,0.68873138427734371]
[0,0,1,1,"2018-01-26",1.7340574264526367,null,null,null,null,3.0175015330314636E-2,1.4242607168853283E-2,2.9692213982343674E-2,1.3277006335556507E-2,null,null,null,null,null,null,null,null,null,4.1915640830993652,4.234616756439209,4.1336216926574707,4.8529267311096191,null,null,null,null,null,null,null,null,1.5880205072284317,1.8322926726789106,1.6876559787326388,0.70630340576171879]
[0,0,1,1,"2018-01-27",0.34097766876220703,null,null,null,null,2.8022533282637596E-2,2.1927177906036377E-2,3.6230135709047318E-2,1.2411989271640778E-2,null,null,null,null,null,null,null,null,null,4.1915640830993652,4.213904857635498,4.1336216926574707,4.8371396064758301,null,null,null,null,null,null,null,null,1.5624939767937911,1.8322926726789106,1.6946252187093098,0.71467437744140627]
[0,0,1,1,"2018-01-28",0.30677929520606995,null,null,null,null,3.914705291390419E-2,1.5570308081805706E-2,2.723797969520092E-2,1.3075839728116989E-2,null,null,null,null,null,null,null,null,null,4.210425853729248,4.2130985260009766,4.1415691375732422,4.8228282928466797,null,null,null,null,null,null,null,null,1.5624939767937911,1.8617621432529408,1.6946274893624442,0.71467437744140627]
[0,0,1,1,"2018-01-29",0.39931604266166687,null,null,null,null,3.1402133405208588E-2,1.9231542944908142E-2,2.3938845843076706E-2,1.2593039311468601E-2,null,null,null,null,null,null,null,null,null,4.210425853729248,4.2130985260009766,4.1415691375732422,4.8228282928466797,null,null,null,null,null,null,null,null,1.6237458186363107,1.844358257218903,1.6516836065995066,0.68036193847656246]
[0,0,1,1,"2018-01-30",0.99476969242095947,null,null,null,null,2.9028365388512611E-2,1.4282840304076672E-2,2.6051096618175507E-2,1.2995373457670212E-2,null,null,null,null,null,null,null,null,null,4.2042026519775391,4.2204747200012207,4.1561532020568848,4.8514261245727539,null,null,null,null,null,null,null,null,1.6237458186363107,1.8362941196986606,1.6516836065995066,0.68036193847656246]
[0,0,1,1,"2018-01-31",11.077248573303223,null,null,null,null,3.48823182284832E-2,1.7199758440256119E-2,4.0032185614109039E-2,1.2613155879080296E-2,null,null,null,null,null,null,null,null,null,4.2034749984741211,4.2378749847412109,4.145841121673584,4.8483700752258301,null,null,null,null,null,null,null,null,1.5948028564453125,1.8279604525179476,1.6921873216505174,0.69207916259765623]
["feb","feb",2,2,"2018-02-01",1.0249446630477905,null,null,null,null,3.1382016837596893E-2,2.4260710924863815E-2,3.0114665627479553E-2,1.3337356969714165E-2,null,null,null,null,null,null,null,null,null,4.1758689880371094,4.2378749847412109,4.1413249969482422,4.8268399238586426,null,null,null,null,null,null,null,null,1.5948028564453125,1.8017780451484806,1.6783565945095487,0.70546722412109375]
["feb","feb",2,2,"2018-02-02",3.6089320182800293,null,null,null,null,5.9806879609823227E-2,1.3216656632721424E-2,3.4661032259464264E-2,1.2613155879080296E-2,null,null,null,null,null,null,null,null,null,4.1758689880371094,4.2411112785339355,4.1413249969482422,4.8214383125305176,null,null,null,null,null,null,null,null,1.5506402615508343,1.7387407575334821,1.6783565945095487,0.70546722412109375]
["feb","feb",2,2,"2018-02-03",6.0128746032714844,null,null,null,null,3.0657816678285599E-2,1.973445899784565E-2,3.0939448624849319E-2,1.2834440916776657E-2,null,null,null,null,null,null,null,null,null,4.2021217346191406,4.2161660194396973,4.1283988952636719,4.8178868293762207,null,null,null,null,null,null,null,null,1.5506402615508343,1.7387407575334821,1.6856633400430485,0.70881500244140627]
["feb","feb",2,2,"2018-02-04",3.0406358242034912,null,null,null,null,3.55864018201828E-2,1.6495674848556519E-2,2.6232145726680756E-2,1.2472339905798435E-2,null,null,null,null,null,null,null,null,null,4.1826372146606445,4.2161660194396973,4.1283988952636719,4.8178868293762207,null,null,null,null,null,null,null,null,1.6012134108432503,1.7976685386290525,1.669300815515351,0.69626007080078123]
["feb","feb",2,2,"2018-02-05",15.145845413208008,null,null,null,null,3.1764231622219086E-2,3.9428684860467911E-2,3.3594850450754166E-2,2.0800644531846046E-2,null,null,null,null,null,null,null,null,null,4.173316478729248,4.2145037651062012,4.1307787895202637,4.8620138168334961,null,null,null,null,null,null,null,null,1.6012134108432503,1.7976685386290525,1.669300815515351,0.69207763671875]
["feb","feb",2,2,"2018-02-06",0.51800441741943359,null,null,null,null,3.4801851958036423E-2,1.5670891851186752E-2,2.4381410330533981E-2,1.2432105839252472E-2,null,null,null,null,null,null,null,null,null,4.173316478729248,4.2067856788635254,4.1307787895202637,4.8485217094421387,null,null,null,null,null,null,null,null,1.6043361864591899,1.8209491198575951,1.6747859831779233,0.69207763671875]
["feb","feb",2,2,"2018-02-07",0.30879098176956177,null,null,null,null,1.8004424870014191E-2,1.3156306929886341E-2,1.5167973935604095E-2,1.2472339905798435E-2,null,null,null,null,null,null,null,null,null,4.1884779930114746,4.1956253051757813,4.1040554046630859,4.8485217094421387,null,null,null,null,null,null,null,null,1.6009209211482558,1.8558472278071385,1.6747859831779233,0.69793701171875]
["feb","feb",2,2,"2018-02-08",0.59545361995697021,null,null,null,null,5.1277410238981247E-2,1.448400691151619E-2,2.5890162214636803E-2,1.2311406433582306E-2,null,null,null,null,null,null,null,null,null,4.1750984191894531,4.1956253051757813,4.1040554046630859,4.8108811378479004,null,null,null,null,null,null,null,null,1.547232925622172,1.7845335264463682,1.716846916246118,0.69793701171875]
["feb","feb",2,2,"2018-02-09",0.28867429494857788,null,null,null,null,3.9649970829486847E-2,1.3880507089197636E-2,3.1060148030519485E-2,1.2693623080849648E-2,null,null,null,null,null,null,null,null,null,4.1702117919921875,4.2166390419006348,4.1140222549438477,4.8108811378479004,null,null,null,null,null,null,null,null,1.547232925622172,1.7845335264463682,1.6919002177552407,0.69207916259765623]
["feb","feb",2,2,"2018-02-10",0.91229128837585449,null,null,null,null,4.1380003094673157E-2,2.1082276478409767E-2,4.3029569089412689E-2,1.2633273378014565E-2,null,null,null,null,null,null,null,null,null,4.1565966606140137,4.2352719306945801,4.1240029335021973,4.8243842124938965,null,null,null,null,null,null,null,null,1.6265764738384045,1.7332278980928311,1.5904403686523436,0.69207916259765623]
["feb","feb",2,2,"2018-02-11",0.3319251537322998,null,null,null,null,3.9609737694263458E-2,1.3498290441930294E-2,3.8463085889816284E-2,1.2411989271640778E-2,null,null,null,null,null,null,null,null,null,4.1565966606140137,4.2035131454467773,4.1162910461425781,4.8243842124938965,null,null,null,null,null,null,null,null,1.545135498046875,1.7332278980928311,1.5904403686523436,0.67952575683593752]
["feb","feb",2,2,"2018-02-12",0.2836451530456543,null,null,null,null,5.2464291453361511E-2,1.3920740224421024E-2,2.639308013021946E-2,1.2673506513237953E-2,null,null,null,null,null,null,null,null,null,4.1625819206237793,4.1732816696166992,4.1052341461181641,4.8165245056152344,null,null,null,null,null,null,null,null,1.545135498046875,1.8394690293532152,1.7223954634232954,0.67952575683593752]
["feb","feb",2,2,"2018-02-13",0.36210018396377563,null,null,null,null,3.9307985454797745E-2,1.5550191514194012E-2,2.3174410685896873E-2,1.2411989271640778E-2,null,null,null,null,null,null,null,null,null,4.1625819206237793,4.1649308204650879,4.1052341461181641,4.8134098052978516,null,null,null,null,null,null,null,null,1.6125542776925224,1.8957317118742028,1.6361103887143342,0.73559417724609377]
["feb","feb",2,2,"2018-02-14",6.155703067779541,null,null,null,null,4.2426072061061859E-2,1.730034127831459E-2,4.0877088904380798E-2,2.0237376913428307E-2,null,null,null,null,null,null,null,null,null,4.1417841911315918,4.1649308204650879,4.0931901931762695,4.8081722259521484,null,null,null,null,null,null,null,null,1.6125542776925224,1.8578160603841147,1.6361103887143342,0.71634674072265625]
["feb","feb",2,2,"2018-02-15",2.1444375514984131,null,null,null,null,6.1355862766504288E-2,2.4683162569999695E-2,4.4135991483926773E-2,5.3289078176021576E-2,null,null,null,null,null,null,null,null,null,4.1176900863647461,4.1849026679992676,4.0874919891357422,4.8081722259521484,null,null,null,null,null,null,null,null,1.6472786351254112,1.8564481151347259,1.7129024071029471,0.71383514404296877]
["feb","feb",2,2,"2018-02-16",0.73526453971862793,null,null,null,null,2.8706498444080353E-2,2.0901227369904518E-2,1.3458056375384331E-2,2.6232145726680756E-2,null,null,null,null,null,null,null,null,null,4.1176900863647461,4.1809840202331543,4.0874919891357422,4.7984552383422852,null,null,null,null,null,null,null,null,1.6135954521071743,1.8511215209960936,1.7129024071029471,0.71383514404296877]
["feb","feb",2,2,"2018-02-17",0.37014684081077576,null,null,null,null,2.3295111954212189E-2,1.9191309809684753E-2,4.4739488512277603E-2,2.4401528760790825E-2,null,null,null,null,null,null,null,null,null,4.1423263549804688,4.1809840202331543,4.0913076400756836,4.7777547836303711,null,null,null,null,null,null,null,null,1.4736880315258898,1.6179171475497161,1.6305822255660078,0.72387847900390623]
["feb","feb",2,2,"2018-02-18",3.7577953338623047,null,null,null,null,null,2.3898612707853317E-2,2.6513779535889626E-2,2.5950513780117035E-2,null,null,null,null,null,null,null,null,null,4.1424436569213867,4.2276430130004883,4.126528263092041,4.7777547836303711,null,null,null,null,null,null,null,null,1.4736880315258898,1.6179171475497161,1.6305822255660078,0.73057403564453127]
["feb","feb",2,2,"2018-02-19",1.1003822088241577,null,null,null,null,2.1021926775574684E-2,null,2.442164346575737E-2,2.4039428681135178E-2,null,null,null,null,null,null,null,null,null,4.1424436569213867,4.2124323844909668,4.2222986221313477,4.7807793617248535,null,null,null,null,null,null,null,null,1.5598806950718305,1.6682670593261719,1.6305833933304765,0.72806243896484379]
["feb","feb",2,2,"2018-02-20",2.7439146041870117,null,null,null,null,1.4363307505846024E-2,3.9328102022409439E-2,6.8678334355354309E-2,2.212834358215332E-2,null,null,null,null,null,null,null,null,null,4.2462754249572754,4.1414456367492676,4.2004671096801758,4.7785592079162598,null,null,null,null,null,null,null,null,1.7290878295898438,1.6682670593261719,1.7560650053478424,0.72806243896484379]
["feb","feb",2,2,"2018-02-21",0.67189699411392212,null,null,null,null,1.6656609252095222E-2,1.6556024551391602E-2,2.4823978543281555E-2,2.3134177550673485E-2,null,null,null,null,null,null,null,null,null,4.235069751739502,4.1414456367492676,4.1838221549987793,4.7565407752990723,null,null,null,null,null,null,null,null,1.7290878295898438,1.935659103844998,1.7843505040111158,0.73308410644531252]
["feb","feb",2,2,"2018-02-22",1.5308791399002075,null,null,null,null,4.8280023038387299E-2,1.7260108143091202E-2,2.4140011519193649E-2,2.4321062490344048E-2,null,null,null,null,null,null,null,null,null,4.235069751739502,4.2643041610717773,4.1838221549987793,4.7565407752990723,null,null,null,null,null,null,null,null,1.5181775362986438,2.0084483152741841,1.750176528404499,0.75316925048828121]
["feb","feb",2,2,"2018-02-23",6.6032991409301758,null,null,null,null,6.9583587348461151E-2,2.1987529471516609E-2,2.3335345089435577E-2,2.3757793009281158E-2,null,null,null,null,null,null,null,null,null,4.2546272277832031,4.2373332977294922,4.1822147369384766,4.8876743316650391,null,null,null,null,null,null,null,null,1.5181775362986438,2.0084483152741841,1.750176528404499,0.74312591552734375]
["feb","feb",2,2,"2018-02-24",26.459465026855469,null,null,null,null,5.2383825182914734E-2,1.8125126138329506E-2,1.8326291814446449E-2,2.949104830622673E-2,null,null,null,null,null,null,null,null,null,4.2180690765380859,4.2373332977294922,4.1822147369384766,4.8632469177246094,null,null,null,null,null,null,null,null,1.695594200721154,1.9877923893023142,1.7602280438956568,0.74228973388671871]
["feb","feb",2,2,"2018-02-25",3.7487428188323975,null,null,null,null,2.5266546756029129E-2,1.6797425225377083E-2,1.7199758440256119E-2,2.4200361222028732E-2,null,null,null,null,null,null,null,null,null,4.1888642311096191,4.2271547317504883,4.1309947967529297,4.8434057235717773,null,null,null,null,null,null,null,null,1.6603336137594635,1.8939027786254883,1.7602280438956568,0.72806091308593746]
["feb","feb",2,2,"2018-02-26",24.991952896118164,null,null,null,null,2.0921343937516212E-2,1.8024541437625885E-2,3.8241803646087646E-2,2.3013478145003319E-2,null,null,null,null,null,null,null,null,null,4.1861529350280762,4.1932544708251953,4.1309947967529297,4.8434057235717773,null,null,null,null,null,null,null,null,1.6603336137594635,1.8939027786254883,1.8013272285461426,0.72806091308593746]
["feb","feb",2,2,"2018-02-27",4.2315430641174316,null,null,null,null,4.200362041592598E-2,2.2812312468886375E-2,2.0961577072739601E-2,2.3053711280226707E-2,null,null,null,null,null,null,null,null,null,4.1712021827697754,4.1932544708251953,4.141392707824707,4.841041088104248,null,null,null,null,null,null,null,null,1.6775688758263223,1.960991184885909,1.787518310546875,0.73141021728515621]
["feb","feb",2,2,"2018-02-28",1.4463890790939331,null,null,null,null,2.794206328690052E-2,2.9571514576673508E-2,1.9251659512519836E-2,4.5503921806812286E-2,null,null,null,null,null,null,null,null,null,4.1686282157897949,4.2196688652038574,4.141392707824707,4.8325910568237305,null,null,null,null,null,null,null,null,1.7069415954881877,1.6869408743722099,1.7219467163085938,0.73643188476562504]
[0,0,3,3,"2018-03-01",1.0571314096450806,null,null,null,null,2.7861597016453743E-2,1.7219875007867813E-2,null,2.2289277985692024E-2,null,null,null,null,null,null,null,null,null,4.1686282157897949,4.2028617858886719,4.1628012657165527,4.8325910568237305,null,null,null,null,null,null,null,null,1.7014645113803373,1.6869408743722099,1.7219467163085938,0.72890014648437496]
[0,0,3,3,"2018-03-02",5.735264778137207,null,null,null,null,3.8201570510864258E-2,1.5831824392080307E-2,5.204184353351593E-2,2.1907063201069832E-2,null,null,null,null,null,null,null,null,null,4.1762433052062988,4.1993942260742188,4.1628012657165527,4.8371744155883789,null,null,null,null,null,null,null,null,1.6895029496173468,1.9973942018904776,1.5345019828982469,0.72722625732421875]
[0,0,3,3,"2018-03-03",3.2287266254425049,null,null,null,null,1.9995976239442825E-2,1.7501508817076683E-2,3.3856365829706192E-2,2.1585194393992424E-2,null,null,null,null,null,null,null,null,null,4.1689295768737793,4.1978268623352051,4.1718263626098633,4.8203983306884766,null,null,null,null,null,null,null,null,1.6895029496173468,1.9973942018904776,1.5345019828982469,0.72722625732421875]
[0,0,3,3,"2018-03-04",3.2297325134277344,null,null,null,null,3.1844697892665863E-2,1.8970025703310966E-2,2.4099778383970261E-2,2.5065379217267036E-2,null,null,null,null,null,null,null,null,null,4.1534852981567383,4.1921157836914063,4.1528153419494629,4.8203983306884766,null,null,null,null,null,null,null,null,1.7116248607635498,2.0002432430491726,1.7669257634802711,0.73894195556640629]
[0,0,3,3,"2018-03-05",5.6980485916137695,null,null,null,null,4.8702474683523178E-2,1.88493262976408E-2,2.1927177906036377E-2,2.1907063201069832E-2,null,null,null,null,null,null,null,null,null,4.1399197578430176,4.153226375579834,4.1334872245788574,4.8123302459716797,null,null,null,null,null,null,null,null,1.7377793788909912,2.0115477950484664,1.754291675708912,0.73559265136718754]
[0,0,3,3,"2018-03-06",3.9277811050415039,null,null,null,null,6.2140412628650665E-2,2.0358076319098473E-2,1.9975859671831131E-2,2.9068598523736E-2,null,null,null,null,null,null,null,null,null,4.1399197578430176,4.153226375579834,4.1334872245788574,4.8123302459716797,null,null,null,null,null,null,null,null,1.7125616268235808,1.9901899857954546,1.7144302123370654,0.70463104248046871]
[0,{"$f":"IF(MONTH(E71)=2,\"feb\",)","v":0},{"$f":"MONTH(E71)","v":3},3,"2018-03-07",49.988933563232422,null,null,null,null,2.5849929079413414E-2,2.9792796820402145E-2,3.0014080926775932E-2,3.0496884137392044E-2,null,null,null,null,null,null,null,null,null,4.1417598724365234,4.1632723808288574,4.1070461273193359,4.797123908996582,null,null,null,null,null,null,null,null,1.5287318699796435,1.9754158823113692,1.7144302123370654,0.70463104248046871]
[0,0,3,3,"2018-03-08",42.737880706787109,null,null,null,null,3.0577350407838821E-2,2.001609280705452E-2,2.9732448980212212E-2,2.6694828644394875E-2,null,null,null,null,null,null,null,null,null,4.1480908393859863,4.130256175994873,4.1070461273193359,4.797123908996582,null,null,null,null,null,null,null,null,1.5287318699796435,1.9754158823113692,1.7519345490828804,0.74228973388671871]
[0,0,3,3,"2018-03-09",49.988933563232422,null,null,null,null,1.9271776080131531E-2,2.0639710128307343E-2,4.6047072857618332E-2,2.339569479227066E-2,null,null,null,null,null,null,null,null,null,4.1480908393859863,4.130256175994873,4.1237955093383789,null,null,null,null,null,null,null,null,null,1.6823357650914144,1.9946731009134433,1.5491698929483857,0.72220458984375002]
[0,0,3,3,"2018-03-10",49.989940643310547,null,null,null,null,2.5950513780117035E-2,2.2792194038629532E-2,3.6813519895076752E-2,2.3415811359882355E-2,null,null,null,null,null,null,null,null,null,4.1568145751953125,4.1546111106872559,4.1258745193481445,4.8198332786560059,null,null,null,null,null,null,null,null,1.6385374207427537,1.9946731009134433,1.5491698929483857,0.72220458984375002]
[0,0,3,3,"2018-03-11",10.619593620300293,null,null,null,null,2.7016697451472282E-2,1.8105009570717812E-2,4.5081473886966705E-2,2.2289277985692024E-2,null,null,null,null,null,null,null,null,null,4.1385741233825684,4.1546111106872559,4.1091098785400391,4.816011905670166,null,null,null,null,null,null,null,null,1.6385374207427537,2.0373576771129263,1.7604530148389863,0.7188568115234375]
[0,0,3,3,"2018-03-12",0.23637095093727112,null,null,null,null,2.6694828644394875E-2,1.7320457845926285E-2,3.4117884933948517E-2,2.3556627333164215E-2,null,null,null,null,null,null,null,null,null,4.1385741233825684,4.1667976379394531,4.1091098785400391,4.794428825378418,null,null,null,null,null,null,null,null,1.6713169642857144,2.0084464333274146,1.7693468989158163,0.7188568115234375]
[0,0,3,3,"2018-03-13",0.2283242791891098,null,null,null,null,2.3174410685896873E-2,1.9835043698549271E-2,3.0557231977581978E-2,2.1142628043889999E-2,null,null,null,null,null,null,null,null,null,4.1398229598999023,4.156242847442627,4.0996417999267578,4.794428825378418,null,null,null,null,null,null,null,null,1.6713169642857144,2.0084464333274146,1.7885552768049569,0.74479980468749996]
[0,0,3,3,"2018-03-14",0.43954938650131226,null,null,null,null,3.1361900269985199E-2,1.9653992727398872E-2,3.8865420967340469E-2,2.4562463164329529E-2,null,null,null,null,null,null,null,null,null,4.136995792388916,4.156242847442627,4.0996417999267578,4.7989816665649414,null,null,null,null,null,null,null,null,1.708800777312248,2.0155173288264745,1.7592242164333372,0.74730987548828121]
[0,0,3,3,"2018-03-15",1.7763025760650635,null,null,null,null,4.2969223111867905E-2,1.6435325145721436E-2,4.6147655695676804E-2,2.2188695147633553E-2,null,null,null,null,null,null,null,null,null,4.136995792388916,4.1465468406677246,4.1051235198974609,4.7990760803222656,null,null,null,null,null,null,null,null,1.6625206591346848,2.0155173288264745,1.7592242164333372,0.73977813720703123]
[0,0,3,3,"2018-03-16",0.11164755374193192,null,null,null,null,4.0012069046497345E-2,2.1866826340556145E-2,3.5606518387794495E-2,2.3838259279727936E-2,null,null,null,null,null,null,null,null,null,4.1225605010986328,4.1465468406677246,4.1002378463745117,4.8054351806640625,null,null,null,null,null,null,null,null,1.6625206591346848,1.9857803980509443,1.7658774917190141,0.73977813720703123]
[0,0,3,3,"2018-03-17",0.11365922540426254,null,null,null,null,2.4803861975669861E-2,2.339569479227066E-2,3.305169939994812E-2,2.25507952272892E-2,null,null,null,null,null,null,null,null,null,4.110806941986084,4.128148078918457,4.0886673927307129,4.8037996292114258,null,null,null,null,null,null,null,null,1.7403454250759549,1.9857803980509443,1.7658774917190141,0.7506561279296875]
[0,0,3,3,"2018-03-18",0.1448400616645813,null,null,null,null,5.5964592844247818E-2,1.730034127831459E-2,3.5686984658241272E-2,2.0418427884578705E-2,null,null,null,null,null,null,null,null,null,4.0981540679931641,4.128148078918457,4.0886673927307129,4.7963237762451172,null,null,null,null,null,null,null,null,1.7483180402273155,1.9715713242353019,1.7797054714626734,0.75567932128906246]
[0,0,3,3,"2018-03-19",0.17702674865722656,null,null,null,null,2.737879753112793E-2,5.1518809050321579E-2,3.3252865076065063E-2,2.5045264512300491E-2,null,null,null,null,null,null,null,null,null,4.0981540679931641,4.1463642120361328,4.0915493965148926,4.7963237762451172,null,null,null,null,null,null,null,null,1.7166114458577886,1.9715713242353019,1.7668301001527256,0.75400543212890625]
[0,0,3,3,"2018-03-20",0.17400924861431122,null,null,null,null,3.375578299164772E-2,2.226916141808033E-2,1.518809050321579E-2,2.4140011519193649E-2,null,null,null,null,null,null,null,null,null,4.1183195114135742,4.1463642120361328,4.0909733772277832,4.7786493301391602,null,null,null,null,null,null,null,null,1.7166114458577886,2.0014737447102866,1.7668301001527256,0.75400543212890625]
[0,0,3,3,"2018-03-21",2.3898613452911377,null,null,null,null,2.2047877311706543E-2,2.0237376913428307E-2,4.8199556767940521E-2,5.4697245359420776E-2,null,null,null,null,null,null,null,null,null,4.1183195114135742,4.1667647361755371,4.0909733772277832,4.7786493301391602,null,null,null,null,null,null,null,null,1.5755541079512267,1.766500522435638,1.7037820816040039,0.73643035888671871]
[0,0,3,3,"2018-03-22",0.920337975025177,null,null,null,null,null,3.2850533723831177E-2,2.0881110802292824E-2,3.6089319735765457E-2,null,null,null,null,null,null,null,null,null,4.1199893951416016,4.1778411865234375,4.1162219047546387,4.7796506881713867,null,null,null,null,null,null,null,null,1.5755541079512267,1.766500522435638,1.7037820816040039,0.73057250976562504]
[0,0,3,3,"2018-03-23",1.2261114120483398,null,null,null,null,3.1683765351772308E-2,null,3.3413801342248917E-2,2.611144632101059E-2,null,null,null,null,null,null,null,null,null,4.1053862571716309,4.1778411865234375,4.1810264587402344,4.7607159614562988,null,null,null,null,null,null,null,null,1.6300812490743484,1.7778263535610466,1.8343841552734377,0.72555084228515621]
[0,0,3,3,"2018-03-24",0.99275803565979004,null,null,null,null,2.5709114968776703E-2,2.5709114968776703E-2,5.0854958593845367E-2,2.6775294914841652E-2,null,null,null,null,null,null,null,null,null,4.1053862571716309,4.1009788513183594,4.1436004638671875,4.7587037086486816,null,null,null,null,null,null,null,null,1.6863387485720076,1.7778263535610466,1.8343841552734377,0.72555084228515621]
[0,0,3,3,"2018-03-25",4.2587003707885742,null,null,null,null,2.2289277985692024E-2,1.6817541792988777E-2,3.319251537322998E-2,5.1337763667106628E-2,null,null,null,null,null,null,null,null,null,4.2078652381896973,4.1009788513183594,4.1436004638671875,4.7364497184753418,null,null,null,null,null,null,null,null,1.6460877216508236,2.1565857881344623,1.8387420483807611,0.72638854980468748]
[0,0,3,3,"2018-03-26",5.5632667541503906,null,null,null,null,3.3775899559259415E-2,3.2649368047714233E-2,3.6873869597911835E-2,2.4140011519193649E-2,null,null,null,null,null,null,null,null,null,4.1785855293273926,4.1761751174926758,4.1575121879577637,4.7364497184753418,null,null,null,null,null,null,null,null,1.6460877216508236,2.014252767397489,1.6780430294689119,0.75484161376953129]
[0,0,3,3,"2018-03-27",0.52705693244934082,null,null,null,null,2.5025146082043648E-2,2.4723395705223083E-2,3.3876482397317886E-2,2.5608530268073082E-2,null,null,null,null,null,null,null,null,null,4.1785855293273926,4.1599268913269043,4.1204047203063965,4.7965087890625,null,null,null,null,null,null,null,null,1.8012937952260504,2.014252767397489,1.6780430294689119,0.80170440673828125]
[0,0,3,3,"2018-03-28",9.1681756973266602,null,null,null,null,2.9289878904819489E-2,2.8042647987604141E-2,3.6934219300746918E-2,2.212834358215332E-2,null,null,null,null,null,null,null,null,null,4.1820683479309082,4.1597294807434082,4.1204047203063965,4.7965087890625,null,null,null,null,null,null,null,null,1.7928949991861978,2.2219319246253191,1.8964947880925358,0.78580627441406248]
[0,0,3,3,"2018-03-29",0.35405349731445313,null,null,null,null,3.3232748508453369E-2,3.0456651002168655E-2,5.274592712521553E-2,2.1223094314336777E-2,null,null,null,null,null,null,null,null,null,4.1820683479309082,4.1583266258239746,4.1435322761535645,4.8034582138061523,null,null,null,null,null,null,null,null,1.7827654899434842,2.2010374722415453,1.8122206063106143,0.77157897949218746]
[0,0,3,3,"2018-03-30",0.39931604266166687,null,null,null,null,2.8042647987604141E-2,2.0659826695919037E-2,4.1641522198915482E-2,2.4562463164329529E-2,null,null,null,null,null,null,null,null,null,4.1773624420166016,4.1583266258239746,4.1628656387329102,4.8034582138061523,null,null,null,null,null,null,null,null,1.7827654899434842,2.0839403059099104,1.7666321736903279,0.77157897949218746]
[0,0,3,3,"2018-03-31",0.77952122688293457,null,null,null,null,2.1826596930623055E-2,2.0639710128307343E-2,4.3995171785354614E-2,2.6473546400666237E-2,null,null,null,null,null,null,null,null,null,4.1773624420166016,4.1703643798828125,4.1215476989746094,4.7950654029846191,null,null,null,null,null,null,null,null,1.7836019495031337,2.0839403059099104,1.7666321736903279,0.78162384033203125]
[0,0,4,4,"2018-04-01",0.21021927893161774,null,null,null,null,2.639308013021946E-2,2.6232145726680756E-2,3.8282036781311035E-2,2.240997739136219E-2,null,null,null,null,null,null,null,null,null,4.1806492805480957,4.1603584289550781,4.1215476989746094,4.7938551902770996,null,null,null,null,null,null,null,null,1.7573957857878313,2.1382468087332587,1.83625001173753,0.78162384033203125]
[0,0,4,4,"2018-04-02",8.0004024505615234,null,null,null,null,2.3375578224658966E-2,2.5407362729310989E-2,3.4419633448123932E-2,2.4904446676373482E-2,null,null,null,null,null,null,null,null,null,4.1806492805480957,4.1571860313415527,4.1210141181945801,4.7938551902770996,null,null,null,null,null,null,null,null,1.745686506360306,2.1382468087332587,1.83625001173753,0.7565155029296875]
[0,0,4,4,"2018-04-03",1.9804868698120117,null,null,null,null,5.3389657288789749E-2,2.0177029073238373E-2,4.4437743723392487E-2,2.5387246161699295E-2,null,null,null,null,null,null,null,null,null,4.1655340194702148,4.1571860313415527,4.1210141181945801,4.8075509071350098,null,null,null,null,null,null,null,null,1.745686506360306,2.1366087373320037,1.8460983276367187,0.7565155029296875]
[0,0,4,4,"2018-04-04",0.50392276048660278,null,null,null,null,6.4252667129039764E-2,2.2349627688527107E-2,3.5606518387794495E-2,2.8404748067259789E-2,null,null,null,null,null,null,null,null,null,4.1655340194702148,4.1523427963256836,4.1092057228088379,4.8075509071350098,null,null,null,null,null,null,null,null,1.575009812154043,2.0897765898368728,1.8660070541057181,0.76070251464843752]
[0,0,4,4,"2018-04-05",7.3999195098876953,null,null,null,null,2.0378194749355316E-2,2.0539127290248871E-2,2.5910280644893646E-2,2.0217262208461761E-2,null,null,null,null,null,null,null,null,null,4.1371212005615234,4.1418943405151367,4.1044673919677734,4.806553840637207,null,null,null,null,null,null,null,null,1.575009812154043,2.0716292021290355,1.8760425097321809,0.7506561279296875]
[0,0,4,4,"2018-04-06",0.55823779106140137,null,null,null,null,4.9728423357009888E-2,2.1544961258769035E-2,3.41782346367836E-2,2.7318449690937996E-2,null,null,null,null,null,null,null,null,null,4.1371212005615234,4.1293292045593262,4.1044673919677734,4.7903203964233398,null,null,null,null,null,null,null,null,1.6281362099222618,2.0716292021290355,1.8504990331384521,0.7506561279296875]
[0,0,4,4,"2018-04-07",0.27258098125457764,null,null,null,null,2.025749534368515E-2,2.7177629992365837E-2,2.170589379966259E-2,2.2309394553303719E-2,null,null,null,null,null,null,null,null,null,4.1172127723693848,4.1146044731140137,4.1080045700073242,4.7813911437988281,null,null,null,null,null,null,null,null,1.6281362099222618,2.1744678866478702,1.8504990331384521,0.75484161376953129]
[0,0,4,4,"2018-04-08",0.30074432492256165,null,null,null,null,1.9915509968996048E-2,2.2933011874556541E-2,4.0555220097303391E-2,2.2027758881449699E-2,null,null,null,null,null,null,null,null,null,4.1172127723693848,4.1146044731140137,4.090545654296875,4.7813911437988281,null,null,null,null,null,null,null,null,1.797241937546503,2.1744678866478702,1.8746742192846144,0.77492675781249998]
[0,0,4,4,"2018-04-09",0.68497288227081299,null,null,null,null,1.9975859671831131E-2,2.0398309454321861E-2,3.2065983861684799E-2,2.1645544096827507E-2,null,null,null,null,null,null,null,null,null,4.1363382339477539,4.0989456176757813,4.090545654296875,4.774543285369873,null,null,null,null,null,null,null,null,1.740740951226682,2.1935333474709169,1.8475917427839634,0.77994842529296871]
[0,0,4,4,"2018-04-10",1.2814323902130127,null,null,null,null,2.2208811715245247E-2,1.8567692488431931E-2,3.6873869597911835E-2,2.1263327449560165E-2,null,null,null,null,null,null,null,null,null,4.1317353248596191,4.0989456176757813,4.0918827056884766,4.774543285369873,null,null,null,null,null,null,null,null,1.740740951226682,2.1987015008926392,1.8475917427839634,0.78245697021484373]
[0,0,4,4,"2018-04-11",0.89217460155487061,null,null,null,null,2.9571514576673508E-2,2.4300944060087204E-2,5.3691409528255463E-2,2.4582579731941223E-2,null,null,null,null,null,null,null,null,null,4.1317353248596191,4.1185002326965332,4.0901503562927246,4.7898426055908203,null,null,null,null,null,null,null,null,1.7682482745196368,2.1250703873172885,1.8689712823606004,0.76153564453125]
[0,0,4,4,"2018-04-12",0.22228927910327911,null,null,null,null,1.9573526456952095E-2,2.2228928282856941E-2,2.5387246161699295E-2,2.3476161062717438E-2,null,null,null,null,null,null,null,null,null,4.1414146423339844,4.134615421295166,4.0901503562927246,4.7925939559936523,null,null,null,null,null,null,null,null,1.601098004509421,2.1250703873172885,1.6567087173461914,0.7565155029296875]
[0,0,4,4,"2018-04-13",1.3095955848693848,null,null,null,null,2.0519010722637177E-2,2.8324279934167862E-2,3.1522832810878754E-2,2.4622812867164612E-2,null,null,null,null,null,null,null,null,null,4.1381464004516602,4.124976634979248,4.099785327911377,4.7924246788024902,null,null,null,null,null,null,null,null,1.601098004509421,2.1088668823242189,1.6567087173461914,0.7565155029296875]
[0,0,4,4,"2018-04-14",0.5542144775390625,null,null,null,null,2.7982296422123909E-2,1.7763026058673859E-2,2.9712330549955368E-2,2.4059545248746872E-2,null,null,null,null,null,null,null,null,null,4.1381464004516602,4.1213984489440918,4.0970520973205566,4.7924246788024902,null,null,null,null,null,null,null,null,1.7547213777582698,2.0810204744338989,1.8795312417520058,0.72304077148437496]
[0,0,4,4,"2018-04-15",1.320659875869751,null,null,null,null,2.4401528760790825E-2,2.0800644531846046E-2,4.3492253869771957E-2,2.0881110802292824E-2,null,null,null,null,null,null,null,null,null,4.1068830490112305,4.1053614616394043,4.0770092010498047,4.7810544967651367,null,null,null,null,null,null,null,null,1.7547213777582698,2.0810204744338989,1.894829186209797,0.72304077148437496]
[0,0,4,4,"2018-04-16",21.654596328735352,null,null,null,null,2.5005031377077103E-2,3.4218467772006989E-2,4.7052908688783646E-2,4.4417623430490494E-2,null,null,null,null,null,null,null,null,null,4.1049056053161621,4.1053614616394043,4.0562338829040527,4.7810544967651367,null,null,null,null,null,null,null,null,1.7855867600058488,2.0897765898368728,1.894829186209797,0.76321105957031254]
[0,0,4,4,"2018-04-17",26.606315612792969,null,null,null,null,2.9571514576673508E-2,3.5727217793464661E-2,3.3212631940841675E-2,2.4823978543281555E-2,null,null,null,null,null,null,null,null,null,4.0866222381591797,4.1185240745544434,4.0562338829040527,4.7754464149475098,null,null,null,null,null,null,null,null,1.7506804440748245,2.0117758441445051,1.8305550711495537,0.76321105957031254]
[0,0,4,4,"2018-04-18",49.984912872314453,null,null,null,null,2.6332730427384377E-2,2.8525447472929955E-2,4.1299536824226379E-2,2.6594245806336403E-2,null,null,null,null,null,null,null,null,null,4.0653104782104492,4.0716085433959961,4.0101923942565918,4.7312159538269043,null,null,null,null,null,null,null,null,1.7506804440748245,2.0117758441445051,1.8305550711495537,0.77743682861328123]
[0,0,4,4,"2018-04-19",7.6976461410522461,null,null,null,null,3.0114665627479553E-2,1.7642324790358543E-2,2.3677326738834381E-2,2.4220477789640427E-2,null,null,null,null,null,null,null,null,null,4.0653104782104492,4.0716085433959961,4.0101923942565918,4.7312159538269043,null,null,null,null,null,null,null,null,1.7903187235847848,2.1013715669706272,1.9431323539919969,0.77576293945312502]
[0,0,4,4,"2018-04-20",9.8923759460449219,null,null,null,null,2.7901830151677132E-2,1.7622208222746849E-2,3.6431301385164261E-2,2.5688996538519859E-2,null,null,null,null,null,null,null,null,null,4.0637392997741699,4.082007884979248,4.0293140411376953,4.7482790946960449,null,null,null,null,null,null,null,null,1.7903187235847848,1.9563041100135217,1.7586041878962861,0.73392028808593746]
[0,0,4,4,"2018-04-21",10.608529090881348,null,null,null,null,null,2.1726010367274284E-2,2.5628648698329926E-2,5.1076240837574005E-2,null,null,null,null,null,null,null,null,null,4.0637392997741699,4.0558843612670898,4.1430320739746094,4.7636208534240723,null,null,null,null,null,null,null,null,1.8001556396484375,1.9563041100135217,1.9958953857421877,0.73392028808593746]
[0,0,4,4,"2018-04-22",24.303962707519531,null,null,null,null,3.5646751523017883E-2,null,1.9975859671831131E-2,4.9808893352746964E-2,null,null,null,null,null,null,null,null,null,4.0630288124084473,4.0558843612670898,4.1836228370666504,4.7636208534240723,null,null,null,null,null,null,null,null,1.7807156922387295,2.2080605929015111,1.798296296194698,0.72806243896484379]
[0,0,4,4,"2018-04-23",11.009857177734375,null,null,null,null,3.9529271423816681E-2,2.5809695944190025E-2,1.9835043698549271E-2,4.3311204761266708E-2,null,null,null,null,null,null,null,null,null,4.0630288124084473,4.0524477958679199,4.1261186599731445,4.7543048858642578,null,null,null,null,null,null,null,null,1.7165810721261161,2.2080605929015111,1.798296296194698,0.72806243896484379]
[0,0,4,4,"2018-04-24",20.124723434448242,null,null,null,null,3.6069203168153763E-2,2.1585194393992424E-2,3.6753170192241669E-2,4.383423924446106E-2,null,null,null,null,null,null,null,null,null,4.2606873512268066,4.0524477958679199,4.1228961944580078,4.7137660980224609,null,null,null,null,null,null,null,null,1.6836288294841335,2.2499692892726464,2.0221799612045288,0.74396362304687502]
[0,0,4,4,"2018-04-25",49.983905792236328,null,null,null,null,2.3737678304314613E-2,2.1786360070109367E-2,3.6391068249940872E-2,3.0516998842358589E-2,null,null,null,null,null,null,null,null,null,4.1664204597473145,4.1566543579101563,4.1228961944580078,4.7137660980224609,null,null,null,null,null,null,null,null,1.6836288294841335,2.3736190795898438,1.9703147984758209,0.783294677734375]
[0,0,4,4,"2018-04-26",9.9869241714477539,null,null,null,null,4.1943266987800598E-2,2.4964798241853714E-2,2.7781130746006966E-2,2.3093944415450096E-2,null,null,null,null,null,null,null,null,null,4.1664204597473145,4.1566543579101563,4.113044261932373,4.8284101486206055,null,null,null,null,null,null,null,null,1.8435087869333666,2.2813365770422891,1.9503893852233887,0.77074279785156252]
[0,0,4,4,"2018-04-27",8.9418630599975586,null,null,null,null,4.0917322039604187E-2,1.9714342430233955E-2,3.7497486919164658E-2,2.7982296422123909E-2,null,null,null,null,null,null,null,null,null,4.1849150657653809,4.161496639251709,4.113044261932373,4.8313031196594238,null,null,null,null,null,null,null,null,1.8347452524546031,2.2813365770422891,1.9417103634604924,0.77074279785156252]
[0,0,4,4,"2018-04-28",9.1772279739379883,null,null,null,null,3.2307382673025131E-2,2.3576745763421059E-2,4.1802454739809036E-2,2.5950513780117035E-2,null,null,null,null,null,null,null,null,null,4.1946349143981934,4.161496639251709,4.1237459182739258,4.8427400588989258,null,null,null,null,null,null,null,null,1.8347452524546031,2.2723838610526843,1.9417103634604924,0.77409057617187504]
[0,0,4,4,"2018-04-29",3.9478976726531982,null,null,null,null,4.073626920580864E-2,2.0780527964234352E-2,2.3315228521823883E-2,2.5970630347728729E-2,null,null,null,null,null,null,null,null,null,4.1929898262023926,4.1711139678955078,4.1237459182739258,4.8427400588989258,null,null,null,null,null,null,null,null,1.842406742156498,2.2273681640625003,1.973417415175327,0.77409057617187504]
[0,0,4,4,"2018-04-30",48.458057403564453,null,null,null,null,3.4298934042453766E-2,1.8547575920820236E-2,2.6312613859772682E-2,3.0557231977581978E-2,null,null,null,null,null,null,null,null,null,4.1929898262023926,4.1711139678955078,4.1186022758483887,4.8459396362304688,null,null,null,null,null,null,null,null,1.8359269362229569,2.2273681640625003,1.9871147006165748,0.76488494873046875]
[0,0,5,5,"2018-05-01",1.9694225788116455,null,null,null,null,2.6634480804204941E-2,2.1042043343186378E-2,2.6916112750768661E-2,2.3818144574761391E-2,null,null,null,null,null,null,null,null,null,4.1776862144470215,4.1638760566711426,4.1186022758483887,4.8459396362304688,null,null,null,null,null,null,null,null,1.8307776817908654,2.2373536053825829,1.9393389412526332,0.71802062988281246]
[0,0,5,5,"2018-05-02",4.8803057670593262,null,null,null,null,2.3053711280226707E-2,1.9774693995714188E-2,2.9692213982343674E-2,2.5347013026475906E-2,null,null,null,null,null,null,null,null,null,4.1550941467285156,4.1581172943115234,4.1111903190612793,4.8399133682250977,null,null,null,null,null,null,null,null,1.8307776817908654,2.2373536053825829,1.9393389412526332,0.71802062988281246]
[0,0,5,5,"2018-05-03",1.777308464050293,null,null,null,null,2.6413196697831154E-2,1.6998590901494026E-2,3.48823182284832E-2,2.1062159910798073E-2,null,null,null,null,null,null,null,null,null,4.1369457244873047,4.1367931365966797,4.0895938873291016,4.8382658958435059,null,null,null,null,null,null,null,null,1.8580811036461815,2.2432494678085657,1.9449462890625,0.74731140136718754]
[0,0,5,5,"2018-05-04",3.0718164443969727,null,null,null,null,2.8827197849750519E-2,1.7823375761508942E-2,2.1524844691157341E-2,2.5186078622937202E-2,null,null,null,null,null,null,null,null,null,4.1369457244873047,4.1367931365966797,4.0796284675598145,4.8382658958435059,null,null,null,null,null,null,null,null,1.7272086221663678,2.252898969148335,1.9843432617187498,0.71551055908203121]
[0,0,5,5,"2018-05-05",1.0028163194656372,null,null,null,null,2.2691613063216209E-2,1.6898008063435555E-2,2.1665660664439201E-2,2.3315228521823883E-2,null,null,null,null,null,null,null,null,null,4.1431279182434082,4.1403026580810547,4.0796284675598145,4.8297257423400879,null,null,null,null,null,null,null,null,1.7272086221663678,2.2085896738759287,1.9359215630425346,0.71551055908203121]
[0,0,5,5,"2018-05-06",1.9513176679611206,null,null,null,null,1.8607925623655319E-2,1.6334742307662964E-2,3.4077651798725128E-2,2.494467981159687E-2,null,null,null,null,null,null,null,null,null,4.1420130729675293,4.141974925994873,4.0640993118286133,4.8252229690551758,null,null,null,null,null,null,null,null,1.818761189778646,2.1590863741361179,1.9359215630425346,0.74898529052734375]
[0,0,5,5,"2018-05-07",44.757591247558594,null,null,null,null,2.1384026855230331E-2,1.6254274174571037E-2,3.614966943860054E-2,2.2249044850468636E-2,null,null,null,null,null,null,null,null,null,4.1420130729675293,4.1357436180114746,4.0640993118286133,4.8106064796447754,null,null,null,null,null,null,null,null,1.7176068415407273,2.1590863741361179,1.8526716117399284,0.71551055908203121]
[0,0,5,5,"2018-05-08",4.0112652778625488,null,null,null,null,2.0036209374666214E-2,2.25507952272892E-2,2.3415811359882355E-2,2.2289277985692024E-2,null,null,null,null,null,null,null,null,null,4.076899528503418,4.1056885719299316,4.0147271156311035,4.7938671112060547,null,null,null,null,null,null,null,null,1.841077302631579,2.1818383306050473,1.6399839031162549,0.74647216796875004]
[0,0,5,5,"2018-05-09",1.3639106750488281,null,null,null,null,2.0639710128307343E-2,1.74411591142416E-2,2.1907063201069832E-2,2.2208811715245247E-2,null,null,null,null,null,null,null,null,null,4.0579628944396973,4.0687198638916016,4.0428447723388672,4.7852268218994141,null,null,null,null,null,null,null,null,1.8454809356154056,2.1818383306050473,1.6272623751175965,0.71216278076171879]
[0,{"$f":"IF(MONTH(E135)=2,\"feb\",)","v":0},{"$f":"MONTH(E135)","v":5},5,"2018-05-10",18.306177139282227,null,null,null,null,2.0418427884578705E-2,2.0056325942277908E-2,2.508549764752388E-2,2.0418427884578705E-2,null,null,null,null,null,null,null,null,null,4.0579628944396973,4.0687198638916016,4.0346941947937012,4.7852268218994141,null,null,null,null,null,null,null,null,1.6582874498869244,1.9449078595196758,1.6272623751175965,0.70965118408203121]
[0,0,5,5,"2018-05-11",1.6656609773635864,null,null,null,null,4.0917322039604187E-2,2.0639710128307343E-2,2.9068598523736E-2,2.2088110446929932E-2,null,null,null,null,null,null,null,null,null,4.0665764808654785,4.1401972770690918,4.0346941947937012,4.7776374816894531,null,null,null,null,null,null,null,null,1.6582874498869244,1.9449078595196758,1.6043417211522393,0.70965118408203121]
[0,0,5,5,"2018-05-12",1.0249446630477905,null,null,null,null,4.2446188628673553E-2,1.730034127831459E-2,2.6171796023845673E-2,2.240997739136219E-2,null,null,null,null,null,null,null,null,null,4.0665764808654785,4.1208772659301758,4.0509295463562012,4.768186092376709,null,null,null,null,null,null,null,null,1.8257369995117188,1.949964003129439,1.6043417211522393,0.74145355224609377]
[0,0,5,5,"2018-05-13",3.808086633682251,null,null,null,null,3.2971233129501343E-2,2.5025146082043648E-2,1.8044659867882729E-2,1.8728626891970634E-2,null,null,null,null,null,null,null,null,null,4.0685725212097168,4.1035399436950684,4.0483760833740234,4.768186092376709,null,null,null,null,null,null,null,null,1.8397275863155242,2.1709926311786361,1.8739553179059709,0.73810424804687502]
[0,0,5,5,"2018-05-14",8.9700260162353516,null,null,null,null,3.6129552870988846E-2,2.2751960903406143E-2,2.6835646480321884E-2,3.0516998842358589E-2,null,null,null,null,null,null,null,null,null,4.0685725212097168,4.1035399436950684,4.0483760833740234,4.7862987518310547,null,null,null,null,null,null,null,null,1.3086544247124139,2.1709926311786361,1.3162353892385223,0.73141021728515621]
[0,0,5,5,"2018-05-15",7.6473550796508789,null,null,null,null,5.7312414050102234E-2,1.6374975442886353E-2,3.5787567496299744E-2,2.2249044850468636E-2,null,null,null,null,null,null,null,null,null,4.1876201629638672,4.0972132682800293,4.1464776992797852,4.7862987518310547,null,null,null,null,null,null,null,null,1.3086544247124139,2.1949473789760043,1.3162353892385223,0.71718444824218752]
[0,0,5,5,"2018-05-16",3.8714542388916016,null,null,null,null,1.9312009215354919E-2,2.0317843183875084E-2,1.5530074015259743E-2,1.8366524949669838E-2,null,null,null,null,null,null,null,null,null,4.1546473503112793,4.0972132682800293,4.1010222434997559,4.7981138229370117,null,null,null,null,null,null,null,null,1.1844967745474257,2.1532903817983775,1.534938087946252,0.71718444824218752]
[0,0,5,5,"2018-05-17",3.6089320182800293,null,null,null,null,4.6328708529472351E-2,3.0738282948732376E-2,3.7215851247310638E-2,2.4300944060087204E-2,null,null,null,null,null,null,null,null,null,4.1546468734741211,4.1012678146362305,4.1010217666625977,4.7981138229370117,null,null,null,null,null,null,null,null,1.4306745137253851,2.1532903817983775,1.5415740431400768,0.70462951660156248]
[0,0,5,5,"2018-05-18",4.9617781639099121,null,null,null,null,2.2007644176483154E-2,1.913096010684967E-2,1.6193924471735954E-2,2.1363908424973488E-2,null,null,null,null,null,null,null,null,null,4.1413350105285645,4.086207389831543,4.0765824317932129,4.7877864837646484,null,null,null,null,null,null,null,null,1.4306745137253851,2.1843713913520757,1.5415740431400768,0.70462951660156248]
[0,0,5,5,"2018-05-19",0.4707302451133728,null,null,null,null,4.9708310514688492E-2,null,2.9008246958255768E-2,3.0114665627479553E-2,null,null,null,null,null,null,null,null,null,4.1413350105285645,4.0822033882141113,4.0765824317932129,4.7877864837646484,null,null,null,null,null,null,null,null,1.3080833071754092,2.1233674170265733,1.3710638594953981,0.6602783203125]
[0,0,5,5,"2018-05-20",0.8438946008682251,null,null,null,null,3.7075035274028778E-2,2.6775294914841652E-2,2.1927177906036377E-2,2.5266546756029129E-2,null,null,null,null,null,null,null,null,null,4.1456613540649414,4.0363578796386719,4.123931884765625,4.7990493774414063,null,null,null,null,null,null,null,null,1.3080833071754092,2.1233674170265733,1.3679996412627551,0.6602783203125]
[0,0,5,5,"2018-05-21",2.8475155830383301,null,null,null,null,3.7115268409252167E-2,2.0860994234681129E-2,3.8563668727874756E-2,2.1223094314336777E-2,null,null,null,null,null,null,null,null,null,4.1398930549621582,4.0363578796386719,4.1055426597595215,4.7734766006469727,null,null,null,null,null,null,null,null,1.3281357709099266,2.1788063049316406,1.3679996412627551,0.67868957519531248]
[0,0,5,5,"2018-05-22",0.79561454057693481,null,null,null,null,5.5401328951120377E-2,2.5648763403296471E-2,1.7662441357970238E-2,3.2166566699743271E-2,null,null,null,null,null,null,null,null,null,4.1398930549621582,4.1529669761657715,4.1055426597595215,4.7734766006469727,null,null,null,null,null,null,null,null,1.3459982992220325,2.1788063049316406,1.3400239582303204,0.69291534423828127]
[0,0,5,5,"2018-05-23",2.3526453971862793,null,null,null,null,5.1538925617933273E-2,2.2450210526585579E-2,1.6193924471735954E-2,null,null,null,null,null,null,null,null,null,null,4.1430292129516602,4.1529669761657715,4.3532261848449707,4.7896571159362793,null,null,null,null,null,null,null,null,1.3643053518348482,2.1355893061711235,1.2977807352862021,0.67450408935546879]
[0,0,5,5,"2018-05-24",7.4803857803344727,null,null,null,null,2.9511164873838425E-2,2.4481995031237602E-2,3.0557231977581978E-2,2.8525447472929955E-2,null,null,null,null,null,null,null,null,null,4.2435274124145508,4.1186447143554688,4.2277908325195313,4.7960548400878906,null,null,null,null,null,null,null,null,1.3847494766851178,2.1355893061711235,1.2977807352862021,0.67450408935546879]
[0,0,5,5,"2018-05-25",2.3838260173797607,null,null,null,null,2.0599476993083954E-2,1.941259391605854E-2,2.1182861179113388E-2,2.8022533282637596E-2,null,null,null,null,null,null,null,null,null,4.210792064666748,4.1125326156616211,4.205284595489502,4.8867230415344238,null,null,null,null,null,null,null,null,1.5341088624127142,2.359216568317819,1.4905623990203698,0.71550903320312498]
[0,0,5,5,"2018-05-26",0.34198349714279175,null,null,null,null,5.8358479291200638E-2,1.8225708976387978E-2,2.7921946719288826E-2,2.6171796023845673E-2,null,null,null,null,null,null,null,null,null,4.210792064666748,4.1125326156616211,4.1802020072937012,4.8750228881835938,null,null,null,null,null,null,null,null,1.5052463697350544,2.2978303632663408,1.5063355460999504,0.71550903320312498]
[0,0,5,5,"2018-05-27",2.4461877346038818,null,null,null,null,5.1438342779874802E-2,1.8286058679223061E-2,3.361496701836586E-2,2.508549764752388E-2,null,null,null,null,null,null,null,null,null,4.2135128974914551,4.1317639350891113,4.1802020072937012,4.8750228881835938,null,null,null,null,null,null,null,null,1.5052463697350544,2.2978303632663408,1.5486834422651543,0.70965270996093754]
[0,0,5,5,"2018-05-28",5.4777712821960449,null,null,null,null,1.7340574413537979E-2,2.0217262208461761E-2,3.061758354306221E-2,2.9611747711896896E-2,null,null,null,null,null,null,null,null,null,4.2135128974914551,4.1317639350891113,4.1876802444458008,4.8844847679138184,null,null,null,null,null,null,null,null,1.5111637115478516,2.3042652218840844,1.5486834422651543,0.70965270996093754]
[0,0,5,5,"2018-05-29",2.1062159538269043,null,null,null,null,1.6294507309794426E-2,3.4278817474842072E-2,4.9265742301940918E-2,3.1703881919384003E-2,null,null,null,null,null,null,null,null,null,4.2258381843566895,4.1387753486633301,4.1876802444458008,4.8844847679138184,null,null,null,null,null,null,null,null,1.3701720156912076,2.0117523795679997,1.4701137258045709,0.69291534423828127]
[0,0,5,5,"2018-05-30",4.8159322738647461,null,null,null,null,1.9151076674461365E-2,2.2631261497735977E-2,2.9410582035779953E-2,3.2226916402578354E-2,null,null,null,null,null,null,null,null,null,4.1845154762268066,4.1142363548278809,4.1751155853271484,4.8863177299499512,null,null,null,null,null,null,null,null,1.3701720156912076,2.0117523795679997,1.4701137258045709,0.68956756591796875]
[0,0,5,5,"2018-05-31",0.6558036208152771,null,null,null,null,4.4638905674219131E-2,2.3938845843076706E-2,3.3373568207025528E-2,3.7678536027669907E-2,null,null,null,null,null,null,null,null,null,4.1845154762268066,4.1142363548278809,4.1549139022827148,4.8701152801513672,null,null,null,null,null,null,null,null,1.5085693359375001,2.3039210392878609,1.4717079500846675,0.68956756591796875]
[0,0,6,6,"2018-06-01",1.0329912900924683,null,null,null,null,1.7763026058673859E-2,3.9589621126651764E-2,3.1723998486995697E-2,3.731643408536911E-2,null,null,null,null,null,null,null,null,null,4.1711611747741699,4.0889549255371094,4.1495156288146973,4.8701152801513672,null,null,null,null,null,null,null,null,1.5063343877377717,2.3411959693545388,1.5272581577301025,0.68454589843750002]
[0,0,6,6,"2018-06-02",0.5793602466583252,null,null,null,null,1.6898008063435555E-2,2.7841480448842049E-2,2.0378194749355316E-2,2.7579963207244873E-2,null,null,null,null,null,null,null,null,null,4.1383605003356934,4.0689911842346191,4.1206626892089844,4.8518333435058594,null,null,null,null,null,null,null,null,1.5063343877377717,2.3384672595608622,1.5190794504233422,0.68454589843750002]
[0,0,6,6,"2018-06-03",0.61657613515853882,null,null,null,null,1.7038825899362564E-2,3.2428082078695297E-2,2.3878496140241623E-2,3.3796016126871109E-2,null,null,null,null,null,null,null,null,null,4.0863041877746582,4.0159873962402344,4.062373161315918,4.8405165672302246,null,null,null,null,null,null,null,null,1.51774770563299,2.3384672595608622,1.5190794504233422,0.676177978515625]
[0,0,6,6,"2018-06-04",0.55522030591964722,null,null,null,null,2.0659826695919037E-2,3.8382619619369507E-2,2.0820761099457741E-2,2.625226229429245E-2,null,null,null,null,null,null,null,null,null,4.0669031143188477,3.9974167346954346,4.062373161315918,4.8405165672302246,null,null,null,null,null,null,null,null,1.5381951501526807,2.207817750818589,1.5507114294803503,0.66948242187499996]
[0,0,6,6,"2018-06-05",0.42345604300498962,null,null,null,null,1.2995373457670212E-2,2.6091329753398895E-2,2.1202975884079933E-2,2.5890162214636803E-2,null,null,null,null,null,null,null,null,null,4.0669031143188477,4.0207333564758301,4.0516929626464844,4.846796989440918,null,null,null,null,null,null,null,null,1.5063372902248218,2.207817750818589,1.5507114294803503,0.66948242187499996]
[0,0,6,6,"2018-06-06",8.4681148529052734,null,null,null,null,1.2210821732878685E-2,1.6938241198658943E-2,2.1263327449560165E-2,2.2007644176483154E-2,null,null,null,null,null,null,null,null,null,4.0868406295776367,4.0207333564758301,4.0516929626464844,4.834989070892334,null,null,null,null,null,null,null,null,1.5063372902248218,2.2650415757123161,1.5568735692408178,0.6753387451171875]
[0,0,6,6,"2018-06-07",1.6002817153930664,null,null,null,null,1.4665056020021439E-2,1.6294507309794426E-2,1.60329919308424E-2,2.1182861179113388E-2,null,null,null,null,null,null,null,null,null,4.0919656753540039,4.0401129722595215,4.0740423202514648,4.834989070892334,null,null,null,null,null,null,null,null,1.3792845691263917,2.2650415757123161,1.5568735692408178,0.69124145507812496]
[0,0,6,6,"2018-06-08",1.1919130086898804,null,null,null,null,1.7783142626285553E-2,1.5711124986410141E-2,1.1506739072501659E-2,1.81452427059412E-2,null,null,null,null,null,null,null,null,null,4.0799188613891602,4.0401129722595215,4.0552682876586914,4.8474559783935547,null,null,null,null,null,null,null,null,1.3792845691263917,2.2058425786841007,1.5678848758820565,0.69124145507812496]
[0,0,6,6,"2018-06-09",2.2067995071411133,null,null,null,null,1.1788372881710529E-2,1.5147857367992401E-2,2.240997739136219E-2,1.6857774928212166E-2,null,null,null,null,null,null,null,null,null,4.0799188613891602,4.0488500595092773,4.0463929176330566,4.8253517150878906,null,null,null,null,null,null,null,null,1.5075313023158481,2.2058425786841007,1.5785588303657427,0.70212097167968746]
[0,0,6,6,"2018-06-10",1.3287065029144287,null,null,null,null,1.3458056375384331E-2,1.5127740800380707E-2,1.5610541217029095E-2,1.5670891851186752E-2,null,null,null,null,null,null,null,null,null,4.0757827758789063,4.0371146202087402,4.0463929176330566,4.8253517150878906,null,null,null,null,null,null,null,null,1.5052318152877202,2.2703398560448518,1.529967364142923,0.71467285156250004]
[0,0,6,6,"2018-06-11",23.651176452636719,null,null,null,null,1.3075839728116989E-2,1.3779924251139164E-2,1.7360692843794823E-2,2.5045264512300491E-2,null,null,null,null,null,null,null,null,null,4.0516357421875,4.0007181167602539,4.0277576446533203,4.8394479751586914,null,null,null,null,null,null,null,null,1.5052318152877202,2.2731703154894771,1.529967364142923,0.68956604003906252]
[0,0,6,6,"2018-06-12",1.0249446630477905,null,null,null,null,1.3256889767944813E-2,1.3417823240160942E-2,1.1949306353926659E-2,1.5630658715963364E-2,null,null,null,null,null,null,null,null,null,4.0516357421875,3.9786090850830078,4.0277576446533203,4.8396344184875488,null,null,null,null,null,null,null,null,1.5780669715016933,2.2251875623524615,1.5926837313706708,0.68705596923828127]
[0,0,6,6,"2018-06-13",2.6403138637542725,null,null,null,null,1.4986923895776272E-2,null,1.8507342785596848E-2,3.9046470075845718E-2,null,null,null,null,null,null,null,null,null,4.0143265724182129,4.0393266677856445,4.0127639770507813,4.8562660217285156,null,null,null,null,null,null,null,null,1.5782297307794744,2.2251875623524615,1.5926837313706708,0.67450408935546879]
[0,0,6,6,"2018-06-14",13.267953872680664,null,null,null,null,1.289479061961174E-2,3.7638302892446518E-2,2.7901830151677132E-2,2.0639710128307343E-2,null,null,null,null,null,null,null,null,null,4.0143265724182129,4.030388355255127,4.0104355812072754,4.811305046081543,null,null,null,null,null,null,null,null,1.544960677893453,2.2251875623524615,1.5984948073761374,0.67450408935546879]
[0,0,6,6,"2018-06-15",49.977870941162109,null,null,null,null,1.8949909135699272E-2,2.6071213185787201E-2,1.4986923895776272E-2,2.7962179854512215E-2,null,null,null,null,null,null,null,null,null,4.0238890647888184,4.030388355255127,4.0104355812072754,4.8083586692810059,null,null,null,null,null,null,null,null,1.544960677893453,2.2876090434060168,1.4028909471299913,0.69124298095703118]
[0,0,6,6,"2018-06-16",35.988731384277344,null,null,null,null,2.6473546400666237E-2,3.8925770670175552E-2,1.5308791771531105E-2,1.7642324790358543E-2,null,null,null,null,null,null,null,null,null,4.0238890647888184,4.2160744667053223,4.0314016342163086,4.7884736061096191,null,null,null,null,null,null,null,null,1.4547162635304103,2.2576019980690694,1.4028909471299913,0.69542541503906252]
[0,0,6,6,"2018-06-17",13.609938621520996,null,null,null,null,2.212834358215332E-2,1.6576141119003296E-2,1.8225708976387978E-2,1.9935626536607742E-2,null,null,null,null,null,null,null,null,null,4.3255257606506348,4.2157154083251953,4.0722856521606445,4.7884736061096191,null,null,null,null,null,null,null,null,1.4443880551821227,2.2576019980690694,1.6284710652119403,0.68370971679687498]
[0,0,6,6,"2018-06-18",35.302753448486328,null,null,null,null,2.6554012671113014E-2,2.0237376913428307E-2,1.7340574413537979E-2,2.0458661019802094E-2,null,null,null,null,null,null,null,null,null,4.3288407325744629,4.166966438293457,4.0722856521606445,4.8151383399963379,null,null,null,null,null,null,null,null,1.4443880551821227,2.2688022189670138,1.4245176315307617,0.68370971679687498]
[0,0,6,6,"2018-06-19",1.9885334968566895,null,null,null,null,2.3355461657047272E-2,2.1162742748856544E-2,3.1402133405208588E-2,1.6797425225377083E-2,null,null,null,null,null,null,null,null,null,4.2576122283935547,4.166966438293457,4.127352237701416,4.794797420501709,null,null,null,null,null,null,null,null,1.4572917139807413,2.2164131278422343,1.4245176315307617,0.73308258056640629]
[0,0,6,6,"2018-06-20",1.5550191402435303,null,null,null,null,1.4162139967083931E-2,2.3677326738834381E-2,1.4524240046739578E-2,2.8263932093977928E-2,null,null,null,null,null,null,null,null,null,4.2576122283935547,4.2103757858276367,4.127352237701416,4.7701129913330078,null,null,null,null,null,null,null,null,1.4471248410782724,2.1594470480213994,1.5506401673995238,0.74312591552734375]
[0,0,6,6,"2018-06-21",6.9513177871704102,null,null,null,null,1.88493262976408E-2,2.3616978898644447E-2,5.986722931265831E-2,3.6189902573823929E-2,null,null,null,null,null,null,null,null,null,4.2601375579833984,4.1440987586975098,4.127352237701416,4.7701129913330078,null,null,null,null,null,null,null,null,1.4471248410782724,2.1594470480213994,1.5126136779785155,0.78078308105468752]
[0,0,6,6,"2018-06-22",0.56326699256896973,null,null,null,null,2.9672097414731979E-2,1.3779924251139164E-2,5.3128141909837723E-2,2.5588415563106537E-2,null,null,null,null,null,null,null,null,null,4.2534937858581543,4.1440987586975098,4.2469758987426758,4.8910984992980957,null,null,null,null,null,null,null,null,1.6016071026141825,2.0674220347564494,1.5126136779785155,0.76823120117187504]
[0,0,6,6,"2018-06-23",0.54717361927032471,null,null,null,null,1.4805873855948448E-2,1.3779924251139164E-2,2.4401528760790825E-2,1.6354858875274658E-2,null,null,null,null,null,null,null,null,null,4.2394199371337891,4.1935043334960938,4.213691234588623,4.8910984992980957,null,null,null,null,null,null,null,null,1.6039062789266143,2.0674220347564494,1.6932933888536819,0.73224716186523442]
[0,0,6,6,"2018-06-24",0.40535101294517517,null,null,null,null,1.6656609252095222E-2,1.7903842031955719E-2,2.1263327449560165E-2,1.3719572685658932E-2,null,null,null,null,null,null,null,null,null,4.2109851837158203,4.1796379089355469,4.213691234588623,4.8920230865478516,null,null,null,null,null,null,null,null,1.623934695595189,2.0909620164991258,1.6722908666578391,0.72638854980468748]
[0,0,6,6,"2018-06-25",0.54717361927032471,null,null,null,null,1.8628042191267014E-2,1.4242607168853283E-2,1.3458056375384331E-2,1.5932407230138779E-2,null,null,null,null,null,null,null,null,null,4.202268123626709,4.1796379089355469,4.2158064842224121,4.9181761741638184,null,null,null,null,null,null,null,null,1.6675390946237663,2.1348813283357688,1.6722908666578391,0.69458923339843748]
[0,0,6,6,"2018-06-26",0.36712935566902161,null,null,null,null,1.5248442068696022E-2,1.4785757288336754E-2,null,1.4906457625329494E-2,null,null,null,null,null,null,null,null,null,4.202268123626709,4.1880755424499512,4.2158064842224121,4.9217071533203125,null,null,null,null,null,null,null,null,1.4815832863391285,1.8434666224888394,1.6925538928303498,0.69458923339843748]
[0,0,6,6,"2018-06-27",0.57533693313598633,null,null,null,null,1.5047274529933929E-2,1.4041440561413765E-2,null,1.448400691151619E-2,null,null,null,null,null,null,null,null,null,4.2477593421936035,4.2455697059631348,4.2158064842224121,4.9522414207458496,null,null,null,null,null,null,null,null,1.4678078830832302,1.8048505085270581,1.6925538928303498,0.65358428955078129]
[0,0,6,6,"2018-06-28",0.45161941647529602,null,null,null,null,1.55904246494174E-2,1.331724040210247E-2,null,1.3297122903168201E-2,null,null,null,null,null,null,null,null,null,4.200049877166748,4.176908016204834,4.2158064842224121,4.9227743148803711,null,null,null,null,null,null,null,null,1.4678078830832302,1.8048505085270581,1.6925538928303498,0.65358428955078129]
[0,0,6,6,"2018-06-29",0.37417018413543701,null,null,null,null,1.5308791771531105E-2,1.518809050321579E-2,7.6664656400680542E-2,1.2995373457670212E-2,null,null,null,null,null,null,null,null,null,4.1757278442382813,4.1578230857849121,null,4.9227743148803711,null,null,null,null,null,null,null,null,1.6796182549518088,2.130671551353053,1.4741504375751202,0.69877319335937504]
[0,0,6,6,"2018-06-30",0.40535101294517517,null,null,null,null,1.8265942111611366E-2,1.4001207426190376E-2,1.4282840304076672E-2,1.2975256890058517E-2,null,null,null,null,null,null,null,null,null,4.1757278442382813,4.1578230857849121,4.2365760803222656,4.9210410118103027,null,null,null,null,null,null,null,null,1.684226335797991,2.0707792084792565,1.4608001708984375,0.71216125488281246]
[0,0,7,7,"2018-07-01",0.41943272948265076,null,null,null,null,1.6294507309794426E-2,1.7923958599567413E-2,2.0358076319098473E-2,1.9613759592175484E-2,null,null,null,null,null,null,null,null,null,4.1837096214294434,4.1614623069763184,4.3500099182128906,4.9105029106140137,null,null,null,null,null,null,null,null,1.682349909906802,2.0707792084792565,1.4590786204618567,0.71216125488281246]
[0,0,7,7,"2018-07-02",2.8847315311431885,null,null,null,null,1.8970025703310966E-2,2.5427479296922684E-2,3.5928383469581604E-2,2.7620196342468262E-2,null,null,null,null,null,null,null,null,null,4.1718392372131348,4.1614623069763184,4.3500099182128906,4.9105029106140137,null,null,null,null,null,null,null,null,1.6611531575520833,2.0192070007324219,1.4241422925676619,0.70462951660156248]
[0,0,7,7,"2018-07-03",2.233957052230835,null,null,null,null,1.5268558636307716E-2,2.297324500977993E-2,1.3598873279988766E-2,2.1786360070109367E-2,null,null,null,null,null,null,null,null,null,4.1718392372131348,4.1620774269104004,4.362576961517334,4.9061574935913086,null,null,null,null,null,null,null,null,1.6325503490010245,1.9875240325927734,1.4180929353921721,0.70462951660156248]
[0,0,7,7,"2018-07-04",0.37618187069892883,null,null,null,null,1.60329919308424E-2,null,2.9511164873838425E-2,2.5427479296922684E-2,null,null,null,null,null,null,null,null,null,4.1572475433349609,4.1703276634216309,4.3304347991943359,4.8932976722717285,null,null,null,null,null,null,null,null,1.6174817085266113,1.9875240325927734,1.2656441084835508,0.71048736572265625]
[0,0,7,7,"2018-07-05",2.817340612411499,null,null,null,null,1.5670891851186752E-2,null,2.2892778739333153E-2,2.8324279934167862E-2,null,null,null,null,null,null,null,null,null,4.1572475433349609,4.1703276634216309,4.3188748359680176,4.8932976722717285,null,null,null,null,null,null,null,null,1.4630057242921162,1.9875240325927734,1.2656441084835508,0.69877166748046871]
[0,0,7,7,"2018-07-06",0.3942868709564209,null,null,null,null,1.5670891851186752E-2,null,1.5489840880036354E-2,1.772279292345047E-2,null,null,null,null,null,null,null,null,null,4.1584100723266602,4.1703276634216309,4.3032360076904297,4.8640580177307129,null,null,null,null,null,null,null,null,1.4630057242921162,1.9875240325927734,1.4242836556783538,0.69877166748046871]
[0,0,7,7,"2018-07-07",0.37718769907951355,null,null,null,null,1.4262723736464977E-2,null,1.5530074015259743E-2,2.2872662171721458E-2,null,null,null,null,null,null,null,null,null,4.1584100723266602,4.1703276634216309,4.3032360076904297,4.8635807037353516,null,null,null,null,null,null,null,null,1.6298903220611092,1.9875240325927734,1.3531917572021486,0.72220458984375002]
[0,0,7,7,"2018-07-08",0.38724601268768311,null,null,null,null,1.5228325501084328E-2,null,1.6113458201289177E-2,2.9511164873838425E-2,null,null,null,null,null,null,null,null,null,4.138695240020752,4.1703276634216309,4.2955374717712402,4.8635807037353516,null,null,null,null,null,null,null,null,1.647238050188337,1.9875240325927734,1.3531917572021486,0.69793548583984377]
[0,0,7,7,"2018-07-09",1.8829209804534912,null,null,null,null,1.6857774928212166E-2,null,2.1162742748856544E-2,3.2830417156219482E-2,null,null,null,null,null,null,null,null,null,4.1255340576171875,4.1703276634216309,4.2905764579772949,4.859591007232666,null,null,null,null,null,null,null,null,1.6548070599955895,1.9875240325927734,1.4268551160342731,0.69793548583984377]
[0,0,7,7,"2018-07-10",0.49487027525901794,null,null,null,null,1.5771474689245224E-2,null,1.5147857367992401E-2,2.5045264512300491E-2,null,null,null,null,null,null,null,null,null,4.0901994705200195,4.1703276634216309,4.2905764579772949,4.8385672569274902,null,null,null,null,null,null,null,null,1.6548070599955895,1.9875240325927734,1.4268551160342731,0.72890014648437496]
[0,0,7,7,"2018-07-11",0.38825184106826782,null,null,null,null,1.6053108498454094E-2,6.1255279928445816E-2,1.462482288479805E-2,2.7921946719288826E-2,null,null,null,null,null,null,null,null,null,4.0901994705200195,4.1703276634216309,4.288851261138916,4.8385672569274902,null,null,null,null,null,null,null,null,1.6305148216985887,1.4147351239178632,1.4469729268492149,0.74145202636718754]
[0,0,7,7,"2018-07-12",0.48280024528503418,null,null,null,null,null,5.0030175596475601E-2,1.6395092010498047E-2,2.5749348104000092E-2,null,null,null,null,null,null,null,null,null,4.1277246475219727,4.3225879669189453,4.2764902114868164,4.8705539703369141,null,null,null,null,null,null,null,null,1.6305148216985887,1.4147351239178632,1.4449078985985289,0.7305755615234375]
[0,{"$f":"IF(MONTH(E199)=2,\"feb\",)","v":0},{"$f":"MONTH(E199)","v":7},7,"2018-07-13",1.2683564424514771,null,null,null,null,null,5.0854958593845367E-2,1.6395092010498047E-2,3.1522832810878754E-2,null,null,null,null,null,null,null,null,null,4.3735008239746094,4.3225879669189453,4.2605819702148438,4.8521161079406738,null,null,null,null,null,null,null,null,1.6305148216985887,1.5717172622680664,1.4406528029330941,0.72639007568359371]
[0,0,7,7,"2018-07-14",0.25045260787010193,null,null,null,null,null,2.5648763403296471E-2,1.6978474333882332E-2,3.5083483904600143E-2,null,null,null,null,null,null,null,null,null,4.3735008239746094,4.3234190940856934,4.2605819702148438,4.8347039222717285,null,null,null,null,null,null,null,null,1.6305148216985887,1.5540355682373048,1.2836598935334578,0.72639007568359371]
[0,0,7,7,"2018-07-15",0.21524843573570251,null,null,null,null,null,1.7320457845926285E-2,2.0498894155025482E-2,2.5105612352490425E-2,null,null,null,null,null,null,null,null,null,4.3735008239746094,4.3234190940856934,4.2589373588562012,4.8274698257446289,null,null,null,null,null,null,null,null,1.6305148216985887,1.39950334264877,1.2836598935334578,0.73559417724609377]
[0,0,7,7,"2018-07-16",4.6660633087158203,null,null,null,null,null,2.3798026144504547E-2,1.7239991575479507E-2,2.6855761185288429E-2,null,null,null,null,null,null,null,null,null,4.1277246475219727,4.3000507354736328,4.2589373588562012,4.8274698257446289,null,null,null,null,null,null,null,null,1.6305148216985887,1.39950334264877,1.4214380236639492,0.71132659912109375]
[0,0,7,7,"2018-07-17",0.78153294324874878,null,null,null,null,null,2.0498894155025482E-2,2.0941460505127907E-2,2.1263327449560165E-2,null,null,null,null,null,null,null,null,null,4.1277246475219727,4.287543773651123,4.2122173309326172,4.8333745002746582,null,null,null,null,null,null,null,null,1.6305148216985887,1.5461876278831845,1.4214380236639492,0.71132659912109375]
[0,0,7,7,"2018-07-18",1.0189096927642822,null,null,null,null,null,1.3498290441930294E-2,1.9613759592175484E-2,2.5266546756029129E-2,null,null,null,null,null,null,null,null,null,4.1277246475219727,4.2813243865966797,4.2122173309326172,4.822260856628418,null,null,null,null,null,null,null,null,1.6305148216985887,1.5461876278831845,1.472612067834655,0.73057403564453127]
[0,0,7,7,"2018-07-19",0.74733453989028931,null,null,null,null,null,2.6191912591457367E-2,1.7642324790358543E-2,4.0012069046497345E-2,null,null,null,null,null,null,null,null,null,4.1277246475219727,4.2813243865966797,4.2130551338195801,4.821570873260498,null,null,null,null,null,null,null,null,1.6305148216985887,1.5577436174665178,1.4668851579938618,0.73057403564453127]
[0,0,7,7,"2018-07-20",10.048279762268066,null,null,null,null,null,2.1484611555933952E-2,null,5.5542144924402237E-2,null,null,null,null,null,null,null,null,null,4.1277246475219727,4.2843050956726074,4.2150044441223145,4.8051061630249023,null,null,null,null,null,null,null,null,1.6305148216985887,1.6963997533765891,1.4668851579938618,0.70881347656250004]
[0,0,7,7,"2018-07-21",0.62764030694961548,null,null,null,null,null,1.4302956871688366E-2,3.5365115851163864E-2,4.0776502341032028E-2,null,null,null,null,null,null,null,null,null,4.1277246475219727,4.3014111518859863,4.1517329216003418,4.7805805206298828,null,null,null,null,null,null,null,null,1.6305148216985887,1.6891849936777457,1.4668851579938618,0.70881347656250004]
[0,0,7,7,"2018-07-22",0.61657613515853882,null,null,null,null,null,1.3075839728116989E-2,1.9110843539237976E-2,2.76604313403368E-2,null,null,null,null,null,null,null,null,null,4.1277246475219727,4.306220531463623,4.1517329216003418,4.7719159126281738,null,null,null,null,null,null,null,null,1.6305148216985887,1.5026081198512917,1.4203891238650759,0.70211944580078123]
[0,0,7,7,"2018-07-23",2.7831423282623291,null,null,null,null,null,1.5208208933472633E-2,1.9975859671831131E-2,2.6332730427384377E-2,null,null,null,null,null,null,null,null,null,null,4.3010416030883789,4.2715344429016113,4.7719159126281738,null,null,null,null,null,null,null,null,1.5777258850386922,1.5026081198512917,1.4203891238650759,0.70211944580078123]
[0,0,7,7,"2018-07-24",0.74129951000213623,null,null,null,null,null,1.8306175246834755E-2,1.9674109295010567E-2,1.7883725464344025E-2,null,null,null,null,null,null,null,null,null,3.9411945343017578,4.3010416030883789,4.2715344429016113,4.9074816703796387,null,null,null,null,null,null,null,null,1.5777258850386922,1.6204534877430308,1.6529262465918624,0.67115631103515627]
[0,0,7,7,"2018-07-25",0.67290282249450684,null,null,null,null,null,1.6958357766270638E-2,2.1484611555933952E-2,1.7763026058673859E-2,null,null,null,null,null,null,null,null,null,3.9411945343017578,4.3826804161071777,4.2554264068603516,4.9505000114440918,null,null,null,null,null,null,null,null,1.304870417088638,1.6204534877430308,1.6813581194196427,0.67115631103515627]
[0,0,7,7,"2018-07-26",0.41038021445274353,null,null,null,null,0.11665660887956619,1.8990142270922661E-2,2.0840877667069435E-2,1.7622208222746849E-2,null,null,null,null,null,null,null,null,null,4.0376987457275391,4.3241353034973145,4.2554264068603516,4.9206171035766602,null,null,null,null,null,null,null,null,1.1868104067715732,1.6234957377115886,1.6674174049686146,0.70714111328124996]
[0,0,7,7,"2018-07-27",0.38825184106826782,null,null,null,null,5.6045066565275192E-2,1.4443773776292801E-2,1.3297122903168201E-2,1.5831824392080307E-2,null,null,null,null,null,null,null,null,null,4.0965323448181152,4.3144607543945313,4.3059992790222168,4.9206171035766602,null,null,null,null,null,null,null,null,1.1868104067715732,1.8851749625748504,1.6674174049686146,0.70128326416015629]
[0,0,7,7,"2018-07-28",0.84892374277114868,null,null,null,null,3.6028966307640076E-2,1.7119292169809341E-2,2.3697445169091225E-2,1.7239991575479507E-2,null,null,null,null,null,null,null,null,null,4.440981388092041,4.3144607543945313,4.3059992790222168,4.9293665885925293,null,null,null,null,null,null,null,null,1.1753983931107954,1.8789245216709793,1.64549560546875,0.68956756591796875]
[0,0,7,7,"2018-07-29",0.58237779140472412,null,null,null,null,8.3504326641559601E-2,1.9553409889340401E-2,3.1522832810878754E-2,2.6292497292160988E-2,null,null,null,null,null,null,null,null,null,4.4508166313171387,4.3153958320617676,4.3272080421447754,4.9324760437011719,null,null,null,null,null,null,null,null,1.0125930786132813,1.8568665126584611,1.4214380236639492,0.68956756591796875]
[0,0,7,7,"2018-07-30",0.45966607332229614,null,null,null,null,6.9301947951316833E-2,2.0156910642981529E-2,3.1723998486995697E-2,3.2287266105413437E-2,null,null,null,null,null,null,null,null,null,4.5387320518493652,4.3493514060974121,4.2961516380310059,4.9043846130371094,null,null,null,null,null,null,null,null,1.0125930786132813,1.7771703546697444,1.4214380236639492,0.69375152587890621]
[0,0,7,7,"2018-07-31",7.7046871185302734,null,null,null,null,5.2926972508430481E-2,2.0740292966365814E-2,2.6875879615545273E-2,3.6491651087999344E-2,null,null,null,null,null,null,null,null,null,4.5387320518493652,4.3424592018127441,4.2961516380310059,4.8874797821044922,null,null,null,null,null,null,null,null,0.99083633422851558,1.7558983394077845,1.5735613713498975,0.72471466064453127]
[0,0,8,8,"2018-08-01",0.91329711675643921,null,null,null,null,null,1.8527459353208542E-2,3.5425469279289246E-2,2.2631261497735977E-2,null,null,null,null,null,null,null,null,null,4.4531126022338867,4.3365745544433594,4.3126258850097656,4.8874797821044922,null,null,null,null,null,null,null,null,0.99083633422851558,1.7543682420110127,1.5735613713498975,0.71216201782226563]
[0,0,8,8,"2018-08-02",0.50392276048660278,null,null,null,null,5.8680344372987747E-2,1.9291892647743225E-2,3.1442366540431976E-2,1.6938241198658943E-2,null,null,null,null,null,null,null,null,null,4.4300541877746582,4.3239517211914063,4.2866449356079102,4.9026012420654297,null,null,null,null,null,null,null,null,1.0937675476074218,1.7543682420110127,1.5950265138045601,0.71216201782226563]
[0,0,8,8,"2018-08-03",0.47877693176269531,null,null,null,null,4.8762820661067963E-2,2.3415811359882355E-2,3.9871253073215485E-2,2.8102999553084373E-2,null,null,null,null,null,null,null,null,null,4.4300541877746582,4.2996945381164551,4.2376446723937988,null,null,null,null,null,null,null,null,null,1.080754503441566,1.7391343550248579,1.6482378088909646,0.71216201782226563]
[0,0,8,8,"2018-08-04",0.51196944713592529,null,null,null,null,null,2.3154294118285179E-2,4.0816735476255417E-2,2.9692213982343674E-2,null,null,null,null,null,null,null,null,null,4.4520778656005859,4.2996945381164551,4.2376446723937988,4.7505779266357422,null,null,null,null,null,null,null,null,1.080754503441566,1.7391343550248579,1.6115275974380237,0.97995529174804685]
[0,0,8,8,"2018-08-05",0.51196944713592529,null,null,null,null,null,2.4723395705223083E-2,2.5688996538519859E-2,2.1665660664439201E-2,null,null,null,null,null,null,null,null,null,4.4520778656005859,4.3212413787841797,4.2513322830200195,4.7505779266357422,null,null,null,null,null,null,null,null,1.080754503441566,1.7793574333190918,1.6115275974380237,0.96147288446841039]
[0,0,8,8,"2018-08-06",0.4013276994228363,null,null,null,null,null,2.0981693640351295E-2,2.7338564395904541E-2,2.7861597016453743E-2,null,null,null,null,null,null,null,null,null,4.4520778656005859,4.2984871864318848,4.2513322830200195,4.7316999435424805,null,null,null,null,null,null,null,null,1.080754503441566,1.7498305906732399,1.5472066125204398,0.96147288446841039]
[0,0,8,8,"2018-08-07",0.43854355812072754,null,null,null,null,6.0450609773397446E-2,2.0961577072739601E-2,4.1903037577867508E-2,3.2367732375860214E-2,null,null,null,null,null,null,null,null,null,4.4520778656005859,4.2938909530639648,4.266998291015625,4.7042403221130371,null,null,null,null,null,null,null,null,1.080754503441566,1.7032714661010011,1.5472066125204398,0.95736007690429692]
[0,0,8,8,"2018-08-08",0.33594849705696106,null,null,null,null,4.4457856565713882E-2,3.2589014619588852E-2,4.9688190221786499E-2,null,null,null,null,null,null,null,null,null,null,4.4147782325744629,4.2938909530639648,4.234555721282959,4.7042403221130371,null,null,null,null,null,null,null,null,1.0927784312855113,1.6552708512645657,1.5848788469197364,0.95736007690429692]
[0,0,8,8,"2018-08-09",0.64775699377059937,null,null,null,null,2.1585194393992424E-2,2.2007644176483154E-2,2.5749348104000092E-2,2.8284046798944473E-2,null,null,null,null,null,null,null,null,null,4.4147782325744629,4.2992830276489258,4.234555721282959,4.7042403221130371,null,null,null,null,null,null,null,null,0.98413925170898442,1.6552708512645657,1.5813806782598081,0.54562988281250002]
[0,0,8,8,"2018-08-10",1.8064776659011841,null,null,null,null,3.5888150334358215E-2,3.5988733172416687E-2,3.9126936346292496E-2,5.274592712521553E-2,null,null,null,null,null,null,null,null,null,4.473963737487793,4.2992830276489258,4.2324042320251465,4.9340758323669434,null,null,null,null,null,null,null,null,0.98413925170898442,1.6444155375162761,1.5809049700746443,0.54562988281250002]
[0,0,8,8,"2018-08-11",0.88211625814437866,null,null,null,null,3.6350835114717484E-2,3.4781735390424728E-2,2.8424864634871483E-2,4.4357277452945709E-2,null,null,null,null,null,null,null,null,null,4.3310685157775879,4.1953768730163574,4.198702335357666,4.9340758323669434,null,null,null,null,null,null,null,null,1.1646738267482672,1.6444155375162761,1.5809049700746443,0.67952575683593752]
[0,0,8,8,"2018-08-12",0.88211625814437866,null,null,null,null,2.8143232688307762E-2,4.8038624227046967E-2,2.8042647987604141E-2,4.355260357260704E-2,null,null,null,null,null,null,null,null,null,4.3008222579956055,4.1834015846252441,4.1213622093200684,4.9632420539855957,null,null,null,null,null,null,null,null,1.2565462517015862,1.7726079767400569,1.6347831903501999,0.67366790771484375]
[0,0,8,8,"2018-08-13",1.9402536153793335,null,null,null,null,3.6974452435970306E-2,2.0498894155025482E-2,2.9068598523736E-2,5.2182659506797791E-2,null,null,null,null,null,null,null,null,null,4.277463436126709,4.1632680892944336,4.1154723167419434,4.9564447402954102,null,null,null,null,null,null,null,null,1.2751007080078125,1.7973682379267018,1.70630743337232,0.6493988037109375]
[0,0,8,8,"2018-08-14",2.0327901840209961,null,null,null,null,3.7658419460058212E-2,1.6636490821838379E-2,2.9551398009061813E-2,5.930396169424057E-2,null,null,null,null,null,null,null,null,null,4.277463436126709,4.1632680892944336,4.1154723167419434,4.8434901237487793,null,null,null,null,null,null,null,null,1.2317098698145907,1.8162847448278356,1.7503795943446665,0.6493988037109375]
[0,0,8,8,"2018-08-15",0.97968214750289917,null,null,null,null,2.5910280644893646E-2,1.4926574192941189E-2,2.8626030310988426E-2,3.6491651087999344E-2,null,null,null,null,null,null,null,null,null,4.279414176940918,4.1698179244995117,4.0449666976928711,4.8434901237487793,null,null,null,null,null,null,null,null,1.2236330689502364,1.8234579186690481,1.7695645419034089,0.66362609863281252]
[0,0,8,8,"2018-08-16",0.91832625865936279,null,null,null,null,3.8261920213699341E-2,3.0939448624849319E-2,4.2426072061061859E-2,5.5200155824422836E-2,null,null,null,null,null,null,null,null,null,4.2617545127868652,4.1712784767150879,4.0449666976928711,4.8328485488891602,null,null,null,null,null,null,null,null,1.2236330689502364,1.8169924509611062,1.7559891173293469,0.57575378417968748]
[0,0,8,8,"2018-08-17",28.01850700378418,null,null,null,null,3.4560449421405792E-2,1.7199758440256119E-2,4.1561055928468704E-2,5.4737478494644165E-2,null,null,null,null,null,null,null,null,null,4.2617545127868652,4.1548914909362793,4.1099152565002441,4.8328485488891602,null,null,null,null,null,null,null,null,1.261428521603954,1.8098251729071895,1.7379731236241798,0.56989746093750004]
[0,0,8,8,"2018-08-18",0.78656208515167236,null,null,null,null,2.7338564395904541E-2,1.289479061961174E-2,6.6747136414051056E-2,2.2671494632959366E-2,null,null,null,null,null,null,null,null,null,4.2652754783630371,4.1548914909362793,4.0672769546508789,4.853518009185791,null,null,null,null,null,null,null,null,1.1467726755950411,1.7588938638835609,1.7379731236241798,0.56989746093750004]
[0,0,8,8,"2018-08-19",13.839266777038574,null,null,null,null,4.3331321328878403E-2,9.9959760904312134E-2,1.8768860027194023E-2,2.3657212033867836E-2,null,null,null,null,null,null,null,null,null,4.342681884765625,4.1366896629333496,4.0672769546508789,4.853518009185791,null,null,null,null,null,null,null,null,1.1225635679807957,1.7588938638835609,1.6880389471739037,0.56403808593750004]
[0,0,8,8,"2018-08-20",5.5351037979125977,null,null,null,null,null,2.1544961258769035E-2,1.6354858875274658E-2,1.3538523577153683E-2,null,null,null,null,null,null,null,null,null,4.3563365936279297,4.1366896629333496,4.2767267227172852,4.8981661796569824,null,null,null,null,null,null,null,null,1.1225635679807957,1.7603627041246763,1.6880389471739037,0.56403808593750004]
[0,0,8,8,"2018-08-21",1.3417823314666748,null,null,null,null,null,1.5952523797750473E-2,1.4202374033629894E-2,1.9613759592175484E-2,null,null,null,null,null,null,null,null,null,4.2562460899353027,4.3350973129272461,4.2767267227172852,4.8981661796569824,null,null,null,null,null,null,null,null,1.1225635679807957,1.9697048045970778,1.6419321967956217,0.55650634765625007]
[0,0,8,8,"2018-08-22",1.0681954622268677,null,null,null,null,5.1036011427640915E-2,2.2872662171721458E-2,2.0639710128307343E-2,2.1746126934885979E-2,null,null,null,null,null,null,null,null,null,4.1885790824890137,4.3554792404174805,4.3320541381835938,4.9728484153747559,null,null,null,null,null,null,null,null,1.2147252009465144,1.9253176253362998,1.6419321967956217,0.55650634765625007]
[0,0,8,8,"2018-08-23",1.4584590196609497,null,null,null,null,2.4341177195310593E-2,2.2249044850468636E-2,1.8326291814446449E-2,2.3053711280226707E-2,null,null,null,null,null,null,null,null,null,4.1885790824890137,4.300633430480957,4.3063483238220215,5.0156803131103516,null,null,null,null,null,null,null,null,1.368660641156034,1.9253176253362998,1.6448501060748921,0.65525512695312504]
[0,0,8,8,"2018-08-24",0.79159122705459595,null,null,null,null,2.4763628840446472E-2,2.25507952272892E-2,3.3353451639413834E-2,2.1927177906036377E-2,null,null,null,null,null,null,null,null,null,4.462242603302002,4.300633430480957,4.3027315139770508,5.0226373672485352,null,null,null,null,null,null,null,null,1.4096903167994677,2.2297465006510415,1.8265442077271239,0.64019317626953121]
[0,0,8,8,"2018-08-25",21.071212768554688,null,null,null,null,3.9328102022409439E-2,1.9835043698549271E-2,2.7962179854512215E-2,3.3956948667764664E-2,null,null,null,null,null,null,null,null,null,4.4669632911682129,4.3252592086791992,4.3027315139770508,5.0223565101623535,null,null,null,null,null,null,null,null,1.3114119739067263,2.0596489153410258,1.7369563080543695,0.64019317626953121]
[0,0,8,8,"2018-08-26",2.1404142379760742,null,null,null,null,4.4075638055801392E-2,2.1021926775574684E-2,5.6407161056995392E-2,3.0074432492256165E-2,null,null,null,null,null,null,null,null,null,4.4932847023010254,4.3369507789611816,4.3520059585571289,5.0223565101623535,null,null,null,null,null,null,null,null,1.2188204690133881,1.9099964815027572,1.7369563080543695,0.63935546875000004]
[0,0,8,8,"2018-08-27",0.43150269985198975,null,null,null,null,7.0971637964248657E-2,1.6857774928212166E-2,4.9386445432901382E-2,3.1542949378490448E-2,null,null,null,null,null,null,null,null,null,4.5004181861877441,4.3637757301330566,4.3520059585571289,4.9724917411804199,null,null,null,null,null,null,null,null,1.2188204690133881,1.8691411832483804,1.5400794244581655,0.63935546875000004]
[0,0,8,8,"2018-08-28",0.30778515338897705,null,null,null,null,3.8402736186981201E-2,1.6374975442886353E-2,4.7917924821376801E-2,3.0195131897926331E-2,null,null,null,null,null,null,null,null,null,4.4865317344665527,4.3637757301330566,4.3308157920837402,4.9724917411804199,null,null,null,null,null,null,null,null,1.2197426573870933,1.8453332933328919,1.5400794244581655,0.68203582763671877]
[0,0,8,8,"2018-08-29",0.42446187138557434,null,null,null,null,6.3729628920555115E-2,null,3.1221082434058189E-2,3.8362503051757813E-2,null,null,null,null,null,null,null,null,null,4.4865317344665527,4.3655009269714355,4.3308157920837402,5.0025014877319336,null,null,null,null,null,null,null,null,1.2197426573870933,1.8453332933328919,1.6850539385262182,0.65525665283203127]
[0,0,8,8,"2018-08-30",49.968818664550781,null,null,null,null,5.0050292164087296E-2,null,2.4803861975669861E-2,2.494467981159687E-2,null,null,null,null,null,null,null,null,null,4.4937639236450195,4.3655009269714355,4.3195247650146484,4.9720749855041504,null,null,null,null,null,null,null,null,1.2384751087098609,1.8453332933328919,1.6850539385262182,0.65525665283203127]
[0,0,8,8,"2018-08-31",1.0873063802719116,null,null,null,null,3.9931602776050568E-2,null,1.9855160266160965E-2,2.4683162569999695E-2,null,null,null,null,null,null,null,null,null,4.4845986366271973,4.3655009269714355,4.3195247650146484,4.9720749855041504,null,null,null,null,null,null,null,null,1.1573084389291157,1.8453332933328919,1.7016026011684486,0.69124145507812496]
[0,0,9,9,"2018-09-01",0.28163349628448486,null,null,null,null,5.0291690975427628E-2,null,1.8125126138329506E-2,1.9975859671831131E-2,null,null,null,null,null,null,null,null,null,4.3793067932128906,4.3655009269714355,4.2385506629943848,4.8708162307739258,null,null,null,null,null,null,null,null,1.1573084389291157,1.8453332933328919,1.7016026011684486,0.69124145507812496]
[0,0,9,9,"2018-09-02",0.45765438675880432,null,null,null,null,3.291088342666626E-2,null,1.7964191734790802E-2,1.8446993082761765E-2,null,null,null,null,null,null,null,null,null,4.3793067932128906,4.3655009269714355,4.2385506629943848,4.8708162307739258,null,null,null,null,null,null,null,null,1.2511127519409686,1.8453332933328919,1.7491587654488985,0.64270477294921879]
[0,0,9,9,"2018-09-03",0.48984107375144958,null,null,null,null,2.001609280705452E-2,null,1.5147857367992401E-2,1.4584589749574661E-2,null,null,null,null,null,null,null,null,null,4.3672676086425781,4.3655009269714355,4.205324649810791,4.9576849937438965,null,null,null,null,null,null,null,null,1.2511127519409686,1.8453332933328919,1.7491587654488985,0.60337066650390625]
[0,0,9,9,"2018-09-04",0.51297527551651001,null,null,null,null,2.353651262819767E-2,null,1.6012875363230705E-2,1.6053108498454094E-2,null,null,null,null,null,null,null,null,null,4.3261089324951172,4.3655009269714355,4.205324649810791,4.9646792411804199,null,null,null,null,null,null,null,null,1.2770076898428109,1.8453332933328919,1.7621598062635977,0.59918670654296879]
[0,0,9,9,"2018-09-05",1.6334742307662964,null,null,null,null,2.7298329398036003E-2,null,1.5268558636307716E-2,1.8064776435494423E-2,null,null,null,null,null,null,null,null,null,4.3261089324951172,4.3655009269714355,4.1803827285766602,4.9876890182495117,null,null,null,null,null,null,null,null,1.341314422950316,1.8453332933328919,1.8011370572176848,0.57742919921875002]
[0,0,9,9,"2018-09-06",5.3178434371948242,null,null,null,null,null,null,1.5328908339142799E-2,1.7501508817076683E-2,null,null,null,null,null,null,null,null,null,4.3424239158630371,4.3655009269714355,4.1803827285766602,5.0080585479736328,null,null,null,null,null,null,null,null,1.341314422950316,1.8453332933328919,1.8082005637032643,0.55985412597656248]
[0,0,9,9,"2018-09-07",14.33514404296875,null,null,null,null,null,null,1.3719572685658932E-2,1.375980582088232E-2,null,null,null,null,null,null,null,null,null,4.3424239158630371,4.3655009269714355,4.2246279716491699,5.015681266784668,null,null,null,null,null,null,null,null,1.341314422950316,1.2054837439671036,1.808850306161442,0.55985412597656248]
[0,0,9,9,"2018-09-08",0.62764030694961548,null,null,null,null,null,null,1.319654006510973E-2,1.3136190362274647E-2,null,null,null,null,null,null,null,null,null,4.3424239158630371,3.711550235748291,4.2041797637939453,5.0125322341918945,null,null,null,null,null,null,null,null,1.341314422950316,1.1738554022947332,1.808850306161442,0.56403961181640627]
[0,0,9,9,"2018-09-09",0.72822368144989014,null,null,null,null,null,9.555421769618988E-3,1.1406156234443188E-2,1.3116072863340378E-2,null,null,null,null,null,null,null,null,null,4.3424239158630371,3.6838359832763672,4.1980447769165039,5.0125322341918945,null,null,null,null,null,null,null,null,1.341314422950316,1.1738554022947332,1.8592751544454822,0.55818023681640616]
[0,0,9,9,"2018-09-10",0.87406963109970093,null,null,null,null,null,null,1.3156306929886341E-2,1.5147857367992401E-2,null,null,null,null,null,null,null,null,null,4.3424239158630371,3.6081993579864502,4.1918740272521973,5.0281467437744141,null,null,null,null,null,null,null,null,1.341314422950316,1.1181713822143104,1.8929314174535086,0.55818023681640616]
[0,0,9,9,"2018-09-11",1.0450613498687744,null,null,null,null,null,null,1.3800038956105709E-2,1.7058942466974258E-2,null,null,null,null,null,null,null,null,null,4.3424239158630371,3.6081993579864502,4.1825900077819824,4.9704203605651855,null,null,null,null,null,null,null,null,1.341314422950316,1.1007207753706953,1.895168118360566,0.5581817626953125]
[0,0,9,9,"2018-09-12",0.82780122756958008,null,null,null,null,null,9.555421769618988E-3,1.9171193242073059E-2,1.518809050321579E-2,null,null,null,null,null,null,null,null,null,4.3424239158630371,3.6602821350097656,4.169029712677002,4.9704203605651855,null,null,null,null,null,null,null,null,1.341314422950316,1.0547894049870252,1.895168118360566,0.53726043701171877]
[0,0,9,9,"2018-09-13",6.9412598609924316,null,null,null,null,null,5.686984583735466E-2,1.2794207781553268E-2,3.7054918706417084E-2,null,null,null,null,null,null,null,null,null,4.3424239158630371,3.6602821350097656,4.169029712677002,4.9613981246948242,null,null,null,null,null,null,null,null,1.341314422950316,1.0602928161621092,1.8964671402526416,0.53726043701171877]
[0,0,9,9,"2018-09-14",0.81170785427093506,null,null,null,null,null,1.4423657208681107E-2,1.1305573396384716E-2,1.3357473537325859E-2,null,null,null,null,null,null,null,null,null,4.3424239158630371,4.4761643409729004,4.1139402389526367,4.9613981246948242,null,null,null,null,null,null,null,null,1.341314422950316,1.0814043995348388,1.9470384995714367,0.54395446777343748]
[0,{"$f":"IF(MONTH(E263)=2,\"feb\",)","v":0},{"$f":"MONTH(E263)","v":9},9,"2018-09-15",0.85797625780105591,null,null,null,null,null,1.41822574660182E-2,1.1144638992846012E-2,1.3840273953974247E-2,null,null,null,null,null,null,null,null,null,4.3424239158630371,4.4761643409729004,4.1139402389526367,4.976466178894043,null,null,null,null,null,null,null,null,1.341314422950316,1.2246880411099987,1.94525738151706,0.54395446777343748]
[0,0,9,9,"2018-09-16",1.417219877243042,null,null,null,null,null,1.4665056020021439E-2,1.0963588953018188E-2,1.3277006335556507E-2,null,null,null,null,null,null,null,null,null,4.3424239158630371,4.5115413665771484,4.1295261383056641,5.0029435157775879,null,null,null,null,null,null,null,null,1.341314422950316,1.2246880411099987,1.9290699678308822,0.54897460937499998]
[0,0,9,9,"2018-09-17",1.0782538652420044,null,null,null,null,null,1.5489840880036354E-2,1.4282840304076672E-2,1.6958357766270638E-2,null,null,null,null,null,null,null,null,null,4.3424239158630371,4.5045170783996582,4.1425895690917969,5.0026183128356934,null,null,null,null,null,null,null,null,1.341314422950316,1.1914866087866611,1.8997228427196111,0.54897613525390621]
[0,0,9,9,"2018-09-18"]
[0,0,9,9,"2018-09-19"]
[0,0,9,9,"2018-09-20"]
[0,0,9,9,"2018-09-21"]
[0,0,9,9,"2018-09-22"]
[0,0,9,9,"2018-09-23"]
[0,0,9,9,"2018-09-24"]
[0,0,9,9,"2018-09-25"]
[0,0,9,9,"2018-09-26"]
[0,0,9,9,"2018-09-27"]
[0,0,9,9,"2018-09-28"]
[0,0,9,9,"2018-09-29"]
[0,0,9,9,"2018-09-30"]
[0,0,10,10,"2018-10-01"]
[0,0,10,10,"2018-10-02"]
[0,0,10,10,"2018-10-03"]
[0,0,10,10,"2018-10-04"]
[0,0,10,10,"2018-10-05"]
[0,0,10,10,"2018-10-06"]
[0,0,10,10,"2018-10-07"]
[0,0,10,10,"2018-10-08"]
[0,0,10,10,"2018-10-09"]
[0,0,10,10,"2018-10-10"]
[0,0,10,10,"2018-10-11"]
[0,0,10,10,"2018-10-12"]
[0,0,10,10,"2018-10-13"]
[0,0,10,10,"2018-10-14"]
[0,0,10,10,"2018-10-15"]
[0,0,10,10,"2018-10-16"]
[0,0,10,10,"2018-10-17"]
[0,0,10,10,"2018-10-18"]
[0,0,10,10,"2018-10-19"]
[0,0,10,10,"2018-10-20"]
[0,0,10,10,"2018-10-21"]
[0,0,10,10,"2018-10-22"]
[0,0,10,10,"2018-10-23"]
[0,0,10,10,"2018-10-24"]
[0,0,10,10,"2018-10-25"]
[0,0,10,10,"2018-10-26"]
[0,0,10,10,"2018-10-27"]
[0,0,10,10,"2018-10-28"]
[0,0,10,10,"2018-10-29"]
[0,0,10,10,"2018-10-30"]
[0,0,10,10,"2018-10-31"]
[0,0,11,11,"2018-11-01"]
[0,0,11,11,"2018-11-02"]
[0,0,11,11,"2018-11-03"]
[0,0,11,11,"2018-11-04"]
[0,0,11,11,"2018-11-05"]
[0,0,11,11,"2018-11-06"]
[0,0,11,11,"2018-11-07"]
[0,0,11,11,"2018-11-08"]
[0,0,11,11,"2018-11-09"]
[0,0,11,11,"2018-11-10"]
[0,0,11,11,"2018-11-11"]
[0,0,11,11,"2018-11-12"]
[0,0,11,11,"2018-11-13"]
[0,0,11,11,"2018-11-14"]
[0,0,11,11,"2018-11-15"]
[0,0,11,11,"2018-11-16"]
[0,0,11,11,"2018-11-17"]
[0,{"$f":"IF(MONTH(E327)=2,\"feb\",)","v":0},{"$f":"MONTH(E327)","v":11},11,"2018-11-18"]
[0,0,11,11,"2018-11-19"]
[0,0,11,11,"2018-11-20"]
[0,0,11,11,"2018-11-21"]
[0,0,11,11,"2018-11-22"]
[0,0,11,11,"2018-11-23"]
[0,0,11,11,"2018-11-24"]
[0,0,11,11,"2018-11-25"]
[0,0,11,11,"2018-11-26"]
[0,0,11,11,"2018-11-27"]
[0,0,11,11,"2018-11-28"]
[0,0,11,11,"2018-11-29"]
[0,0,11,11,"2018-11-30"]
[0,0,12,12,"2018-12-01"]
[0,0,12,12,"2018-12-02"]
[0,0,12,12,"2018-12-03"]
[0,0,12,12,"2018-12-04"]
[0,0,12,12,"2018-12-05"]
[0,0,12,12,"2018-12-06"]
[0,0,12,12,"2018-12-07"]
[0,0,12,12,"2018-12-08"]
[0,0,12,12,"2018-12-09"]
[0,0,12,12,"2018-12-10"]
[0,0,12,12,"2018-12-11"]
[0,0,12,12,"2018-12-12"]
[0,0,12,12,"2018-12-13"]
[0,0,12,12,"2018-12-14"]
[0,0,12,12,"2018-12-15"]
[0,0,12,12,"2018-12-16"]
[0,0,12,12,"2018-12-17"]
[0,0,12,12,"2018-12-18"]
[0,0,12,12,"2018-12-19"]
[0,0,12,12,"2018-12-20"]
[0,0,12,12,"2018-12-21"]
[0,0,12,12,"2018-12-22"]
[0,0,12,12,"2018-12-23"]
[0,0,12,12,"2018-12-24"]
[0,0,12,12,"2018-12-25"]
[0,0,12,12,"2018-12-26"]
[0,0,12,12,"2018-12-27"]
[0,0,12,12,"2018-12-28"]
[0,0,12,12,"2018-12-29"]
[0,0,12,12,"2018-12-30"]
[0,0,12,12,"2018-12-31"]
[0,0,{"$f":"IF(J3=1,MONTH(E371),13)","v":13},13,"2019-01-01"]